{"id":7718,"date":"2025-06-06T07:21:04","date_gmt":"2025-06-06T05:21:04","guid":{"rendered":"https:\/\/o-seznam.cz\/reklama\/?page_id=7718"},"modified":"2026-04-20T10:01:41","modified_gmt":"2026-04-20T08:01:41","slug":"sport","status":"publish","type":"page","link":"https:\/\/o-seznam.cz\/reklama\/sport\/","title":{"rendered":"Sport.cz"},"content":{"rendered":"\n<div class=\"wp-block-group alignwide is-layout-constrained wp-block-group-is-layout-constrained\"><div class=\"alignwide alignwide wp-block-seznam-hero\"><div class=\"cover is-hero is-hero-default\" style=\"background-color:#f4f5f7;\"><img decoding=\"async\" width=\"1280\" height=\"512\" src=\"https:\/\/o-seznam.cz\/wp-content\/uploads\/sites\/5\/2026\/02\/reklama-sport-1.png\" class=\"cover__media cover__media--desktop\" alt=\"\" fetchpriority=\"high\" srcset=\"https:\/\/o-seznam.cz\/wp-content\/uploads\/sites\/5\/2026\/02\/reklama-sport-1.png 2000w, https:\/\/o-seznam.cz\/wp-content\/uploads\/sites\/5\/2026\/02\/reklama-sport-1-992x397.png 992w, https:\/\/o-seznam.cz\/wp-content\/uploads\/sites\/5\/2026\/02\/reklama-sport-1-1984x794.png 1984w, https:\/\/o-seznam.cz\/wp-content\/uploads\/sites\/5\/2026\/02\/reklama-sport-1-320x128.png 320w, https:\/\/o-seznam.cz\/wp-content\/uploads\/sites\/5\/2026\/02\/reklama-sport-1-768x307.png 768w, https:\/\/o-seznam.cz\/wp-content\/uploads\/sites\/5\/2026\/02\/reklama-sport-1-1536x614.png 1536w\" sizes=\"(max-width: 1280px) 100vw, 1280px\" \/><div class=\"cover__content is-layout-constrained\">\n\n<div class=\"wp-block-group is-content-justification-left is-layout-constrained wp-container-core-group-is-layout-d86b0445 wp-block-group-is-layout-constrained\">\n<h1 class=\"wp-block-heading has-text-align-left has-neutral-color has-text-color has-link-color wp-elements-1fc533c9b6d8a945c26bcc9bee74928f\">Na Sport.cz oslov\u00edte a\u017e<br>2 milion\u00fd lid\u00ed<\/h1>\n<\/div>\n\n\n\n<div class=\"wp-block-group is-content-justification-left is-layout-constrained wp-container-core-group-is-layout-128e448e wp-block-group-is-layout-constrained\">\n<p class=\"has-neutral-color has-text-color has-link-color wp-elements-e2df9a3bc705dd98895d16e3ddc49a58\">Zask\u00f3rujte na nejobl\u00edben\u011bj\u0161\u00edm \u010desk\u00e9m sportovn\u00edm webu.<\/p>\n\n\n\n<div class=\"wp-block-buttons is-layout-flex wp-block-buttons-is-layout-flex\" style=\"margin-top:var(--wp--preset--spacing--8)\">\n<div class=\"wp-block-button is-style-default\"><a class=\"wp-block-button__link wp-element-button\" href=\"#\">Inzerovat na Sport.cz<\/a><\/div>\n<\/div>\n<\/div>\n\n<\/div><\/div><\/div>\n\n\n<\/div>\n\n\n\n<div class=\"wp-block-group is-layout-constrained wp-block-group-is-layout-constrained\">\n<h2 class=\"wp-block-heading has-text-align-center\">V\u00fdhody inzerce na Sport.cz<\/h2>\n\n\n\n<div class=\"wp-block-columns pattern-columns-2-icons is-layout-flex wp-container-core-columns-is-layout-28f84493 wp-block-columns-is-layout-flex\">\n<div class=\"wp-block-column is-layout-flow wp-container-core-column-is-layout-16b3bfcb wp-block-column-is-layout-flow\"><figure class=\"aligncenter aligncenter wp-block-seznam-icon\"><img loading=\"lazy\" decoding=\"async\" width=\"64\" height=\"64\" src=\"https:\/\/o-seznam.cz\/wp-content\/uploads\/sites\/5\/2024\/08\/seznam-cileni.svg\" class=\"attachment-full size-full\" alt=\"\" \/><\/figure>\n\n\n\n<p class=\"has-text-align-center is-style-wrap-balance\"><strong>\u010cten\u00e1\u0159sk\u00e1 z\u00e1kladna tvo\u0159en\u00e1 fanou\u0161ky sportu<\/strong><\/p>\n\n\n\n<p class=\"has-text-align-center is-style-wrap-balance\">Lid\u00e9 se z\u00e1jmem o sport v\u00edce investuj\u00ed do sportovn\u00edho vybaven\u00ed, zdrav\u00ed i volno\u010dasov\u00fdch aktivit. P\u0159izp\u016fsobte tomu svou reklamu.<\/p>\n<\/div>\n\n\n\n<div class=\"wp-block-column is-layout-flow wp-container-core-column-is-layout-16b3bfcb wp-block-column-is-layout-flow\"><figure class=\"aligncenter aligncenter wp-block-seznam-icon\"><img loading=\"lazy\" decoding=\"async\" width=\"64\" height=\"64\" src=\"https:\/\/o-seznam.cz\/wp-content\/uploads\/sites\/5\/2025\/04\/ikonka-sklik-reklamy-pod-kontrolou.svg\" class=\"attachment-full size-full\" alt=\"\" \/><\/figure>\n\n\n\n<p class=\"has-text-align-center is-style-wrap-balance\"><strong>Vysok\u00fd dosah a frekvence zobrazen\u00ed<\/strong><\/p>\n\n\n\n<p class=\"has-text-align-center is-style-wrap-balance\">S miliony unik\u00e1tn\u00edch n\u00e1v\u0161t\u011bvn\u00edk\u016f m\u011bs\u00ed\u010dn\u011b, kte\u0159\u00ed se pravideln\u011b vrac\u00ed, v\u00e1m Sport.cz zajist\u00ed stabiln\u00ed z\u00e1sah va\u0161\u00ed c\u00edlov\u00e9 skupiny.<\/p>\n<\/div>\n\n\n\n<div class=\"wp-block-column is-layout-flow wp-container-core-column-is-layout-16b3bfcb wp-block-column-is-layout-flow\"><figure class=\"aligncenter aligncenter wp-block-seznam-icon\"><img loading=\"lazy\" decoding=\"async\" width=\"64\" height=\"64\" src=\"https:\/\/o-seznam.cz\/wp-content\/uploads\/sites\/5\/2024\/08\/seznam-volba-formatu.svg\" class=\"attachment-full size-full\" alt=\"\" \/><\/figure>\n\n\n\n<p class=\"has-text-align-center is-style-wrap-balance\"><strong>Nativn\u00ed a vizu\u00e1ln\u011b atraktivn\u00ed reklama<\/strong><\/p>\n\n\n\n<p class=\"has-text-align-center is-style-wrap-balance\">D\u00edky reklamn\u00edm form\u00e1t\u016fm jako Mobiln\u00ed Flip nebo Carousel m\u016f\u017eete produkty a slu\u017eby prezentovat efektivn\u011b i kreativn\u011b.<\/p>\n<\/div>\n<\/div>\n<\/div>\n\n\n\n<div class=\"wp-block-group is-layout-constrained wp-block-group-is-layout-constrained\">\n<h2 class=\"wp-block-heading\">Reklamn\u00ed form\u00e1ty, na kter\u00fdch budete vid\u011bt<\/h2>\n\n\n\n<div class=\"wp-block-group is-content-justification-left is-layout-constrained wp-container-core-group-is-layout-8a34ab60 wp-block-group-is-layout-constrained\">\n<p>Vyberte si ze \u0161irok\u00e9 nab\u00eddky reklamn\u00edch form\u00e1t\u016f na Sport.cz \u2013 od klasick\u00fdch banner\u016f a\u017e po videoreklamu a interaktivn\u00ed form\u00e1ty. Pom\u016f\u017eeme v\u00e1m b\u00fdt na o\u010d\u00edch sportovn\u00edch fanou\u0161k\u016f d\u00edky reklam\u011b navr\u017een\u00e9 tak, aby zabodovala u spr\u00e1vn\u00e9 c\u00edlov\u00e9 skupiny.<\/p>\n<\/div>\n\n\n<div class=\"carousel is-loading has-dots is-style-side-buttons is-rounded wp-block-seznam-carousel\">\n\t<div class=\"carousel__inner\">\t\n\t\t<div class=\"inner-blocks carousel__body\">\n\n\n<div class=\"adformat is-style-box\">\n\t\n\t<div class=\"adformat__media\">\n\t\t<div class=\"adformat__media-inner\">\n\t\t\t<video src=\"https:\/\/o-seznam.cz\/reklama\/wp-content\/uploads\/sites\/5\/2025\/08\/reklama-sport-mobilni-carousel.mp4\" autoplay muted loop><\/video>\t\t<\/div>\n\t<\/div>\n\n\t<div class=\"adformat__content\">\n\t\t<h4 class=\"text-center sm:text-left\">Mobiln\u00ed Carousel<\/h4>\n\t\t<div class=\"mt-f2\">\n\t\t\tMobiln\u00ed Carousel je interaktivn\u00ed reklamn\u00ed form\u00e1t, kter\u00fd umo\u017e\u0148uje zobrazit v\u00edce produkt\u016f v jednom prostoru. U\u017eivatel\u00e9 mohou mezi obr\u00e1zky p\u0159ech\u00e1zet posouv\u00e1n\u00edm, co\u017e zvy\u0161uje zapojen\u00ed a prodlu\u017euje dobu interakce s va\u0161\u00ed zna\u010dkou.\t\t<\/div>\n\n\t\n\t<\/div>\n\n<\/div>\n\n\n\n\n\n\n<div class=\"adformat is-style-box\">\n\t\n\t<div class=\"adformat__media\">\n\t\t<div class=\"adformat__media-inner\">\n\t\t\t<img loading=\"lazy\" decoding=\"async\" width=\"492\" height=\"277\" src=\"https:\/\/o-seznam.cz\/wp-content\/uploads\/sites\/5\/2025\/09\/reklma-sport-branding-video-492x277.png\" class=\"attachment-ipq-492x277-true size-ipq-492x277-true\" alt=\"\" srcset=\"https:\/\/o-seznam.cz\/wp-content\/uploads\/sites\/5\/2025\/09\/reklma-sport-branding-video-492x277.png 492w, https:\/\/o-seznam.cz\/wp-content\/uploads\/sites\/5\/2025\/09\/reklma-sport-branding-video-320x180.png 320w, https:\/\/o-seznam.cz\/wp-content\/uploads\/sites\/5\/2025\/09\/reklma-sport-branding-video-768x432.png 768w, https:\/\/o-seznam.cz\/wp-content\/uploads\/sites\/5\/2025\/09\/reklma-sport-branding-video.png 800w\" sizes=\"auto, (max-width: 492px) 100vw, 492px\" \/>\t\t<\/div>\n\t<\/div>\n\n\t<div class=\"adformat__content\">\n\t\t<h4 class=\"text-center sm:text-left\">Branding + Video panel<\/h4>\n\t\t<div class=\"mt-f2\">\n\t\t\tBranding je reklama na pozad\u00ed str\u00e1nky, kter\u00e1 z\u016fst\u00e1v\u00e1 viditeln\u00e1, i kdy\u017e u\u017eivatel str\u00e1nku posouv\u00e1. Sou\u010d\u00e1st\u00ed je i Video panel vlevo vedle obsahu, kde se video automaticky p\u0159ehr\u00e1v\u00e1 potichu a p\u0159i najet\u00ed my\u0161\u00ed se zv\u011bt\u0161\u00ed.\t\t<\/div>\n\n\t\n\t<\/div>\n\n<\/div>\n\n\n\n\n\n\n<div class=\"adformat is-style-box\">\n\t\n\t<div class=\"adformat__media\">\n\t\t<div class=\"adformat__media-inner\">\n\t\t\t<video src=\"https:\/\/o-seznam.cz\/reklama\/wp-content\/uploads\/sites\/5\/2025\/11\/reklama-sport-videotakeover.mp4\" autoplay muted loop><\/video>\t\t<\/div>\n\t<\/div>\n\n\t<div class=\"adformat__content\">\n\t\t<h4 class=\"text-center sm:text-left\">Video Takeover<\/h4>\n\t\t<div class=\"mt-f2\">\n\t\t\tVideo Takeover nab\u00edz\u00ed celoplo\u0161n\u00e9 p\u0159ehr\u00e1v\u00e1n\u00ed videa, kter\u00e9 p\u0159ekryje ve\u0161ker\u00fd obsah str\u00e1nky, co\u017e zaru\u010duje plnou pozornost u\u017eivatel\u016f. Tento form\u00e1t je navr\u017een pro maxim\u00e1ln\u00ed dopad a je ide\u00e1ln\u00ed pro kampan\u011b s d\u016frazem na siln\u00e9 vizu\u00e1ln\u00ed sd\u011blen\u00ed.\t\t<\/div>\n\n\t\n\t<\/div>\n\n<\/div>\n\n\n\n<\/div>\t<\/div>\n<\/div>\n\n\n\n\n<p class=\"is-style-link-external\"><a href=\"https:\/\/seznam.prehledreklam.cz\/cs\/primy-nakup\/#W3sibiI6InNlcnZlciIsInYiOls1Nl19XQ==\" data-type=\"link\" data-id=\"https:\/\/seznam.prehledreklam.cz\/cs\/primy-nakup\/#W3sibiI6InNlcnZlciIsInYiOls1Nl19XQ==\">Proj\u00edt v\u0161echny form\u00e1ty<\/a><\/p>\n<\/div>\n\n\n\n<div class=\"wp-block-group is-layout-constrained wp-block-group-is-layout-constrained\"><div class=\"mediaText is-position-left is-orientation-landscape is-style-default\">\n\t\n\t<div class=\"mediaText__media\">\n\t\t<img loading=\"lazy\" decoding=\"async\" width=\"1845\" height=\"1236\" src=\"https:\/\/o-seznam.cz\/wp-content\/uploads\/sites\/5\/2026\/02\/reklama-sociodemografie-1.jpg\" class=\"\" alt=\"\" srcset=\"https:\/\/o-seznam.cz\/wp-content\/uploads\/sites\/5\/2026\/02\/reklama-sociodemografie-1.jpg 1845w, https:\/\/o-seznam.cz\/wp-content\/uploads\/sites\/5\/2026\/02\/reklama-sociodemografie-1-992x665.jpg 992w, https:\/\/o-seznam.cz\/wp-content\/uploads\/sites\/5\/2026\/02\/reklama-sociodemografie-1-320x214.jpg 320w, https:\/\/o-seznam.cz\/wp-content\/uploads\/sites\/5\/2026\/02\/reklama-sociodemografie-1-768x514.jpg 768w, https:\/\/o-seznam.cz\/wp-content\/uploads\/sites\/5\/2026\/02\/reklama-sociodemografie-1-1536x1029.jpg 1536w\" sizes=\"auto, (max-width: 1845px) 100vw, 1845px\" \/>\t<\/div>\n\n\t<div class=\"mediaText__content is-layout-flow\">\n\n<div class=\"wp-block-group is-layout-constrained wp-container-core-group-is-layout-beff7c7e wp-block-group-is-layout-constrained\">\n<h2 class=\"wp-block-heading\"><strong>P\u0159\u00edle\u017eitost oslovit p\u00e1nsk\u00e9 publikum<\/strong><\/h2>\n\n\n\n<p class=\"is-style-wrap-balance\">T\u00e9m\u011b\u0159 60 % \u010dten\u00e1\u0159\u016f jsou mu\u017ei. Jejich v\u011bk se nej\u010dast\u011bji pohybuje mezi 30 a 59 lety, jde tedy aktivn\u00ed publikum v produktivn\u00edm v\u011bku.<\/p>\n<\/div>\n\n\n\n<p class=\"is-style-next\"><a href=\"https:\/\/o-seznam.cz\/reklama\/sport\/navstevnost-a-sociodemografie\/\">Chci zn\u00e1t publikum<\/a><\/p>\n\n<\/div>\t\n<\/div>\n<\/div>\n\n\n\n<div class=\"wp-block-group is-layout-constrained wp-block-group-is-layout-constrained\">\n<h2 class=\"wp-block-heading\">Trefte reklamu do spr\u00e1vn\u00e9ho c\u00edle<\/h2>\n\n\n\n<div class=\"wp-block-group is-content-justification-left is-layout-constrained wp-container-core-group-is-layout-8a34ab60 wp-block-group-is-layout-constrained\">\n<p>Va\u0161i reklamu dostaneme tam, kde m\u00e1 nejv\u011bt\u0161\u00ed \u0161anci usp\u011bt. Ke sportovn\u00edmu obsahu, ke spr\u00e1vn\u00fdm lidem v konkr\u00e9tn\u00edm regionu i k publiku podle v\u011bku a z\u00e1jm\u016f. D\u00edky promy\u0161len\u00e9mu zac\u00edlen\u00ed oslov\u00edte fanou\u0161ky, kter\u00e9 va\u0161e nab\u00eddka skute\u010dn\u011b zaj\u00edm\u00e1, a dos\u00e1hnete lep\u0161\u00edch v\u00fdsledk\u016f.<\/p>\n<\/div>\n\n\n\n<div class=\"wp-block-group is-layout-constrained wp-block-group-is-layout-constrained\">\n<div class=\"accordion\">\n\t<div class=\"accordion__items\">\n<details class=\"expander is-style-default is-style-symbol is-style-symbol-icon\">\n\t<summary data-datalayer-name=\"expander_targeting_9970\" data-datalayer-text=\"Behavior\u00e1ln\u00ed c\u00edlen\u00ed\">\n\t\t\t\t\t<span><img loading=\"lazy\" decoding=\"async\" width=\"32\" height=\"32\" src=\"https:\/\/o-seznam.cz\/wp-content\/uploads\/sites\/5\/2025\/03\/ikonka-cileni-na-zajmy.svg\" class=\"attachment-full size-full\" alt=\"\" \/><\/span>\n\t\t\t\t<strong>Behavior\u00e1ln\u00ed c\u00edlen\u00ed<\/strong>\n\t\t\t<\/summary>\n\t<div class=\"inner-blocks\">\n<p>Oslovte lidi podle jejich z\u00e1jm\u016f, n\u00e1kupn\u00edho chov\u00e1n\u00ed a typu za\u0159\u00edzen\u00ed.<\/p>\n<\/div><\/details>\n\n<details class=\"expander is-style-default is-style-symbol is-style-symbol-icon\">\n\t<summary data-datalayer-name=\"expander_targeting_9993\" data-datalayer-text=\"Kontextov\u00e9 c\u00edlen\u00ed\">\n\t\t\t\t\t<span><img loading=\"lazy\" decoding=\"async\" width=\"32\" height=\"32\" src=\"https:\/\/o-seznam.cz\/wp-content\/uploads\/sites\/5\/2025\/03\/ikonka-kontextove-cileni.svg\" class=\"attachment-full size-full\" alt=\"\" \/><\/span>\n\t\t\t\t<strong>Kontextov\u00e9 c\u00edlen\u00ed<\/strong>\n\t\t\t<\/summary>\n\t<div class=\"inner-blocks\">\n<p>Reklamu um\u00edst\u00edme k \u010dl\u00e1nk\u016fm, kter\u00e9 p\u0159\u00edmo souvis\u00ed s va\u0161\u00edm oborem.<\/p>\n<\/div><\/details>\n\n<details class=\"expander is-style-default is-style-symbol is-style-symbol-icon\">\n\t<summary data-datalayer-name=\"expander_targeting_9996\" data-datalayer-text=\"Geografick\u00e9 c\u00edlen\u00ed\">\n\t\t\t\t\t<span><img loading=\"lazy\" decoding=\"async\" width=\"32\" height=\"32\" src=\"https:\/\/o-seznam.cz\/wp-content\/uploads\/sites\/5\/2025\/04\/ikonka-sklik-regionalni-cileni.svg\" class=\"attachment-full size-full\" alt=\"\" \/><\/span>\n\t\t\t\t<strong>Geografick\u00e9 c\u00edlen\u00ed<\/strong>\n\t\t\t<\/summary>\n\t<div class=\"inner-blocks\">\n<p>Pokud podnik\u00e1te lok\u00e1ln\u011b, m\u016f\u017ee pomoct c\u00edlen\u00ed na konkr\u00e9tn\u00ed region.<\/p>\n<\/div><\/details>\n\n<details class=\"expander is-style-default is-style-symbol is-style-symbol-icon\">\n\t<summary data-datalayer-name=\"expander_targeting_9998\" data-datalayer-text=\"Demografick\u00e9 c\u00edlen\u00ed\">\n\t\t\t\t\t<span><img loading=\"lazy\" decoding=\"async\" width=\"32\" height=\"32\" src=\"https:\/\/o-seznam.cz\/wp-content\/uploads\/sites\/5\/2025\/03\/ikonka-sociodemograficke-cileni.svg\" class=\"attachment-full size-full\" alt=\"\" \/><\/span>\n\t\t\t\t<strong>Demografick\u00e9 c\u00edlen\u00ed<\/strong>\n\t\t\t<\/summary>\n\t<div class=\"inner-blocks\">\n<p>Vyberte si v\u011bk a pohlav\u00ed, kde bude nejv\u00edce va\u0161ich potenci\u00e1ln\u00edch z\u00e1kazn\u00edk\u016f.<\/p>\n<\/div><\/details>\n<\/div><\/div>\n\n<\/div>\n<\/div>\n\n\n\n\n\n<div class=\"wp-block-group is-layout-constrained wp-block-group-is-layout-constrained\">\n<h2 class=\"wp-block-heading\">Odpov\u011bdi na \u010dast\u00e9 ot\u00e1zky<\/h2>\n\n\n\n<div class=\"accordion\">\n\t<div class=\"accordion__items\">\n\n<details class=\"expander is-style-default\">\n\t<summary data-datalayer-name=\"\" data-datalayer-text=\"Jak zjist\u00edm, jestli se propagace na Sport.cz pro mou firmu hod\u00ed?\">\n\t\t\t\t<strong>Jak zjist\u00edm, jestli se propagace na Sport.cz pro mou firmu hod\u00ed?<\/strong>\n\t\t\t<\/summary>\n\t<div class=\"inner-blocks\">\n\n<p>Propagace na Sport.cz oslov\u00ed sportovn\u00ed nad\u0161ence a z\u00e1kazn\u00edky s aktivn\u00edm \u017eivotn\u00edm stylem a z\u00e1jmem o zdrav\u00ed i pr\u00e9miov\u00e9 produkty. D\u00edky vysok\u00e9 n\u00e1v\u0161t\u011bvnosti, loaj\u00e1ln\u00edm u\u017eivatel\u016fm a modern\u00edm form\u00e1t\u016fm p\u0159in\u00e1\u0161\u00ed skv\u011blou n\u00e1vratnost va\u0161ich investic.<\/p>\n\n<\/div><\/details>\n\n\n\n<details class=\"expander is-style-default\">\n\t<summary data-datalayer-name=\"\" data-datalayer-text=\"Je inzerce na Sport.cz vhodn\u00e1 pouze pro velk\u00e9 firmy?\">\n\t\t\t\t<strong>Je inzerce na Sport.cz vhodn\u00e1 pouze pro velk\u00e9 firmy?<\/strong>\n\t\t\t<\/summary>\n\t<div class=\"inner-blocks\">\n\n<p>D\u00edky \u0161irok\u00e9 \u0161k\u00e1le form\u00e1t\u016f a mo\u017enostem c\u00edlen\u00ed je vhodn\u00e1 pro v\u0161echny \u2013 tedy i pro men\u0161\u00ed a st\u0159edn\u00ed inzerenty. Va\u0161e firma m\u016f\u017ee oslovit p\u0159esn\u011b definovanou c\u00edlovou skupinu lid\u00ed, kte\u0159\u00ed maj\u00ed r\u00e1di sport a \u017eij\u00ed aktivn\u011b. Web umo\u017e\u0148uje p\u0159izp\u016fsobit reklamn\u00ed kampan\u011b pot\u0159eb\u00e1m a c\u00edl\u016fm inzerenta, tak\u017ee m\u016f\u017ee b\u00fdt stejn\u011b p\u0159\u00ednosn\u00e1 pro lok\u00e1ln\u00ed zna\u010dky i pro velk\u00e9 hr\u00e1\u010de.<\/p>\n\n<\/div><\/details>\n\n\n\n<details class=\"expander is-style-default\">\n\t<summary data-datalayer-name=\"\" data-datalayer-text=\"Jak dlouho trv\u00e1 vytvo\u0159en\u00ed a spu\u0161t\u011bn\u00ed kampan\u011b?\">\n\t\t\t\t<strong>Jak dlouho trv\u00e1 vytvo\u0159en\u00ed a spu\u0161t\u011bn\u00ed kampan\u011b?<\/strong>\n\t\t\t<\/summary>\n\t<div class=\"inner-blocks\">\n\n<p>Doba pot\u0159ebn\u00e1 k p\u0159\u00edprav\u011b a spu\u0161t\u011bn\u00ed kampan\u011b se obvykle pohybuje v \u0159\u00e1du dn\u016f.<\/p>\n\n<\/div><\/details>\n\n\n\n<details class=\"expander is-style-default\">\n\t<summary data-datalayer-name=\"\" data-datalayer-text=\"Jak mohu sledovat v\u00fdkonnost sv\u00e9 kampan\u011b?\">\n\t\t\t\t<strong>Jak mohu sledovat v\u00fdkonnost sv\u00e9 kampan\u011b?<\/strong>\n\t\t\t<\/summary>\n\t<div class=\"inner-blocks\">\n\n<p>Chceme, abyste sv\u00e1 data m\u011bli pod kontrolou. V na\u0161em p\u0159ehledu proto v\u017edy najdete reporty o v\u00fdkonnosti kampan\u011b s kl\u00ed\u010dov\u00fdmi metrikami, jako jsou zobrazen\u00ed, prokliky, p\u0159\u00edpadn\u011b dal\u0161\u00ed statistiky v z\u00e1vislosti na konkr\u00e9tn\u00edch form\u00e1tech.<\/p>\n\n<\/div><\/details>\n\n<\/div><\/div>\n\n<\/div>\n\n\n\n<div class=\"wp-block-group is-layout-constrained wp-block-group-is-layout-constrained\">\n<div class=\"wp-block-seznam-box is-layout-flow wp-block-seznam-box-is-layout-flow\">\n<div class=\"wp-block-group is-content-justification-center is-nowrap is-layout-flex wp-container-core-group-is-layout-23441af8 wp-block-group-is-layout-flex\">\n<p>R\u00e1di v\u00e1m pom\u016f\u017eeme naj\u00edt reklamu, kter\u00e1 funguje.<\/p>\n\n\n\n<div class=\"wp-block-buttons is-content-justification-right is-layout-flex wp-container-core-buttons-is-layout-d445cf74 wp-block-buttons-is-layout-flex\">\n<div class=\"wp-block-button\"><a class=\"wp-block-button__link wp-element-button\" href=\"#\">Pot\u0159ebuji poradit<\/a><\/div>\n<\/div>\n<\/div>\n<\/div>\n<\/div>\n\n\n\n<div class=\"wp-block-group is-layout-constrained wp-block-group-is-layout-constrained\"><div class=\"wp-block-seznam-cover\"><div class=\"cover is-content is-align-y-center\" style=\"background-color:#000000;\"><div class=\"cover__content is-layout-constrained\">\n\n<div class=\"wp-block-group is-content-justification-left is-layout-constrained wp-container-core-group-is-layout-9c6c10db wp-block-group-is-layout-constrained\">\n<h2 class=\"wp-block-heading has-text-align-left\">Seznam na\u0161ich slu\u017eeb<\/h2>\n\n\n\n<p>Pod\u00edvejte se, na jak\u00fdch webech m\u016f\u017eete b\u00fdt d\u00edky Seznamu vid\u011bt.<\/p>\n\n\n\n<div class=\"wp-block-buttons is-layout-flex wp-block-buttons-is-layout-flex\" style=\"margin-top:var(--wp--preset--spacing--8)\">\n<div class=\"wp-block-button is-style-secondary-2\"><a class=\"wp-block-button__link wp-element-button\" href=\"https:\/\/o-seznam.cz\/reklama\/nase-sluzby\/\">Uk\u00e1zat slu\u017eby<\/a><\/div>\n<\/div>\n<\/div>\n\n<\/div><\/div><\/div>\n\n\n<\/div>\n","protected":false},"excerpt":{"rendered":"<p>Na Sport.cz oslov\u00edte a\u017e<br \/>\n2 milion\u00fd lid\u00ed<\/p>\n","protected":false},"author":2,"featured_media":10382,"parent":0,"menu_order":0,"comment_status":"closed","ping_status":"closed","template":"page-no-head","meta":{"_acf_changed":false,"_relevanssi_hide_post":"","_relevanssi_hide_content":"","_relevanssi_pin_for_all":"","_relevanssi_pin_keywords":"","_relevanssi_unpin_keywords":"","_relevanssi_related_keywords":"","_relevanssi_related_include_ids":"","_relevanssi_related_exclude_ids":"","_relevanssi_related_no_append":"","_relevanssi_related_not_related":"","_relevanssi_related_posts":"","_relevanssi_noindex_reason":"SEO Framework Relevanssi index exclude","footnotes":""},"page_category":[86,98,84],"page_tag":[],"class_list":["post-7718","page","type-page","status-publish","has-post-thumbnail","hentry"],"acf":[],"lang":"cs","translations":{"cs":7718},"pll_sync_post":[],"_links":{"self":[{"href":"https:\/\/o-seznam.cz\/reklama\/wp-json\/wp\/v2\/pages\/7718","targetHints":{"allow":["GET"]}}],"collection":[{"href":"https:\/\/o-seznam.cz\/reklama\/wp-json\/wp\/v2\/pages"}],"about":[{"href":"https:\/\/o-seznam.cz\/reklama\/wp-json\/wp\/v2\/types\/page"}],"author":[{"embeddable":true,"href":"https:\/\/o-seznam.cz\/reklama\/wp-json\/wp\/v2\/users\/2"}],"replies":[{"embeddable":true,"href":"https:\/\/o-seznam.cz\/reklama\/wp-json\/wp\/v2\/comments?post=7718"}],"version-history":[{"count":38,"href":"https:\/\/o-seznam.cz\/reklama\/wp-json\/wp\/v2\/pages\/7718\/revisions"}],"predecessor-version":[{"id":12455,"href":"https:\/\/o-seznam.cz\/reklama\/wp-json\/wp\/v2\/pages\/7718\/revisions\/12455"}],"wp:featuredmedia":[{"embeddable":true,"href":"https:\/\/o-seznam.cz\/reklama\/wp-json\/wp\/v2\/media\/10382"}],"wp:attachment":[{"href":"https:\/\/o-seznam.cz\/reklama\/wp-json\/wp\/v2\/media?parent=7718"}],"wp:term":[{"taxonomy":"page_category","embeddable":true,"href":"https:\/\/o-seznam.cz\/reklama\/wp-json\/wp\/v2\/page_category?post=7718"},{"taxonomy":"page_tag","embeddable":true,"href":"https:\/\/o-seznam.cz\/reklama\/wp-json\/wp\/v2\/page_tag?post=7718"}],"curies":[{"name":"wp","href":"https:\/\/api.w.org\/{rel}","templated":true}]}}