
{"id":76,"date":"2024-02-14T09:16:47","date_gmt":"2024-02-14T08:16:47","guid":{"rendered":"https:\/\/o-seznam.cz\/pravni-informace\/?page_id=76"},"modified":"2024-05-02T09:25:13","modified_gmt":"2024-05-02T07:25:13","slug":"prohlizec","status":"publish","type":"page","link":"https:\/\/o-seznam.cz\/pravni-informace\/ochrana-udaju\/seznam-cz\/prohlizec\/","title":{"rendered":"Prohl\u00ed\u017ee\u010d Seznam.cz"},"content":{"rendered":"\n<div class=\"wp-block-group is-layout-constrained wp-block-group-is-layout-constrained\"><nav class=\"menu-anchors\">\n<ul>\n\t<li><a href=\"#zakladni-rezim\">Z\u00e1kladn\u00ed re\u017eim Prohl\u00ed\u017ee\u010de<\/a><\/li>\n<li><a href=\"#informace\">Jak Seznam Prohl\u00ed\u017ee\u010d zach\u00e1z\u00ed s va\u0161imi informacemi<\/a><\/li>\n<li><a href=\"#rezim-s-prihlasenim\">Re\u017eim Prohl\u00ed\u017ee\u010de s p\u0159ihl\u00e1\u0161en\u00edm<\/a><\/li>\n<li><a href=\"#anonymni-rezim\">Anonymn\u00ed re\u017eim Prohl\u00ed\u017ee\u010de<\/a><\/li>\n<li><a href=\"#postupy-bezpecneho-prohlizeni\">Postupy Bezpe\u010dn\u00e9ho prohl\u00ed\u017een\u00ed<\/a><\/li>\n<\/ul>\n\n<\/nav>\n<\/div>\n\n\n\n<div class=\"wp-block-group is-layout-constrained wp-block-group-is-layout-constrained\">\n<p>Chcete-li pou\u017e\u00edvat Seznam Prohl\u00ed\u017ee\u010d, nemus\u00edte poskytovat \u017e\u00e1dn\u00e9 osobn\u00ed \u00fadaje. Prohl\u00ed\u017ee\u010d ale podporuje r\u016fzn\u00e9 re\u017eimy, kter\u00e9 umo\u017e\u0148uj\u00ed zm\u011bnit nebo vylep\u0161it proch\u00e1zen\u00ed. M\u00edra ochrany soukrom\u00ed se li\u0161\u00ed v z\u00e1vislosti na pou\u017eit\u00e9m re\u017eimu Prohl\u00ed\u017ee\u010de.<\/p>\n<\/div>\n\n\n\n<div class=\"wp-block-group is-layout-constrained wp-block-group-is-layout-constrained\">\n<h2 class=\"wp-block-heading\" id=\"zakladni-rezim\">Z\u00e1kladn\u00ed re\u017eim Prohl\u00ed\u017ee\u010de<\/h2>\n\n\n\n<p>V tomto re\u017eimu se informace ukl\u00e1daj\u00ed m\u00edstn\u011b ve va\u0161em syst\u00e9mu, neodes\u00edlaj\u00ed se na na\u0161e servery a nem\u00e1me k nim p\u0159\u00edstup.<\/p>\n\n\n\n<h3 class=\"wp-block-heading\">M\u016f\u017ee se jednat o n\u00e1sleduj\u00edc\u00ed \u00fadaje<\/h3>\n\n\n\n<ul class=\"wp-block-list\">\n<li>Informace o historii prohl\u00ed\u017een\u00ed. Prohl\u00ed\u017ee\u010d ukl\u00e1d\u00e1 nap\u0159\u00edklad adresy nav\u0161t\u00edven\u00fdch str\u00e1nek, soubor mezipam\u011bti s textem, obr\u00e1zky a dal\u0161\u00edmi zdroji z nich<\/li>\n\n\n\n<li>Seznam opr\u00e1vn\u011bn\u00ed, kter\u00e1 jste ud\u011blili webov\u00fdm str\u00e1nk\u00e1m<\/li>\n\n\n\n<li>Miniatury sn\u00edmk\u016f obrazovek str\u00e1nek, kter\u00e9 nej\u010dast\u011bji nav\u0161t\u011bvujete<\/li>\n\n\n\n<li>Soubory cookies nebo data z web\u016f, kter\u00e9 nav\u0161t\u011bvujete<\/li>\n\n\n\n<li>Z\u00e1znamy o tom, co jste z web\u016f stahovali<\/li>\n\n\n\n<li>Osobn\u00ed \u00fadaje a hesla, kter\u00e1 v\u00e1m pomohou vypl\u0148ovat formul\u00e1\u0159e a p\u0159ihla\u0161ovat se na nav\u0161t\u00edven\u00fdch str\u00e1nk\u00e1ch<\/li>\n\n\n\n<li>Informace o poloze, v p\u0159\u00edpad\u011b mobiln\u00ed verze Prohl\u00ed\u017ee\u010de tak\u00e9 informace o poloze z\u00edskan\u00e9 na pozad\u00ed (v\u00edce v sekci Polohov\u00e9 slu\u017eby n\u00ed\u017ee)<\/li>\n\n\n\n<li>Informace o n\u00e1zvu WiFi nebo IP adrese, a to po dobu maxim\u00e1ln\u011b 5 dn\u00ed<\/li>\n<\/ul>\n\n\n\n<p>V z\u00e1kladn\u00edm re\u017eimu se odes\u00edlaj\u00ed do spole\u010dnosti Seznam.cz informace o nav\u0161t\u00edven\u00fdch str\u00e1nk\u00e1ch v p\u0159\u00edpad\u011b, \u017ee vyu\u017e\u00edv\u00e1te funkce, kter\u00e9 vy\u017eaduj\u00ed diagnostiku URL (p\u0159eklada\u010d, data diagnostiky). Tyto informace se neukl\u00e1daj\u00ed ve va\u0161em syst\u00e9mu. Funkce, kter\u00e9 vy\u017eaduj\u00ed diagnostiku URL, m\u016f\u017eete vypnout v nastaven\u00ed Prohl\u00ed\u017ee\u010de.<\/p>\n\n\n\n<h3 class=\"wp-block-heading\">Tyto informace m\u016f\u017eete spravovat n\u011bkolika zp\u016fsoby<\/h3>\n\n\n\n<ul class=\"wp-block-list\">\n<li>M\u016f\u017eete smazat informace v historii prohl\u00ed\u017een\u00ed pomoc\u00ed kliknut\u00ed na ikonu popelnice v historii prohl\u00ed\u017een\u00ed. Ta je v\u00e1m dostupn\u00e1 v\u00a0menu Prohl\u00ed\u017ee\u010de<\/li>\n\n\n\n<li>Sv\u00e9 soubory cookies a data web\u016f m\u016f\u017eete vymazat v nastaven\u00ed Prohl\u00ed\u017ee\u010de dostupn\u00e9 z menu Prohl\u00ed\u017ee\u010de<\/li>\n\n\n\n<li>V nastaven\u00ed m\u016f\u017eete vypnout funkce, kter\u00e9 vy\u017eaduj\u00ed diagnostiku URL adresy<\/li>\n<\/ul>\n\n\n\n<p>Osobn\u00ed \u00fadaje, kter\u00e9 Seznam Prohl\u00ed\u017ee\u010d ukl\u00e1d\u00e1, nejsou odes\u00edlan\u00e9 do Seznamu. Ode\u0161lou se pouze v p\u0159\u00edpad\u011b, \u017ee se p\u0159ihl\u00e1s\u00edte do Seznam Prohl\u00ed\u017ee\u010de.<\/p>\n<\/div>\n\n\n\n<div class=\"wp-block-group is-layout-constrained wp-block-group-is-layout-constrained\">\n<h2 class=\"wp-block-heading\" id=\"informace\">Jak Seznam Prohl\u00ed\u017ee\u010d zach\u00e1z\u00ed s va\u0161imi informacemi<\/h2>\n\n\n\n<h3 class=\"wp-block-heading\">Informace pro provozovatele webov\u00fdch str\u00e1nek<\/h3>\n\n\n\n<p>Weby, kter\u00e9 v Prohl\u00ed\u017ee\u010di nav\u0161t\u00edv\u00edte, automaticky obdr\u017e\u00ed standardn\u00ed informace protokolu, v\u010detn\u011b IP adresy va\u0161eho syst\u00e9mu a dat ze soubor\u016f cookies nebo podobn\u00fdch technologi\u00ed.<\/p>\n\n\n\n<div class=\"wp-block-group is-layout-constrained wp-block-group-is-layout-constrained\">\n<h3 class=\"wp-block-heading\">Polohov\u00e9 slu\u017eby<\/h3>\n\n\n\n<p>Pro spr\u00e1vn\u00e9 fungov\u00e1n\u00ed n\u011bkter\u00fdch funkc\u00ed m\u016f\u017ee Prohl\u00ed\u017ee\u010d vy\u017eadovat p\u0159\u00edstup k va\u0161\u00ed poloze, v p\u0159\u00edpad\u011b mobiln\u00ed aplikace pro Android tak\u00e9 p\u0159\u00edstup k va\u0161\u00ed poloze na pozad\u00ed.<\/p>\n<\/div>\n\n\n\n<div class=\"accordion\">\n\t<div class=\"accordion__items\">\n\n<details class=\"expander is-style-box\">\n\t<summary data-datalayer-name=\"\" data-datalayer-text=\"P\u0159\u00edstup k poloze\">\n\t\t\t\t<strong>P\u0159\u00edstup k poloze<\/strong>\n\t\t\t<\/summary>\n\t<div class=\"inner-blocks\">\n\n<p>Za \u00fa\u010delem z\u00edsk\u00e1n\u00ed geograficky relevantn\u00edch informac\u00ed v\u00e1s Prohl\u00ed\u017ee\u010d b\u011bhem pou\u017e\u00edv\u00e1n\u00ed m\u016f\u017ee po\u017e\u00e1dat o p\u0159\u00edstup k va\u0161\u00ed poloze, kterou m\u016f\u017ee nad\u00e1le sd\u00edlet s t\u011bmi webov\u00fdmi str\u00e1nkami, kter\u00fdm z\u00edsk\u00e1n\u00ed va\u0161\u00ed polohy povol\u00edte. Na toto povolen\u00ed se v\u00e1s Prohl\u00ed\u017ee\u010d zept\u00e1 pro ka\u017edou webovou str\u00e1nku zvl\u00e1\u0161\u0165, svou polohu tedy m\u016f\u017eete sd\u00edlet jen s ur\u010dit\u00fdmi webov\u00fdmi str\u00e1nkami. Opr\u00e1vn\u011bn\u00ed pro z\u00edsk\u00e1n\u00ed polohy m\u016f\u017eete a nemus\u00edte aplikaci ud\u011blit, p\u0159\u00edpadn\u011b ho m\u016f\u017eete kdykoliv v nastaven\u00ed syst\u00e9mu odvolat. Bez va\u0161eho souhlasu nebude va\u0161e poloha sd\u00edlen\u00e1 s \u017e\u00e1dnou t\u0159et\u00ed stranou.<\/p>\n\n<\/div><\/details>\n\n\n\n<details class=\"expander is-style-box\">\n\t<summary data-datalayer-name=\"\" data-datalayer-text=\"P\u0159\u00edstup k poloze na pozad\u00ed (v mobiln\u00ed aplikaci pro Android)\">\n\t\t\t\t<strong>P\u0159\u00edstup k poloze na pozad\u00ed (v mobiln\u00ed aplikaci pro Android)<\/strong>\n\t\t\t<\/summary>\n\t<div class=\"inner-blocks\">\n\n<p>Pokud pou\u017e\u00edv\u00e1te widget Po\u010das\u00ed na plo\u0161e telefonu s opera\u010dn\u00edm syst\u00e9mem Android, aplikace v\u00e1s po\u017e\u00e1d\u00e1 o p\u0159\u00edstup k poloze va\u0161eho za\u0159\u00edzen\u00ed na pozad\u00ed, tedy i v p\u0159\u00edpad\u011b, kdy aplikaci zrovna nepou\u017e\u00edv\u00e1te. Toto opr\u00e1vn\u011bn\u00ed slou\u017e\u00ed k tomu, aby v\u00e1m widget mohl v\u017edy uk\u00e1zat aktu\u00e1ln\u00ed p\u0159edpov\u011b\u010f pro oblast, kde se pr\u00e1v\u011b nach\u00e1z\u00edte, ani\u017e by bylo t\u0159eba spou\u0161t\u011bt aplikaci nebo polohu manu\u00e1ln\u011b aktualizovat. Pou\u017e\u00edv\u00e1n\u00ed widgetu je voliteln\u00e1 funkce, opr\u00e1vn\u011bn\u00ed pro sb\u011br polohy na pozad\u00ed m\u016f\u017eete a nemus\u00edte aplikaci ud\u011blit, p\u0159\u00edpadn\u011b ho m\u016f\u017eete kdykoliv v nastaven\u00ed syst\u00e9mu odvolat. Tato data se vyu\u017e\u00edvaj\u00ed pouze k ur\u010den\u00ed va\u0161\u00ed polohy v p\u0159\u00edpad\u011b pou\u017e\u00edv\u00e1n\u00ed funkce widget Po\u010das\u00ed. Spole\u010dnost Seznam tyto \u00fadaje neuchov\u00e1v\u00e1 a nesd\u00edl\u00ed s \u017e\u00e1dnou t\u0159et\u00ed stranou.<\/p>\n\n<\/div><\/details>\n\n<\/div><\/div>\n\n\n\n\n<h3 class=\"wp-block-heading\">Pro z\u00edsk\u00e1n\u00ed polohy m\u016f\u017ee Seznam prohl\u00ed\u017ee\u010d odes\u00edlat n\u00e1sleduj\u00edc\u00ed informace<\/h3>\n\n\n\n<ul class=\"wp-block-list\">\n<li>\u00dadaje o nejbli\u017e\u0161\u00edch sm\u011brova\u010d\u00edch s\u00edt\u00ed Wi-Fi<\/li>\n\n\n\n<li>Identifik\u00e1tory nejbli\u017e\u0161\u00edch vys\u00edla\u010d\u016f mobiln\u00ed s\u00edt\u011b<\/li>\n\n\n\n<li>Informace o s\u00edle sign\u00e1lu s\u00edt\u011b Wi-Fi nebo mobiln\u00ed s\u00edt\u011b<\/li>\n\n\n\n<li>IP adresu, kter\u00e1 je aktu\u00e1ln\u011b p\u0159i\u0159azen\u00e1 k va\u0161emu za\u0159\u00edzen\u00ed<\/li>\n<\/ul>\n\n\n\n<p>Spole\u010dnost Seznam.cz nem\u00e1 \u017e\u00e1dnou kontrolu nad weby t\u0159et\u00edch stran ani nad jejich postupy v oblasti ochrany soukrom\u00ed. P\u0159i sd\u00edlen\u00ed sv\u00e9 polohy s weby proto bu\u010fte opatrn\u00ed.<\/p>\n\n\n\n<p>K ur\u010den\u00ed va\u0161\u00ed polohy p\u0159i pou\u017e\u00edv\u00e1n\u00ed Seznam Prohl\u00ed\u017ee\u010de pro po\u010d\u00edta\u010de vyu\u017e\u00edv\u00e1 spole\u010dnost Seznam.cz Google Maps API. Jej\u00ed u\u017eit\u00ed se \u0159\u00edd\u00ed smluvn\u00edmi podm\u00ednkami a Privacy Policy. Seznam.cz prohla\u0161uje, \u017ee \u00fadaje o u\u017eivatelov\u011b lokaci nebudou p\u0159edan\u00e9 spole\u010dnosti Google Ireland Limited v podob\u011b, ve kter\u00e9 by spole\u010dnost Google mohla identifikovat konkr\u00e9tn\u00edho u\u017eivatele.<\/p>\n\n\n\n<div class=\"accordion\">\n\t<div class=\"accordion__items\">\n\n<details class=\"expander is-style-box\">\n\t<summary data-datalayer-name=\"\" data-datalayer-text=\"Aktualizace\">\n\t\t\t\t<strong>Aktualizace<\/strong>\n\t\t\t<\/summary>\n\t<div class=\"inner-blocks\">\n\n<p>Seznam Prohl\u00ed\u017ee\u010d na servery Seznamu pravideln\u011b odes\u00edl\u00e1 informace za \u00fa\u010delem prov\u00e1d\u011bn\u00ed funkc\u00ed, jako je kontrola aktualizac\u00ed a stavu p\u0159ipojen\u00ed, ov\u011b\u0159en\u00ed aktu\u00e1ln\u00edho \u010dasu a odhad po\u010dtu aktivn\u00edch u\u017eivatel\u016f.<\/p>\n\n<\/div><\/details>\n\n\n\n<details class=\"expander is-style-box\">\n\t<summary data-datalayer-name=\"\" data-datalayer-text=\"Funkce vyhled\u00e1v\u00e1n\u00ed\">\n\t\t\t\t<strong>Funkce vyhled\u00e1v\u00e1n\u00ed<\/strong>\n\t\t\t<\/summary>\n\t<div class=\"inner-blocks\">\n\n<p>P\u0159i vyhled\u00e1v\u00e1n\u00ed v adresn\u00edm \u0159\u00e1dku v Seznam Prohl\u00ed\u017ee\u010di se zadan\u00e9 znaky odes\u00edlaj\u00ed do va\u0161eho v\u00fdchoz\u00edho vyhled\u00e1va\u010de, a to i p\u0159ed stisknut\u00edm kl\u00e1vesy Enter. Vyhled\u00e1va\u010di se tak mohou automaticky nab\u00edzet v\u00fdrazy nebo adresy URL, kter\u00e9 byste mohli cht\u00edt hledat. Pokud jste p\u0159ihl\u00e1\u0161eni k webu od Seznamu nebo do Seznam Prohl\u00ed\u017ee\u010de, vyhled\u00e1vac\u00ed dotazy zadan\u00e9 do adresn\u00edho \u0159\u00e1dku Seznam Prohl\u00ed\u017ee\u010de se mohou ukl\u00e1dat do va\u0161eho Seznam \u00da\u010dtu.<\/p>\n\n<\/div><\/details>\n\n\n\n<details class=\"expander is-style-box\">\n\t<summary data-datalayer-name=\"\" data-datalayer-text=\"Slu\u017eba zobrazov\u00e1n\u00ed n\u00e1vrh\u016f\">\n\t\t\t\t<strong>Slu\u017eba zobrazov\u00e1n\u00ed n\u00e1vrh\u016f<\/strong>\n\t\t\t<\/summary>\n\t<div class=\"inner-blocks\">\n\n<p>N\u00e1vrhy jsou zalo\u017een\u00e9 na souvisej\u00edc\u00edch vyhled\u00e1vac\u00edch dotazech na webu, historii prohl\u00ed\u017een\u00ed, popularit\u011b web\u016f a ulo\u017een\u00fdch obl\u00edben\u00fdch str\u00e1nk\u00e1ch. Pokud v\u00e1\u0161 v\u00fdchoz\u00ed vyhled\u00e1va\u010d poskytuje funkci zobrazov\u00e1n\u00ed n\u00e1vrh\u016f, prohl\u00ed\u017ee\u010d ode\u0161le text zadan\u00fd do adresn\u00edho \u0159\u00e1dku v\u00fdchoz\u00edmu vyhled\u00e1va\u010di.<\/p>\n\n<\/div><\/details>\n\n\n\n<details class=\"expander is-style-box\">\n\t<summary data-datalayer-name=\"\" data-datalayer-text=\"Statistiky vyu\u017eit\u00ed a zpr\u00e1vy o selh\u00e1n\u00ed\">\n\t\t\t\t<strong>Statistiky vyu\u017eit\u00ed a zpr\u00e1vy o selh\u00e1n\u00ed<\/strong>\n\t\t\t<\/summary>\n\t<div class=\"inner-blocks\">\n\n<p>Spole\u010dnosti Seznam.cz m\u016f\u017eete odes\u00edlat statistiky vyu\u017eit\u00ed a zpr\u00e1vy o selh\u00e1n\u00ed, pom\u016f\u017eete n\u00e1m tak vylep\u0161ovat na\u0161e slu\u017eby. V Seznam Prohl\u00ed\u017ee\u010di je odes\u00edl\u00e1n\u00ed statistik vyu\u017eit\u00ed a zpr\u00e1v o selh\u00e1n\u00ed ve v\u00fdchoz\u00edm nastaven\u00ed zapnuto. Statistiky vyu\u017eit\u00ed obsahuj\u00ed informace, jako jsou p\u0159edvolby, kliknut\u00ed na tla\u010d\u00edtka, vyu\u017eit\u00ed pam\u011bti nebo adresy webov\u00fdch str\u00e1nek. Zpr\u00e1vy o selh\u00e1n\u00ed obsahuj\u00ed informace o syst\u00e9mu v dob\u011b selh\u00e1n\u00ed a mohou zahrnovat adresy webov\u00fdch str\u00e1nek nebo identifikaci u\u017eivatele (e-mailovou adresu, kterou je u\u017eivatel do prohl\u00ed\u017ee\u010de p\u0159ihl\u00e1\u0161en\u00fd) a identifik\u00e1tory v Seznam Prohl\u00ed\u017ee\u010di. Souhrnn\u00e9, neosobn\u00ed informace ze zpr\u00e1v o selh\u00e1n\u00ed m\u016f\u017eeme sd\u00edlet se t\u0159et\u00edmi stranami.<\/p>\n\n<\/div><\/details>\n\n\n\n<details class=\"expander is-style-box\">\n\t<summary data-datalayer-name=\"\" data-datalayer-text=\"Ostatn\u00ed slu\u017eby od Seznamu\">\n\t\t\t\t<strong>Ostatn\u00ed slu\u017eby od Seznamu<\/strong>\n\t\t\t<\/summary>\n\t<div class=\"inner-blocks\">\n\n<p>Seznam Prohl\u00ed\u017ee\u010d m\u016f\u017ee v prohl\u00ed\u017ee\u010di nab\u00edzet tak\u00e9 dal\u0161\u00ed webov\u00e9 slu\u017eby od Seznamu nebo jeho \u010d\u00e1sti. Pokud nap\u0159\u00edklad nav\u0161t\u00edv\u00edte str\u00e1nku v jin\u00e9m jazyce, Seznam Prohl\u00ed\u017ee\u010d provede diagnostiku jazyku a nab\u00eddne v\u00e1m mo\u017enost odeslat text do Seznamu k p\u0159ekladu. V p\u0159\u00edpad\u011b, \u017ee se p\u0159ihl\u00e1s\u00edte do e-mailov\u00e9 schr\u00e1nky od Seznamu v prohl\u00ed\u017ee\u010di, Seznam Prohl\u00ed\u017ee\u010d provede diagnostiku jazyku e-mailu a nab\u00eddne v\u00e1m mo\u017enost odeslat cizojazy\u010dn\u00fd text do Seznamu k p\u0159ekladu. Technologie, kterou Seznam Prohl\u00ed\u017ee\u010d pro vypracov\u00e1n\u00ed p\u0159ekladu vyu\u017e\u00edv\u00e1, je pln\u011b automatick\u00e1 a neumo\u017e\u0148uje p\u0159\u00edstup k obsahu e-mailu fyzick\u00fdm osob\u00e1m. Origin\u00e1ln\u00ed ani p\u0159elo\u017een\u00fd text e-mailov\u00e9 zpr\u00e1vy se v Seznam Prohl\u00ed\u017ee\u010di neukl\u00e1d\u00e1.<\/p>\n\n<\/div><\/details>\n\n\n\n<details class=\"expander is-style-box\">\n\t<summary data-datalayer-name=\"\" data-datalayer-text=\"Identifik\u00e1tory v Seznam prohl\u00ed\u017ee\u010di\">\n\t\t\t\t<strong>Identifik\u00e1tory v Seznam prohl\u00ed\u017ee\u010di<\/strong>\n\t\t\t<\/summary>\n\t<div class=\"inner-blocks\">\n\n<p>Seznam Prohl\u00ed\u017ee\u010d zahrnuje \u0159adu identifik\u00e1tor\u016f, kter\u00e9 jsou pot\u0159eba k zaji\u0161t\u011bn\u00ed podpory r\u016fzn\u00fdch funkc\u00ed a chodu prohl\u00ed\u017ee\u010de. P\u0159i prvn\u00edm spu\u0161t\u011bn\u00ed Prohl\u00ed\u017ee\u010de je vygenerovan\u00fd unik\u00e1tn\u00ed identifik\u00e1tor dan\u00e9 instance prohl\u00ed\u017ee\u010de, kter\u00fd nep\u0159i\u0159azujeme k osobn\u00edm \u00fadaj\u016fm. Ten slou\u017e\u00ed ke sledov\u00e1n\u00ed po\u010dtu instalac\u00ed, sledov\u00e1n\u00ed sekvence ud\u00e1lost\u00ed, m\u011b\u0159en\u00ed funkc\u00ed a propagac\u00ed. Takov\u00fd identifik\u00e1tor d\u00e1le vyu\u017e\u00edv\u00e1me pro testov\u00e1n\u00ed funkc\u00ed, ze kter\u00fdch n\u011bkter\u00e9 pak zp\u0159\u00edstupn\u00edme omezen\u00e9mu po\u010dtu u\u017eivatel\u016f. Pokud nap\u0159\u00edklad pou\u017e\u00edv\u00e1te zpr\u00e1vy push, vytvo\u0159\u00ed se identifik\u00e1tor, kter\u00fd umo\u017en\u00ed v\u00e1m zas\u00edlat sd\u011blen\u00ed.<\/p>\n\n<\/div><\/details>\n\n<\/div><\/div>\n\n<\/div>\n\n\n\n<div class=\"wp-block-group is-layout-constrained wp-block-group-is-layout-constrained\">\n<h2 class=\"wp-block-heading\" id=\"rezim-s-prihlasenim\">Re\u017eim Prohl\u00ed\u017ee\u010de s p\u0159ihl\u00e1\u0161en\u00edm<\/h2>\n\n\n\n<p>Pokud se do Seznam Prohl\u00ed\u017ee\u010de p\u0159ihl\u00e1s\u00edte pomoc\u00ed Seznam \u00da\u010dtu, va\u0161e osobn\u00ed \u00fadaje o proch\u00e1zen\u00ed a informace ze z\u00e1kladn\u00edho re\u017eimu prohl\u00ed\u017ee\u010de se ulo\u017e\u00ed na servery spole\u010dnosti Seznam.cz a synchronizuj\u00ed se do va\u0161eho \u00fa\u010dtu.<\/p>\n\n\n\n<h3 class=\"wp-block-heading\">Mimo z\u00e1kladn\u00ed re\u017eim se m\u016f\u017ee jednat o tyto typy informac\u00ed<\/h3>\n\n\n\n<ul class=\"wp-block-list\">\n<li>Obl\u00edben\u00e9 polo\u017eky<\/li>\n\n\n\n<li>Hesla v \u0161ifrovan\u00e9 podob\u011b a \u00fadaje automatick\u00e9ho vypl\u0148ov\u00e1n\u00ed<\/li>\n\n\n\n<li>Dal\u0161\u00ed nastaven\u00ed Prohl\u00ed\u017ee\u010de<\/li>\n<\/ul>\n\n\n\n<p>Tato nastaven\u00ed se v\u00e1m automatickou na\u010dtou poka\u017ed\u00e9, kdy\u017e se do Seznam Prohl\u00ed\u017ee\u010de p\u0159ihl\u00e1s\u00edte na jin\u00fdch po\u010d\u00edta\u010d\u00edch a za\u0159\u00edzen\u00edch. Typy informac\u00ed, kter\u00e9 se budou synchronizovat, m\u016f\u017eete vybrat v nastaven\u00ed p\u0159ihl\u00e1\u0161en\u00ed.<\/p>\n\n\n\n<h3 class=\"wp-block-heading\">Jak Prohl\u00ed\u017ee\u010d zach\u00e1z\u00ed s informacemi, kdy\u017e jste do n\u011bj p\u0159ihl\u00e1\u0161eni?<\/h3>\n\n\n\n<p>Spole\u010dnost Seznam.cz tato data pou\u017e\u00edv\u00e1 k v\u00fdvoji nov\u00fdch funkc\u00ed, aplikac\u00ed i slu\u017eeb a ke zlep\u0161ov\u00e1n\u00ed celkov\u00e9 kvality existuj\u00edc\u00edch produkt\u016f a slu\u017eeb.<\/p>\n<\/div>\n\n\n\n<div class=\"wp-block-group is-layout-constrained wp-block-group-is-layout-constrained\">\n<h2 class=\"wp-block-heading\" id=\"anonymni-rezim\">Anonymn\u00ed re\u017eim Prohl\u00ed\u017ee\u010de<\/h2>\n\n\n\n<p>V anonymn\u00edm re\u017eimu Prohl\u00ed\u017ee\u010de se neukl\u00e1d\u00e1 historie prohl\u00ed\u017een\u00ed do prohl\u00ed\u017ee\u010de.<\/p>\n<\/div>\n\n\n\n<div class=\"wp-block-group is-layout-constrained wp-block-group-is-layout-constrained\">\n<h2 class=\"wp-block-heading\" id=\"postupy-bezpecneho-prohlizeni\">Postupy Bezpe\u010dn\u00e9ho prohl\u00ed\u017een\u00ed<\/h2>\n\n\n\n<p>Abychom v\u00e1s ochr\u00e1nili p\u0159ed n\u00e1v\u0161t\u011bvou nebezpe\u010dn\u00fdch a podvodn\u00fdch str\u00e1nek, nab\u00edz\u00ed Seznam Prohl\u00ed\u017ee\u010d funkci Bezpe\u010dn\u00e9ho prohl\u00ed\u017een\u00ed. Ta p\u0159en\u00e1\u0161\u00ed informace o podez\u0159el\u00fdch webech mezi prohl\u00ed\u017ee\u010dem a servery Seznamu.<\/p>\n\n\n\n<h3 class=\"wp-block-heading\">Jak funguje Bezpe\u010dn\u00e9 prohl\u00ed\u017een\u00ed<\/h3>\n\n\n\n<p>Prohl\u00ed\u017ee\u010d pravideln\u011b kontaktuje servery Seznamu a stahuje nejnov\u011bj\u0161\u00ed seznam pro Bezpe\u010dn\u00e9 prohl\u00ed\u017een\u00ed, kter\u00fd obsahuje zn\u00e1m\u00e9 phishingov\u00e9 a malwarov\u00e9 str\u00e1nky. Tento seznam vznik\u00e1 ve spolupr\u00e1ci s r\u016fzn\u00fdmi institucemi, jako jsou nap\u0159\u00edklad banky. Nejnov\u011bj\u0161\u00ed kopie seznamu se ukl\u00e1d\u00e1 m\u00edstn\u011b v syst\u00e9mu. U ka\u017ed\u00e9ho v\u00e1mi nav\u0161t\u00edven\u00e9ho webu prohl\u00ed\u017ee\u010d zkontroluje, zda nen\u00ed uveden na seznamu Bezpe\u010dn\u00e9ho prohl\u00ed\u017een\u00ed. Jestli\u017ee se na seznamu nach\u00e1z\u00ed, prohl\u00ed\u017ee\u010d informuje u\u017eivatele o nebezpe\u010dnosti str\u00e1nky a jej\u00ed na\u010dten\u00ed zablokuje. Seznam Prohl\u00ed\u017ee\u010d pomoc\u00ed technologie Bezpe\u010dn\u00e9 prohl\u00ed\u017een\u00ed m\u016f\u017ee kontrolovat v\u00e1\u0161 po\u010d\u00edta\u010d a vyhled\u00e1vat v n\u011bm ne\u017e\u00e1douc\u00ed software, kter\u00fd by mohl naru\u0161ovat zabezpe\u010den\u00ed a stabilitu prohl\u00ed\u017ee\u010de.<\/p>\n<\/div>\n","protected":false},"excerpt":{"rendered":"<p>Chcete-li pou\u017e\u00edvat Seznam Prohl\u00ed\u017ee\u010d, nemus\u00edte poskytovat \u017e\u00e1dn\u00e9 osobn\u00ed \u00fadaje. Prohl\u00ed\u017ee\u010d ale podporuje r\u016fzn\u00e9 re\u017eimy, kter\u00e9 umo\u017e\u0148uj\u00ed zm\u011bnit nebo vylep\u0161it proch\u00e1zen\u00ed. M\u00edra ochrany soukrom\u00ed se li\u0161\u00ed v z\u00e1vislosti na pou\u017eit\u00e9m re\u017eimu Prohl\u00ed\u017ee\u010de. Z\u00e1kladn\u00ed re\u017eim Prohl\u00ed\u017ee\u010de V tomto re\u017eimu se informace ukl\u00e1daj\u00ed m\u00edstn\u011b ve va\u0161em syst\u00e9mu, neodes\u00edlaj\u00ed se na na\u0161e servery a nem\u00e1me k nim p\u0159\u00edstup. M\u016f\u017ee [&hellip;]<\/p>\n","protected":false},"author":2,"featured_media":0,"parent":56,"menu_order":0,"comment_status":"closed","ping_status":"closed","template":"page-sidemenu","meta":{"_acf_changed":false,"_relevanssi_hide_post":"","_relevanssi_hide_content":"","_relevanssi_pin_for_all":"","_relevanssi_pin_keywords":"","_relevanssi_unpin_keywords":"","_relevanssi_related_keywords":"","_relevanssi_related_include_ids":"","_relevanssi_related_exclude_ids":"","_relevanssi_related_no_append":"","_relevanssi_related_not_related":"","_relevanssi_related_posts":"","_relevanssi_noindex_reason":"","footnotes":""},"page_category":[3],"page_tag":[],"class_list":["post-76","page","type-page","status-publish","hentry"],"acf":[],"lang":"cs","translations":{"cs":76,"en":2527},"pll_sync_post":[],"_links":{"self":[{"href":"https:\/\/o-seznam.cz\/pravni-informace\/wp-json\/wp\/v2\/pages\/76","targetHints":{"allow":["GET"]}}],"collection":[{"href":"https:\/\/o-seznam.cz\/pravni-informace\/wp-json\/wp\/v2\/pages"}],"about":[{"href":"https:\/\/o-seznam.cz\/pravni-informace\/wp-json\/wp\/v2\/types\/page"}],"author":[{"embeddable":true,"href":"https:\/\/o-seznam.cz\/pravni-informace\/wp-json\/wp\/v2\/users\/2"}],"replies":[{"embeddable":true,"href":"https:\/\/o-seznam.cz\/pravni-informace\/wp-json\/wp\/v2\/comments?post=76"}],"version-history":[{"count":24,"href":"https:\/\/o-seznam.cz\/pravni-informace\/wp-json\/wp\/v2\/pages\/76\/revisions"}],"predecessor-version":[{"id":1538,"href":"https:\/\/o-seznam.cz\/pravni-informace\/wp-json\/wp\/v2\/pages\/76\/revisions\/1538"}],"up":[{"embeddable":true,"href":"https:\/\/o-seznam.cz\/pravni-informace\/wp-json\/wp\/v2\/pages\/56"}],"wp:attachment":[{"href":"https:\/\/o-seznam.cz\/pravni-informace\/wp-json\/wp\/v2\/media?parent=76"}],"wp:term":[{"taxonomy":"page_category","embeddable":true,"href":"https:\/\/o-seznam.cz\/pravni-informace\/wp-json\/wp\/v2\/page_category?post=76"},{"taxonomy":"page_tag","embeddable":true,"href":"https:\/\/o-seznam.cz\/pravni-informace\/wp-json\/wp\/v2\/page_tag?post=76"}],"curies":[{"name":"wp","href":"https:\/\/api.w.org\/{rel}","templated":true}]}}