
{"id":64,"date":"2024-02-14T09:08:41","date_gmt":"2024-02-14T08:08:41","guid":{"rendered":"https:\/\/o-seznam.cz\/pravni-informace\/?page_id=64"},"modified":"2024-10-08T16:32:09","modified_gmt":"2024-10-08T14:32:09","slug":"seznam-ucet","status":"publish","type":"page","link":"https:\/\/o-seznam.cz\/pravni-informace\/ochrana-udaju\/seznam-ucet\/","title":{"rendered":"Seznam \u00da\u010det"},"content":{"rendered":"\n<div class=\"wp-block-group is-layout-constrained wp-block-group-is-layout-constrained\"><nav class=\"menu-anchors\">\n<ul>\n\t<li><a href=\"#prihlaseni\">P\u0159ihl\u00e1\u0161en\u00ed s ov\u011b\u0159en\u00ed p\u0159es slu\u017eby t\u0159et\u00edch stran<\/a><\/li>\n<li><a href=\"#overeni\">Ov\u011b\u0159en\u00ed Seznam \u00da\u010dtu<\/a><\/li>\n<li><a href=\"#prihlaseni-pres-seznam\">P\u0159ihl\u00e1\u0161en\u00ed p\u0159es Seznam<\/a><\/li>\n<li><a href=\"#registrace\">Registrace<\/a><\/li>\n<\/ul>\n\n<\/nav>\n<\/div>\n\n\n\n<div class=\"wp-block-group is-layout-constrained wp-block-group-is-layout-constrained\">\n<p>Ukl\u00e1d\u00e1me a zobrazujeme \u00fadaje, kter\u00e9 zad\u00e1te p\u0159\u00edmo v nastaven\u00ed Seznam \u00da\u010dtu nebo na jednotliv\u00fdch slu\u017eb\u00e1ch spole\u010dnosti Seznam.cz:<\/p>\n\n\n\n<ul class=\"wp-block-list\">\n<li>Jm\u00e9no a p\u0159\u00edjmen\u00ed<\/li>\n\n\n\n<li>Pohlav\u00ed<\/li>\n\n\n\n<li>Datum nebo rok narozen\u00ed<\/li>\n\n\n\n<li>Kontaktn\u00ed telefonn\u00ed \u010d\u00edslo<\/li>\n\n\n\n<li>Kontaktn\u00ed adresa<\/li>\n\n\n\n<li>Telefonn\u00ed \u010d\u00edslo pro obnovu p\u0159\u00edstupu k \u00fa\u010dtu<\/li>\n\n\n\n<li>Alternativn\u00ed e-mailov\u00e1 adresa<\/li>\n<\/ul>\n\n\n\n<p>D\u016fvodem ukl\u00e1d\u00e1n\u00ed a zpracov\u00e1n\u00ed dat je zaji\u0161t\u011bn\u00ed bezpe\u010dnosti a funk\u010dnosti slu\u017eby a d\u00e1le usnadn\u011bn\u00ed pou\u017eit\u00ed \u00fadaj\u016f u v\u0161ech slu\u017eeb spole\u010dnosti Seznam.cz, kter\u00e9 data pro sv\u00e9 fungov\u00e1n\u00ed pot\u0159ebuj\u00ed. Na\u0161\u00edm c\u00edlem je, abyste nemuseli sv\u00e9 \u00fadaje zad\u00e1vat a aktualizovat zvl\u00e1\u0161\u0165 na ka\u017ed\u00e9 slu\u017eb\u011b.<\/p>\n\n\n\n<p>Telefonn\u00ed \u010d\u00edslo je povinnou sou\u010d\u00e1st\u00ed Seznam \u00da\u010dtu. P\u0159i registraci Seznam \u00da\u010dtu se ukl\u00e1d\u00e1 jako telefonn\u00ed \u010d\u00edslo pro obnovu p\u0159\u00edstupu k \u00fa\u010dtu, a z\u00e1rove\u0148 jako kontaktn\u00ed telefonn\u00ed \u010d\u00edslo. Toto nastaven\u00ed m\u016f\u017eete kdykoliv zm\u011bnit a telefonn\u00ed \u010d\u00edsla nemus\u00ed b\u00fdt shodn\u00e1. Kontaktn\u00ed telefonn\u00ed \u010d\u00edslo v\u00e1m usnadn\u00ed pou\u017e\u00edv\u00e1n\u00ed dal\u0161\u00edch slu\u017eeb Seznamu, proto\u017ee je sd\u00edlen\u00e9 nap\u0159\u00ed\u010d v\u0161emi slu\u017ebami spole\u010dnosti Seznam (nap\u0159\u00edklad inzertn\u00ed slu\u017eby), anebo ho m\u016f\u017eete pou\u017e\u00edt v r\u00e1mci slu\u017eby P\u0159ihl\u00e1\u0161en\u00ed p\u0159es Seznam k p\u0159edvypln\u011bn\u00ed registra\u010dn\u00edch \u00fadaj\u016f na slu\u017eb\u00e1ch t\u0159et\u00edch stran.<\/p>\n\n\n\n<p>U Seznam \u00da\u010dt\u016f registrovan\u00fdch p\u0159es vybran\u00e9 d\u016fv\u011bryhodn\u00e9 poskytovatele identity nemus\u00ed b\u00fdt telefonn\u00ed \u010d\u00edslo vy\u017eadov\u00e1no. M\u016f\u017eete si jej v\u0161ak kdykoliv nastavit.<\/p>\n\n\n\n<p>V Seznam \u00da\u010dtu najdete \u00fadaje, kter\u00e9 jste vyplnili, nebo kter\u00e9 jste zadali na jin\u00fdch slu\u017eb\u00e1ch spole\u010dnosti Seznam.cz. N\u011bkter\u00e9 \u00fadaje mohou b\u00fdt ale dostupn\u00e9 pouze na slu\u017eb\u011b, do kter\u00e9 jste je zadali.<\/p>\n\n\n\n<p>Zpracov\u00e1n\u00ed osobn\u00edch \u00fadaj\u016f u\u017eivatele nap\u0159\u00ed\u010d v\u0161emi slu\u017ebami spole\u010dnosti Seznam.cz tedy slou\u017e\u00ed ke kvalitn\u011bj\u0161\u00edmu rozpozn\u00e1n\u00ed v\u00e1s jako\u017eto p\u0159ihl\u00e1\u0161en\u00e9ho \u010di identifikovan\u00e9ho u\u017eivatele.<\/p>\n<\/div>\n\n\n\n<div class=\"wp-block-group is-layout-constrained wp-block-group-is-layout-constrained\">\n<h2 class=\"wp-block-heading\" id=\"prihlaseni\">P\u0159ihl\u00e1\u0161en\u00ed s ov\u011b\u0159en\u00ed p\u0159es slu\u017eby t\u0159et\u00edch stran<\/h2>\n\n\n\n<p>U Seznam \u00da\u010dtu, kde je jako u\u017eivatelsk\u00e9 jm\u00e9no pou\u017eita e-mailov\u00e1 adresa vybran\u00fdch poskytovatel\u016f (nap\u0159. Google nebo Microsoft), m\u016f\u017eete pro registraci a p\u0159ihl\u00e1\u0161en\u00ed vyu\u017e\u00edt ov\u011b\u0159en\u00ed identity p\u0159ihl\u00e1\u0161en\u00edm ke sv\u00e9mu \u00fa\u010dtu u t\u011bchto poskytovatel\u016f. V tomto p\u0159\u00edpad\u011b m\u016f\u017eeme k va\u0161emu Seznam \u00da\u010dtu ulo\u017eit pou\u017eitou e-mailovou adresu, jm\u00e9no a p\u0159\u00edjmen\u00ed a profilovou fotografii, kterou n\u00e1m poskytovatel ov\u011b\u0159en\u00ed v r\u00e1mci ov\u011b\u0159ovac\u00edho procesu p\u0159ed\u00e1. Jm\u00e9no, p\u0159\u00edjmen\u00ed a profilov\u00e1 fotografie jsou ulo\u017een\u00e9 v Seznam \u00da\u010dtu a m\u016f\u017eete si je v n\u011bm pozd\u011bji zm\u011bnit.<\/p>\n\n\n\n<p>Pokud pat\u0159\u00edte mezi u\u017eivatele Seznam \u00da\u010dtu ov\u011b\u0159en\u00e9 slu\u017ebou t\u0159et\u00ed strany a nem\u00e1te nastaven\u00e9 heslo, je ov\u011b\u0159en\u00ed p\u0159es tohoto poskytovatele jedinou mo\u017enost\u00ed p\u0159ihl\u00e1\u0161en\u00ed k \u00fa\u010dtu.<\/p>\n<\/div>\n\n\n\n<div class=\"wp-block-group is-layout-constrained wp-block-group-is-layout-constrained\">\n<h2 class=\"wp-block-heading\" id=\"overeni\">Ov\u011b\u0159en\u00ed Seznam \u00da\u010dtu<\/h2>\n\n\n\n<p>V Seznam \u00da\u010dtu a p\u0159i registraci Seznam \u00da\u010dtu m\u00e1te mo\u017enost prov\u00e9st ov\u011b\u0159en\u00ed \u00fa\u010dtu pomoc\u00ed bankovn\u00ed identity nebo MojeID. Ov\u011b\u0159en\u00ed pomoc\u00ed bankovn\u00ed identity prob\u00edh\u00e1 ve spolupr\u00e1ci s poskytovatelem slu\u017eby BankID a p\u0159ipojen\u00fdmi bankami. Ov\u011b\u0159en\u00ed pomoc\u00ed MojeID poskytuje organizace CZ.NIC.<\/p>\n\n\n\n<p>V r\u00e1mci procesu ov\u011b\u0159en\u00ed p\u0159ed\u00e1 poskytovatel identity spole\u010dnosti Seznam vybran\u00e9 osobn\u00ed \u00fadaje, ale jen za pokud s jejich p\u0159ed\u00e1n\u00edm vyj\u00e1d\u0159\u00edte souhlas. P\u0159ehled takto p\u0159edan\u00fdch \u00fadaj\u016f je zobrazen\u00fd v\u017edy p\u0159i prvn\u00edm ov\u011b\u0159en\u00ed v rozhran\u00ed poskytovatele identity. \u00dadaje se ukl\u00e1daj\u00ed do va\u0161eho Seznam \u00da\u010dtu a d\u00e1le s nimi pracujeme stejn\u011b, jako byste si je v Seznam \u00da\u010dtu nastavili sami. Vztahuje se na n\u011b tedy nastaven\u00ed preferenc\u00ed personalizace slu\u017eeb a reklamy a mohou b\u00fdt zobrazen\u00e9 na jednotliv\u00fdch slu\u017eb\u00e1ch Seznamu (nap\u0159\u00edklad v diskus\u00edch, inzertn\u00edch slu\u017eb\u00e1ch apod.).<\/p>\n<\/div>\n\n\n\n<div class=\"wp-block-group is-layout-constrained wp-block-group-is-layout-constrained\">\n<h2 class=\"wp-block-heading\" id=\"prihlaseni-pres-seznam\">P\u0159ihl\u00e1\u0161en\u00ed p\u0159es Seznam<\/h2>\n\n\n\n<p>V p\u0159\u00edpad\u011b, \u017ee vyu\u017eijete sv\u016fj Seznam \u00da\u010det pro p\u0159ihl\u00e1\u0161en\u00ed na slu\u017eb\u00e1ch t\u0159et\u00edch stran (tzv. P\u0159ihl\u00e1\u0161en\u00ed p\u0159es Seznam), zobraz\u00edme v\u00e1m p\u0159i prvn\u00edm p\u0159ihl\u00e1\u0161en\u00ed osobn\u00ed \u00fadaje, kter\u00e9 t\u0159et\u00ed strana \u017e\u00e1d\u00e1.<\/p>\n\n\n\n<p>Pokud budete s p\u0159ihl\u00e1\u0161en\u00edm souhlasit, p\u0159ed\u00e1v\u00e1me v\u017edy va\u0161e u\u017eivatelsk\u00e9 jm\u00e9no a jm\u00e9no a p\u0159\u00edjmen\u00ed, pokud je m\u00e1te v Seznam \u00da\u010dtu zadan\u00e9. D\u00e1le si t\u0159et\u00ed strana m\u016f\u017ee vy\u017e\u00e1dat informace o zletilosti, kontaktn\u00ed telefonn\u00ed \u010d\u00edslo, pohlav\u00ed, datum narozen\u00ed a va\u0161\u00ed profilovou fotografii &#8211; jedn\u00e1 se o \u00fadaje nastaven\u00e9 ve va\u0161em Seznam \u00da\u010dtu. U v\u0161ech t\u011bchto \u00fadaj\u016f ur\u010d\u00ed provozovatel slu\u017eby, ke kter\u00e9 se p\u0159ihla\u0161ujete, zda jsou pro p\u0159ihl\u00e1\u0161en\u00ed povinn\u00e9 nebo zda se m\u016f\u017eete sami rozhodnout o jejich sd\u00edlen\u00ed.<\/p>\n\n\n\n<p>Za ukl\u00e1d\u00e1n\u00ed a zpracov\u00e1n\u00ed p\u0159edan\u00fdch osobn\u00edch \u00fadaj\u016f v r\u00e1mci slu\u017eby t\u0159et\u00ed strany zodpov\u00edd\u00e1 jej\u00ed provozovatel.<\/p>\n<\/div>\n\n\n\n<div class=\"wp-block-group is-layout-constrained wp-block-group-is-layout-constrained\">\n<h2 class=\"wp-block-heading\" id=\"registrace\">Registrace<\/h2>\n\n\n\n<p>Pro prevenci proti robotick\u00fdm registrac\u00edm pou\u017e\u00edv\u00e1me:<\/p>\n\n\n\n<ul class=\"wp-block-list\">\n<li>Data vypln\u011bn\u00e1 v registra\u010dn\u00edm formul\u00e1\u0159i<\/li>\n\n\n\n<li>Data o prohl\u00ed\u017ee\u010di a za\u0159\u00edzen\u00ed, p\u0159es kter\u00fd jste registraci provedli (cookies, IP, User Agent)<\/li>\n\n\n\n<li>Dlouhodob\u00e9 a kr\u00e1tkodob\u00e9 statistiky strojov\u011b napo\u010d\u00edtan\u00e9 z v\u00fd\u0161e uveden\u00fdch dat<\/li>\n<\/ul>\n\n\n\n<p>Pro rozpozn\u00e1n\u00ed robotick\u00e9ho h\u00e1d\u00e1n\u00ed hesel vyu\u017e\u00edv\u00e1me:<\/p>\n\n\n\n<ul class=\"wp-block-list\">\n<li>Data poskytnut\u00e1 p\u0159i pokusu o p\u0159ihl\u00e1\u0161en\u00ed<\/li>\n\n\n\n<li>Data o prohl\u00ed\u017ee\u010di, za\u0159\u00edzen\u00ed (v p\u0159\u00edpad\u011b loginu) \u010di aplikaci (relay, IMAP, POP3, p\u0159\u00edpadn\u011b cookies, IP adresu nebo User Agent)<\/li>\n\n\n\n<li>Dlouhodob\u00e9 a kr\u00e1tkodob\u00e9 statistiky strojov\u011b napo\u010d\u00edtan\u00e9 z v\u00fd\u0161e uveden\u00fdch dat<\/li>\n<\/ul>\n<\/div>\n","protected":false},"excerpt":{"rendered":"<p>Ukl\u00e1d\u00e1me a zobrazujeme \u00fadaje, kter\u00e9 zad\u00e1te p\u0159\u00edmo v nastaven\u00ed Seznam \u00da\u010dtu nebo na jednotliv\u00fdch slu\u017eb\u00e1ch spole\u010dnosti Seznam.cz: D\u016fvodem ukl\u00e1d\u00e1n\u00ed a zpracov\u00e1n\u00ed dat je zaji\u0161t\u011bn\u00ed bezpe\u010dnosti a funk\u010dnosti slu\u017eby a d\u00e1le usnadn\u011bn\u00ed pou\u017eit\u00ed \u00fadaj\u016f u v\u0161ech slu\u017eeb spole\u010dnosti Seznam.cz, kter\u00e9 data pro sv\u00e9 fungov\u00e1n\u00ed pot\u0159ebuj\u00ed. Na\u0161\u00edm c\u00edlem je, abyste nemuseli sv\u00e9 \u00fadaje zad\u00e1vat a aktualizovat zvl\u00e1\u0161\u0165 [&hellip;]<\/p>\n","protected":false},"author":2,"featured_media":0,"parent":9,"menu_order":0,"comment_status":"closed","ping_status":"closed","template":"page-sidemenu","meta":{"_acf_changed":false,"_relevanssi_hide_post":"","_relevanssi_hide_content":"","_relevanssi_pin_for_all":"","_relevanssi_pin_keywords":"","_relevanssi_unpin_keywords":"","_relevanssi_related_keywords":"","_relevanssi_related_include_ids":"","_relevanssi_related_exclude_ids":"","_relevanssi_related_no_append":"","_relevanssi_related_not_related":"","_relevanssi_related_posts":"","_relevanssi_noindex_reason":"","footnotes":""},"page_category":[3],"page_tag":[],"class_list":["post-64","page","type-page","status-publish","hentry"],"acf":[],"lang":"cs","translations":{"cs":64,"en":2533},"pll_sync_post":[],"_links":{"self":[{"href":"https:\/\/o-seznam.cz\/pravni-informace\/wp-json\/wp\/v2\/pages\/64","targetHints":{"allow":["GET"]}}],"collection":[{"href":"https:\/\/o-seznam.cz\/pravni-informace\/wp-json\/wp\/v2\/pages"}],"about":[{"href":"https:\/\/o-seznam.cz\/pravni-informace\/wp-json\/wp\/v2\/types\/page"}],"author":[{"embeddable":true,"href":"https:\/\/o-seznam.cz\/pravni-informace\/wp-json\/wp\/v2\/users\/2"}],"replies":[{"embeddable":true,"href":"https:\/\/o-seznam.cz\/pravni-informace\/wp-json\/wp\/v2\/comments?post=64"}],"version-history":[{"count":21,"href":"https:\/\/o-seznam.cz\/pravni-informace\/wp-json\/wp\/v2\/pages\/64\/revisions"}],"predecessor-version":[{"id":2212,"href":"https:\/\/o-seznam.cz\/pravni-informace\/wp-json\/wp\/v2\/pages\/64\/revisions\/2212"}],"up":[{"embeddable":true,"href":"https:\/\/o-seznam.cz\/pravni-informace\/wp-json\/wp\/v2\/pages\/9"}],"wp:attachment":[{"href":"https:\/\/o-seznam.cz\/pravni-informace\/wp-json\/wp\/v2\/media?parent=64"}],"wp:term":[{"taxonomy":"page_category","embeddable":true,"href":"https:\/\/o-seznam.cz\/pravni-informace\/wp-json\/wp\/v2\/page_category?post=64"},{"taxonomy":"page_tag","embeddable":true,"href":"https:\/\/o-seznam.cz\/pravni-informace\/wp-json\/wp\/v2\/page_tag?post=64"}],"curies":[{"name":"wp","href":"https:\/\/api.w.org\/{rel}","templated":true}]}}