{"id":5,"date":"2024-02-12T15:28:29","date_gmt":"2024-02-12T14:28:29","guid":{"rendered":"https:\/\/o-seznam.cz\/pravni-informace\/?page_id=5"},"modified":"2025-10-03T17:07:50","modified_gmt":"2025-10-03T15:07:50","slug":"pravni-informace","status":"publish","type":"page","link":"https:\/\/o-seznam.cz\/pravni-informace\/","title":{"rendered":"Pr\u00e1vn\u00ed informace"},"content":{"rendered":"\n<div class=\"wp-block-group is-layout-constrained wp-block-group-is-layout-constrained\">\n<div class=\"wp-block-columns pattern-columns-2-icons is-layout-flex wp-container-core-columns-is-layout-28f84493 wp-block-columns-is-layout-flex\">\n<div class=\"wp-block-column is-layout-flow wp-container-core-column-is-layout-16b3bfcb wp-block-column-is-layout-flow\"><figure class=\"aligncenter aligncenter wp-block-seznam-icon\"><img loading=\"lazy\" decoding=\"async\" width=\"64\" height=\"64\" src=\"https:\/\/o-seznam.cz\/pravni-informace\/wp-content\/uploads\/sites\/6\/2024\/04\/seznam-cz-ochrana-osobnich-udaju.svg\" class=\"attachment-full size-full\" alt=\"\" \/><\/figure>\n\n\n\n<p class=\"has-text-align-center is-style-wrap-balance\"><strong>Z\u00e1sady ochrany osobn\u00edch \u00fadaj\u016f<\/strong><\/p>\n\n\n\n<p class=\"has-text-align-center is-style-wrap-balance\">Z\u00e1le\u017e\u00ed n\u00e1m na va\u0161em soukrom\u00ed. Proto ze Z\u00e1sad jednodu\u0161e zjist\u00edte, jak s va\u0161imi daty pracujeme.<\/p>\n\n\n\n<div class=\"wp-block-group is-layout-constrained wp-block-group-is-layout-constrained\" style=\"margin-top:var(--wp--preset--spacing--4);margin-bottom:var(--wp--preset--spacing--4)\">\n<p class=\"has-text-align-center is-style-next\"><a href=\"https:\/\/o-seznam.cz\/pravni-informace\/ochrana-udaju\/\">P\u0159e\u010d\u00edst si z\u00e1sady<\/a><\/p>\n<\/div>\n<\/div>\n\n\n\n<div class=\"wp-block-column is-layout-flow wp-container-core-column-is-layout-16b3bfcb wp-block-column-is-layout-flow\"><figure class=\"aligncenter aligncenter wp-block-seznam-icon\"><img loading=\"lazy\" decoding=\"async\" width=\"64\" height=\"64\" src=\"https:\/\/o-seznam.cz\/pravni-informace\/wp-content\/uploads\/sites\/6\/2024\/04\/seznam-cz-personalizace.svg\" class=\"attachment-full size-full\" alt=\"\" \/><\/figure>\n\n\n\n<p class=\"has-text-align-center is-style-wrap-balance\"><strong>Personalizace obsahu a reklamy<\/strong><\/p>\n\n\n\n<p class=\"has-text-align-center is-style-wrap-balance\">D\u00edky personalizaci m\u016f\u017eete vyu\u017e\u00edvat na\u0161ich slu\u017eeb zdarma a dost\u00e1vat jen obsah, co v\u00e1s zaj\u00edm\u00e1.<\/p>\n\n\n\n<div class=\"wp-block-group is-layout-constrained wp-block-group-is-layout-constrained\" style=\"margin-top:var(--wp--preset--spacing--4);margin-bottom:var(--wp--preset--spacing--4)\">\n<p class=\"has-text-align-center is-style-next\"><a href=\"https:\/\/o-seznam.cz\/pravni-informace\/personalizace\/\">Zjistit v\u00edc o personalizaci<\/a><\/p>\n<\/div>\n<\/div>\n<\/div>\n\n\n\n<div class=\"wp-block-columns pattern-columns-2-icons is-layout-flex wp-container-core-columns-is-layout-28f84493 wp-block-columns-is-layout-flex\">\n<div class=\"wp-block-column is-layout-flow wp-container-core-column-is-layout-16b3bfcb wp-block-column-is-layout-flow\"><figure class=\"aligncenter aligncenter wp-block-seznam-icon\"><img loading=\"lazy\" decoding=\"async\" width=\"64\" height=\"64\" src=\"https:\/\/o-seznam.cz\/pravni-informace\/wp-content\/uploads\/sites\/6\/2024\/04\/seznam-cz-podpisovy-rad.svg\" class=\"attachment-full size-full\" alt=\"\" \/><\/figure>\n\n\n\n<p class=\"has-text-align-center is-style-wrap-balance\"><strong>Podpisov\u00fd \u0159\u00e1d<\/strong><\/p>\n\n\n\n<p class=\"has-text-align-center is-style-wrap-balance\">Ur\u010duje, kdo a za jak\u00fdch podm\u00ednek m\u016f\u017ee dokumenty jm\u00e9nem Seznamu podepisovat.<\/p>\n\n\n\n<div class=\"wp-block-group is-layout-constrained wp-block-group-is-layout-constrained\" style=\"margin-top:var(--wp--preset--spacing--4);margin-bottom:var(--wp--preset--spacing--4)\">\n<p class=\"has-text-align-center is-style-next\"><a href=\"https:\/\/o-seznam.cz\/pravni-informace\/podpisovy-rad\/\">Dozv\u011bd\u011bt se v\u00edc<\/a><\/p>\n<\/div>\n<\/div>\n\n\n\n<div class=\"wp-block-column is-layout-flow wp-container-core-column-is-layout-16b3bfcb wp-block-column-is-layout-flow\"><figure class=\"aligncenter aligncenter wp-block-seznam-icon\"><img loading=\"lazy\" decoding=\"async\" width=\"64\" height=\"64\" src=\"https:\/\/o-seznam.cz\/pravni-informace\/wp-content\/uploads\/sites\/6\/2025\/03\/seznam-cz-ai.svg\" class=\"attachment-full size-full\" alt=\"\" \/><\/figure>\n\n\n\n<p class=\"has-text-align-center is-style-wrap-balance\"><strong>Vyu\u017eit\u00ed um\u011bl\u00e9 inteligence<\/strong><\/p>\n\n\n\n<p class=\"has-text-align-center is-style-wrap-balance\">Na na\u0161ich slu\u017eb\u00e1ch vyu\u017e\u00edv\u00e1me n\u00e1stroje um\u011bl\u00e9 inteligence, v\u010detn\u011b vlastn\u00edho jazykov\u00e9ho modelu.<\/p>\n\n\n\n<div class=\"wp-block-group is-layout-constrained wp-block-group-is-layout-constrained\" style=\"margin-top:var(--wp--preset--spacing--4);margin-bottom:var(--wp--preset--spacing--4)\">\n<p class=\"has-text-align-center is-style-next\"><a href=\"https:\/\/o-seznam.cz\/pravni-informace\/ai\/\">V\u00edce o um\u011bl\u00e9 inteligenci<\/a><\/p>\n<\/div>\n<\/div>\n<\/div>\n<\/div>\n\n\n\n<div class=\"wp-block-group is-layout-constrained wp-block-group-is-layout-constrained\">\n<div class=\"accordion\">\n\t<div class=\"accordion__items\">\n\n<details class=\"expander is-style-box\">\n\t<summary data-datalayer-name=\"\" data-datalayer-text=\"Kontakty v souladu s na\u0159\u00edzen\u00edm o digit\u00e1ln\u00edch slu\u017eb\u00e1ch\">\n\t\t\t\t<strong>Kontakty v souladu s na\u0159\u00edzen\u00edm o digit\u00e1ln\u00edch slu\u017eb\u00e1ch<\/strong>\n\t\t\t<\/summary>\n\t<div class=\"inner-blocks\">\n\n<p>V souladu s na\u0159\u00edzen\u00edm o digit\u00e1ln\u00edch slu\u017eb\u00e1ch (2022\/2065) informujeme, \u017ee:<\/p>\n\n\n\n<ul class=\"wp-block-list\">\n<li>Kontaktn\u00ed m\u00edsto pro org\u00e1ny \u010dlensk\u00fdch st\u00e1t\u016f, Evropskou komisi a sbor je: datov\u00e1 schr\u00e1nka spole\u010dnosti Seznam.cz, a.s., identifik\u00e1tor datov\u00e9 schr\u00e1nky: ykbchcg. Pro komunikaci je stanoven \u010desk\u00fd nebo anglick\u00fd jazyk.<\/li>\n\n\n\n<li>Kontaktn\u00ed m\u00edsto pro p\u0159\u00edjemce slu\u017eby je kontaktn\u00ed adresa nebo kontaktn\u00ed formul\u00e1\u0159 p\u0159\u00edslu\u0161n\u00e9 slu\u017eby, t\u00edmto nen\u00ed dot\u010dena mo\u017enost kontaktu do datov\u00e9 schr\u00e1nky spole\u010dnosti Seznam.cz, a.s.<\/li>\n\n\n\n<li>Ozn\u00e1men\u00ed mo\u017en\u00e9ho nez\u00e1konn\u00e9ho obsahu na hostingov\u00fdch slu\u017eb\u00e1ch spole\u010dnosti Seznam.cz, a.s. v souladu s na\u0159\u00edzen\u00edm o digit\u00e1ln\u00edch slu\u017eb\u00e1ch mus\u00ed obsahovat n\u00e1sleduj\u00edc\u00ed prvky:\n<ul class=\"wp-block-list\">\n<li>Dostate\u010dn\u011b podlo\u017een\u00e9 vysv\u011btlen\u00ed d\u016fvod\u016f, pro\u010d osoba nebo subjekt tvrd\u00ed, \u017ee dot\u010den\u00e9 informace p\u0159edstavuj\u00ed nez\u00e1konn\u00fd obsah.<\/li>\n\n\n\n<li>Jednozna\u010dn\u00fd \u00fadaj o p\u0159esn\u00e9m elektronick\u00e9m um\u00edst\u011bn\u00ed t\u011bchto informac\u00ed, nap\u0159\u00edklad p\u0159esnou jednotnou adresu URL.<\/li>\n\n\n\n<li>Jm\u00e9no osoby nebo n\u00e1zev subjektu pod\u00e1vaj\u00edc\u00edch ozn\u00e1men\u00ed a jejich e-mailovou adresu, krom\u011b p\u0159\u00edpadu informac\u00ed, o nich\u017e se usuzuje, \u017ee p\u0159edstavuj\u00ed jeden z trestn\u00fdch \u010din\u016f uveden\u00fdch v \u010dl\u00e1nc\u00edch 3 a\u017e 7 sm\u011brnice 2011\/93\/EU.<\/li>\n\n\n\n<li>Prohl\u00e1\u0161en\u00ed potvrzuj\u00edc\u00ed, \u017ee osoba nebo subjekt pod\u00e1vaj\u00edc\u00ed ozn\u00e1men\u00ed se v dobr\u00e9 v\u00ed\u0159e domn\u00edvaj\u00ed, \u017ee informace a tvrzen\u00ed obsa\u017een\u00e9 v ozn\u00e1men\u00ed jsou p\u0159esn\u00e9 a \u00fapln\u00e9.<\/li>\n<\/ul>\n<\/li>\n<\/ul>\n\n<\/div><\/details>\n\n\n\n<details class=\"expander is-style-box\">\n\t<summary data-datalayer-name=\"\" data-datalayer-text=\"Informace v souladu se z\u00e1konem o audiovizu\u00e1ln\u00edch medi\u00e1ln\u00edch slu\u017eb\u00e1ch na vy\u017e\u00e1d\u00e1n\u00ed\">\n\t\t\t\t<strong>Informace v souladu se z\u00e1konem o audiovizu\u00e1ln\u00edch medi\u00e1ln\u00edch slu\u017eb\u00e1ch na vy\u017e\u00e1d\u00e1n\u00ed<\/strong>\n\t\t\t<\/summary>\n\t<div class=\"inner-blocks\">\n\n<p>Poskytovatelem audiovizu\u00e1ln\u00ed medi\u00e1ln\u00ed slu\u017eby na vy\u017e\u00e1d\u00e1n\u00ed www.stream.cz a www.televizeseznam.cz je ve smyslu z\u00e1kona \u010d. 132\/2010 Sb. spole\u010dnost Seznam.cz, a.s. (www.seznam.cz, se s\u00eddlem Radlick\u00e1 3294\/10, 150 00 Praha 5, I\u010cO: 26168685, +420 234 694 111), jej\u00ed\u017e \u010dinnost se \u0159\u00edd\u00ed pr\u00e1vn\u00edm \u0159\u00e1dem \u010cesk\u00e9 republiky. Org\u00e1nem dohledu nad poskytov\u00e1n\u00edm audiovizu\u00e1ln\u00edch medi\u00e1ln\u00edch slu\u017eeb na vy\u017e\u00e1d\u00e1n\u00ed je Rada pro rozhlasov\u00e9 a televizn\u00ed vys\u00edl\u00e1n\u00ed.<\/p>\n\n<\/div><\/details>\n\n\n\n<details class=\"expander is-style-box\">\n\t<summary data-datalayer-name=\"\" data-datalayer-text=\"Ochrana oznamovatel\u016f\">\n\t\t\t\t<strong>Ochrana oznamovatel\u016f<\/strong>\n\t\t\t<\/summary>\n\t<div class=\"inner-blocks\">\n\n<p class=\"is-style-link-external\">Pokud m\u00e1te podez\u0159en\u00ed na mo\u017en\u00e9 protipr\u00e1vn\u00ed jedn\u00e1n\u00ed ve smyslu z\u00e1kona \u010d. 171\/2023 Sb., o ochran\u011b oznamovatel\u016f, v platn\u00e9m zn\u011bn\u00ed, a jste zam\u011bstnanec spole\u010dnosti Seznam.cz, a.s., jej\u00ed spolupracovn\u00edk nebo osoba v obdobn\u00e9m postaven\u00ed, m\u00e1te mo\u017enost o n\u011bm poslat ozn\u00e1men\u00ed. V\u00edce informac\u00ed o na\u0161em intern\u00edm oznamovac\u00edm syst\u00e9mu naleznete na <a href=\"https:\/\/seznam.whistlelink.com\" target=\"_blank\" rel=\"noreferrer noopener\">Whistlelinku<\/a>.<\/p>\n\n<\/div><\/details>\n\n\n\n<details class=\"expander is-style-box\">\n\t<summary data-datalayer-name=\"\" data-datalayer-text=\"Chcete nahl\u00e1sit nez\u00e1konn\u00fd obsah, nebo nesouhlas\u00edte s rozhodnut\u00edm? \">\n\t\t\t\t<strong>Chcete nahl\u00e1sit nez\u00e1konn\u00fd obsah, nebo nesouhlas\u00edte s rozhodnut\u00edm? <\/strong>\n\t\t\t<\/summary>\n\t<div class=\"inner-blocks\">\n\n<p>Vypl\u0148te jednodu\u0161e n\u00e1\u0161 <a href=\"https:\/\/o-seznam.cz\/kontakty\/dsa\/\">formul\u00e1\u0159<\/a> podle pravidel EU (DSA).\u00a0\u00a0<\/p>\n\n<\/div><\/details>\n\n<\/div><\/div>\n\n<\/div>\n","protected":false},"excerpt":{"rendered":"<p>Z\u00e1sady ochrany osobn\u00edch \u00fadaj\u016f Z\u00e1le\u017e\u00ed n\u00e1m na va\u0161em soukrom\u00ed. Proto ze Z\u00e1sad jednodu\u0161e zjist\u00edte, jak s va\u0161imi daty pracujeme. P\u0159e\u010d\u00edst si z\u00e1sady Personalizace obsahu a reklamy D\u00edky personalizaci m\u016f\u017eete vyu\u017e\u00edvat na\u0161ich slu\u017eeb zdarma a dost\u00e1vat jen obsah, co v\u00e1s zaj\u00edm\u00e1. Zjistit v\u00edc o personalizaci Podpisov\u00fd \u0159\u00e1d Ur\u010duje, kdo a za jak\u00fdch podm\u00ednek m\u016f\u017ee dokumenty jm\u00e9nem [&hellip;]<\/p>\n","protected":false},"author":2,"featured_media":0,"parent":0,"menu_order":0,"comment_status":"closed","ping_status":"closed","template":"","meta":{"_acf_changed":false,"_relevanssi_hide_post":"","_relevanssi_hide_content":"","_relevanssi_pin_for_all":"","_relevanssi_pin_keywords":"","_relevanssi_unpin_keywords":"","_relevanssi_related_keywords":"","_relevanssi_related_include_ids":"","_relevanssi_related_exclude_ids":"","_relevanssi_related_no_append":"","_relevanssi_related_not_related":"","_relevanssi_related_posts":"","_relevanssi_noindex_reason":"","footnotes":""},"page_category":[],"page_tag":[],"class_list":["post-5","page","type-page","status-publish","hentry"],"acf":[],"lang":"cs","translations":{"cs":5,"en":2519},"pll_sync_post":[],"_links":{"self":[{"href":"https:\/\/o-seznam.cz\/pravni-informace\/wp-json\/wp\/v2\/pages\/5","targetHints":{"allow":["GET"]}}],"collection":[{"href":"https:\/\/o-seznam.cz\/pravni-informace\/wp-json\/wp\/v2\/pages"}],"about":[{"href":"https:\/\/o-seznam.cz\/pravni-informace\/wp-json\/wp\/v2\/types\/page"}],"author":[{"embeddable":true,"href":"https:\/\/o-seznam.cz\/pravni-informace\/wp-json\/wp\/v2\/users\/2"}],"replies":[{"embeddable":true,"href":"https:\/\/o-seznam.cz\/pravni-informace\/wp-json\/wp\/v2\/comments?post=5"}],"version-history":[{"count":64,"href":"https:\/\/o-seznam.cz\/pravni-informace\/wp-json\/wp\/v2\/pages\/5\/revisions"}],"predecessor-version":[{"id":2387,"href":"https:\/\/o-seznam.cz\/pravni-informace\/wp-json\/wp\/v2\/pages\/5\/revisions\/2387"}],"wp:attachment":[{"href":"https:\/\/o-seznam.cz\/pravni-informace\/wp-json\/wp\/v2\/media?parent=5"}],"wp:term":[{"taxonomy":"page_category","embeddable":true,"href":"https:\/\/o-seznam.cz\/pravni-informace\/wp-json\/wp\/v2\/page_category?post=5"},{"taxonomy":"page_tag","embeddable":true,"href":"https:\/\/o-seznam.cz\/pravni-informace\/wp-json\/wp\/v2\/page_tag?post=5"}],"curies":[{"name":"wp","href":"https:\/\/api.w.org\/{rel}","templated":true}]}}