{"id":2285,"date":"2025-02-28T15:16:26","date_gmt":"2025-02-28T14:16:26","guid":{"rendered":"https:\/\/o-seznam.cz\/pravni-informace\/?page_id=2285"},"modified":"2025-11-04T10:22:12","modified_gmt":"2025-11-04T09:22:12","slug":"ai","status":"publish","type":"page","link":"https:\/\/o-seznam.cz\/pravni-informace\/ai\/","title":{"rendered":"Vyu\u017eit\u00ed um\u011bl\u00e9 inteligence"},"content":{"rendered":"\n<div class=\"wp-block-group is-content-justification-left is-layout-constrained wp-container-core-group-is-layout-0ed21503 wp-block-group-is-layout-constrained\">\n<p>Seznam.cz jako technologick\u00e1 platforma s \u0161irok\u00fdm portfoliem produkt\u016f klade d\u016fraz na vysokou kvalitu sv\u00fdch slu\u017eeb, bezpe\u010dnost a transparentnost. V r\u00e1mci inovac\u00ed vyu\u017e\u00edv\u00e1me um\u011blou inteligenci (AI), s n\u00ed\u017e se m\u016f\u017eete setk\u00e1vat na domovsk\u00e9 str\u00e1nce, v diskuz\u00edch, ve Vyhled\u00e1v\u00e1n\u00ed, na slu\u017eb\u00e1ch typu Sreality.cz nebo v na\u0161\u00ed N\u00e1pov\u011bd\u011b. Dlouhodob\u011b vyv\u00edj\u00edme n\u00e1\u0161 vlastn\u00ed velk\u00fd jazykov\u00fd model nazvan\u00fd SeLLMa, jeho\u017e p\u0159ednost\u00ed je perfektn\u00ed znalost \u010de\u0161tiny a bezpe\u010dn\u00e9 um\u00edst\u011bn\u00ed dat na serverech v na\u0161ich vlastn\u00edch datov\u00fdch centrech v Horn\u00edch Po\u010dernic\u00edch a Ben\u00e1tk\u00e1ch nad Jizerou. N\u00e1stroje um\u011bl\u00e9 inteligence jsou po\u010d\u00edta\u010dov\u00e9 programy, a by\u0165 se neust\u00e1le u\u010d\u00ed a vyv\u00edj\u00ed, nezapom\u00ednejte na kontrolu v\u00fdstup\u016f a kritick\u00e9 my\u0161len\u00ed. Pokud obdr\u017e\u00edte nep\u0159esnou \u010di dokonce nespr\u00e1vnou odpov\u011b\u010f \u010di reakci, budeme r\u00e1di za zp\u011btnou vazbu. Kontaktovat n\u00e1s m\u016f\u017eete <a href=\"https:\/\/o-seznam.cz\/kontakty\/napiste-nam\/?message=ai\">prost\u0159ednictv\u00edm formul\u00e1\u0159e<\/a>.<\/p>\n\n\n\n<p>V p\u0159\u00edpad\u011b, \u017ee bude um\u011bl\u00e1 inteligence zpracov\u00e1vat va\u0161e osobn\u00ed \u00fadaje, budeme v\u00e1s o tom informovat. Va\u0161e osobn\u00ed \u00fadaje v\u017edy zpracov\u00e1v\u00e1me v souladu se z\u00e1sadami ochrany osobn\u00edch \u00fadaj\u016f. Na\u0161i filozofii pro vyu\u017e\u00edv\u00e1n\u00ed um\u011bl\u00e9 inteligence na vybran\u00fdch slu\u017eb\u00e1ch najdete v na\u0161\u00ed <a href=\"https:\/\/o-seznam.cz\/odpovednost\/kodex\/ai\/\">Chart\u011b AI<\/a>.<\/p>\n<\/div>\n\n\n\n<div class=\"wp-block-group is-layout-constrained wp-block-group-is-layout-constrained\">\n<h2 class=\"wp-block-heading\">Nej\u010dast\u011bj\u0161\u00ed dotazy<\/h2>\n\n\n\n<div class=\"accordion\">\n\t<div class=\"accordion__items\">\n\n<details class=\"expander is-style-default\">\n\t<summary data-datalayer-name=\"\" data-datalayer-text=\"Jak\u00e9 n\u00e1stroje um\u011bl\u00e9 inteligenci na seznam\u00e1ck\u00fdch slu\u017eb\u00e1ch pou\u017e\u00edv\u00e1te?\">\n\t\t\t\t<strong>Jak\u00e9 n\u00e1stroje um\u011bl\u00e9 inteligenci na seznam\u00e1ck\u00fdch slu\u017eb\u00e1ch pou\u017e\u00edv\u00e1te?<\/strong>\n\t\t\t<\/summary>\n\t<div class=\"inner-blocks\">\n\n<p>Pou\u017e\u00edv\u00e1me jazykov\u00e9 modely, chatboty, voice boty, n\u00e1stroje pro automatick\u00e9 sumarizace, p\u0159eklady, syst\u00e9my pro rozpozn\u00e1v\u00e1n\u00ed objekt\u016f.<\/p>\n\n<\/div><\/details>\n\n\n\n<details class=\"expander is-style-default\">\n\t<summary data-datalayer-name=\"\" data-datalayer-text=\"Ukl\u00e1daj\u00ed si AI n\u00e1stroje moje osobn\u00ed \u00fadaje?\">\n\t\t\t\t<strong>Ukl\u00e1daj\u00ed si AI n\u00e1stroje moje osobn\u00ed \u00fadaje?<\/strong>\n\t\t\t<\/summary>\n\t<div class=\"inner-blocks\">\n\n<p>To z\u00e1le\u017e\u00ed na konkr\u00e9tn\u00ed slu\u017eb\u011b a AI n\u00e1stroji. M\u00e1me v\u0161ak povinnost dodr\u017eovat z\u00e1sady ochrany soukrom\u00ed a v souladu s pr\u00e1vn\u00edmi p\u0159edpisy zpracov\u00e1vat osobn\u00ed \u00fadaje v co nejmen\u0161\u00edm rozsahu.<\/p>\n\n<\/div><\/details>\n\n\n\n<details class=\"expander is-style-default\">\n\t<summary data-datalayer-name=\"\" data-datalayer-text=\"Nezneu\u017eije AI m\u00e9 osobn\u00ed \u00fadaje, kter\u00e9 v\u00e1m poskytuji?\">\n\t\t\t\t<strong>Nezneu\u017eije AI m\u00e9 osobn\u00ed \u00fadaje, kter\u00e9 v\u00e1m poskytuji?<\/strong>\n\t\t\t<\/summary>\n\t<div class=\"inner-blocks\">\n\n<p>Sou\u010dasn\u00e9 AI n\u00e1stroje jsou navr\u017eeny tak, aby chr\u00e1nily soukrom\u00ed a osobn\u00ed \u00fadaje zpracov\u00e1valy pouze v omezen\u00e9 m\u00ed\u0159e a po omezenou dobu. V\u017edy je ale dobr\u00e9 zkontrolovat z\u00e1sady ochrany osobn\u00edch \u00fadaj\u016f dan\u00e9 slu\u017eby.<\/p>\n\n<\/div><\/details>\n\n\n\n<details class=\"expander is-style-default\">\n\t<summary data-datalayer-name=\"\" data-datalayer-text=\"U\u010d\u00ed se v\u00e1\u0161 vlastn\u00ed model nebo modely t\u0159et\u00edch stran z m\u00fdch aktivit na va\u0161ich slu\u017eb\u00e1ch?\">\n\t\t\t\t<strong>U\u010d\u00ed se v\u00e1\u0161 vlastn\u00ed model nebo modely t\u0159et\u00edch stran z m\u00fdch aktivit na va\u0161ich slu\u017eb\u00e1ch?<\/strong>\n\t\t\t<\/summary>\n\t<div class=\"inner-blocks\">\n\n<p>Pou\u017eit\u00ed dat se \u0159\u00edd\u00ed platn\u00fdmi z\u00e1kony a z\u00e1sadami ochrany soukrom\u00ed. Modely um\u011bl\u00e9 inteligence mohou b\u00fdt tr\u00e9nov\u00e1ny na anonymizovan\u00fdch nebo agregovan\u00fdch datech, pokud to odpov\u00edd\u00e1 z\u00e1sad\u00e1m dan\u00e9 slu\u017eby. Doporu\u010dujeme v\u00e1m sezn\u00e1mit se s podm\u00ednkami konkr\u00e9tn\u00ed slu\u017eby, kde najdete podrobnosti o zpracov\u00e1n\u00ed va\u0161ich \u00fadaj\u016f.<\/p>\n\n<\/div><\/details>\n\n\n\n<details class=\"expander is-style-default\">\n\t<summary data-datalayer-name=\"\" data-datalayer-text=\"Nejsem si jist\u00fd\/jist\u00e1 spr\u00e1vnou funkc\u00ed AI n\u00e1stroj\u016f na va\u0161ich slu\u017eb\u00e1ch. Komu o tom mohu d\u00e1t v\u011bd\u011bt?\">\n\t\t\t\t<strong>Nejsem si jist\u00fd\/jist\u00e1 spr\u00e1vnou funkc\u00ed AI n\u00e1stroj\u016f na va\u0161ich slu\u017eb\u00e1ch. Komu o tom mohu d\u00e1t v\u011bd\u011bt?<\/strong>\n\t\t\t<\/summary>\n\t<div class=\"inner-blocks\">\n\n<p>V\u00edce informac\u00ed naleznete v na\u0161\u00ed N\u00e1pov\u011bd\u011b nebo v\u00e1m je poskytne na\u0161e <a href=\"https:\/\/o-seznam.cz\/kontakty\/\">U\u017eivatelsk\u00e1 podpora<\/a>.<\/p>\n\n<\/div><\/details>\n\n\n\n<details class=\"expander is-style-default\">\n\t<summary data-datalayer-name=\"\" data-datalayer-text=\"Pro\u010d na va\u0161ich slu\u017eb\u00e1ch vyu\u017e\u00edv\u00e1te um\u011blou inteligenci?\">\n\t\t\t\t<strong>Pro\u010d na va\u0161ich slu\u017eb\u00e1ch vyu\u017e\u00edv\u00e1te um\u011blou inteligenci?<\/strong>\n\t\t\t<\/summary>\n\t<div class=\"inner-blocks\">\n\n<p>AI n\u00e1m pom\u00e1h\u00e1 zefektivnit na\u0161e slu\u017eby, aby p\u0159in\u00e1\u0161ely je\u0161t\u011b kvalitn\u011bj\u0161\u00ed u\u017eivatelsk\u00fd z\u00e1\u017eitek.<\/p>\n\n<\/div><\/details>\n\n\n\n<details class=\"expander is-style-default\">\n\t<summary data-datalayer-name=\"\" data-datalayer-text=\"Na jak\u00fdch slu\u017eb\u00e1ch se mohu s um\u011blou inteligenc\u00ed setkat?\">\n\t\t\t\t<strong>Na jak\u00fdch slu\u017eb\u00e1ch se mohu s um\u011blou inteligenc\u00ed setkat?<\/strong>\n\t\t\t<\/summary>\n\t<div class=\"inner-blocks\">\n\n<p>AI n\u00e1m pom\u00e1h\u00e1 p\u0159i hled\u00e1n\u00ed co nejlep\u0161\u00edch v\u00fdsledk\u016f v na\u0161em Vyhled\u00e1v\u00e1n\u00ed. Um\u00ed tak\u00e9 dokonale shrnout obsah \u010dl\u00e1nk\u016f z Novinky.cz a Seznam Zpr\u00e1vy, p\u0159\u00edpadn\u011b rozd\u011blit nej\u010dast\u011bj\u0161\u00ed t\u00e9mata v diskuz\u00edch. Zapojen\u00ed AI pou\u017e\u00edv\u00e1 n\u00e1\u0161 klientsk\u00fd servis p\u0159i interakci s u\u017eivateli, a\u0165 u\u017e formou chatbota nebo formou hlasov\u00fdch slu\u017eeb. S um\u011bl\u00fdm (syntetick\u00fdm) hlasem moder\u00e1tora se m\u016f\u017eete setkat na vln\u00e1ch r\u00e1di\u00ed Expres FM a Classic Praha nebo p\u0159i \u010dten\u00ed audioverze \u010dl\u00e1nk\u016f.<\/p>\n\n<\/div><\/details>\n\n<\/div><\/div>\n\n<\/div>\n","protected":false},"excerpt":{"rendered":"<p>Seznam.cz jako technologick\u00e1 platforma s \u0161irok\u00fdm portfoliem produkt\u016f klade d\u016fraz na vysokou kvalitu sv\u00fdch slu\u017eeb, bezpe\u010dnost a transparentnost. V r\u00e1mci inovac\u00ed vyu\u017e\u00edv\u00e1me um\u011blou inteligenci (AI), s n\u00ed\u017e se m\u016f\u017eete setk\u00e1vat na domovsk\u00e9 str\u00e1nce, v diskuz\u00edch, ve Vyhled\u00e1v\u00e1n\u00ed, na slu\u017eb\u00e1ch typu Sreality.cz nebo v na\u0161\u00ed N\u00e1pov\u011bd\u011b. Dlouhodob\u011b vyv\u00edj\u00edme n\u00e1\u0161 vlastn\u00ed velk\u00fd jazykov\u00fd model nazvan\u00fd SeLLMa, jeho\u017e [&hellip;]<\/p>\n","protected":false},"author":2,"featured_media":0,"parent":0,"menu_order":0,"comment_status":"closed","ping_status":"closed","template":"","meta":{"_acf_changed":false,"_relevanssi_hide_post":"","_relevanssi_hide_content":"","_relevanssi_pin_for_all":"","_relevanssi_pin_keywords":"","_relevanssi_unpin_keywords":"","_relevanssi_related_keywords":"","_relevanssi_related_include_ids":"","_relevanssi_related_exclude_ids":"","_relevanssi_related_no_append":"","_relevanssi_related_not_related":"","_relevanssi_related_posts":"","_relevanssi_noindex_reason":"","footnotes":""},"page_category":[],"page_tag":[],"class_list":["post-2285","page","type-page","status-publish","hentry"],"acf":[],"lang":"cs","translations":{"cs":2285,"en":2698},"pll_sync_post":[],"_links":{"self":[{"href":"https:\/\/o-seznam.cz\/pravni-informace\/wp-json\/wp\/v2\/pages\/2285","targetHints":{"allow":["GET"]}}],"collection":[{"href":"https:\/\/o-seznam.cz\/pravni-informace\/wp-json\/wp\/v2\/pages"}],"about":[{"href":"https:\/\/o-seznam.cz\/pravni-informace\/wp-json\/wp\/v2\/types\/page"}],"author":[{"embeddable":true,"href":"https:\/\/o-seznam.cz\/pravni-informace\/wp-json\/wp\/v2\/users\/2"}],"replies":[{"embeddable":true,"href":"https:\/\/o-seznam.cz\/pravni-informace\/wp-json\/wp\/v2\/comments?post=2285"}],"version-history":[{"count":11,"href":"https:\/\/o-seznam.cz\/pravni-informace\/wp-json\/wp\/v2\/pages\/2285\/revisions"}],"predecessor-version":[{"id":2403,"href":"https:\/\/o-seznam.cz\/pravni-informace\/wp-json\/wp\/v2\/pages\/2285\/revisions\/2403"}],"wp:attachment":[{"href":"https:\/\/o-seznam.cz\/pravni-informace\/wp-json\/wp\/v2\/media?parent=2285"}],"wp:term":[{"taxonomy":"page_category","embeddable":true,"href":"https:\/\/o-seznam.cz\/pravni-informace\/wp-json\/wp\/v2\/page_category?post=2285"},{"taxonomy":"page_tag","embeddable":true,"href":"https:\/\/o-seznam.cz\/pravni-informace\/wp-json\/wp\/v2\/page_tag?post=2285"}],"curies":[{"name":"wp","href":"https:\/\/api.w.org\/{rel}","templated":true}]}}

Využití umělé inteligence

<div class="wp-block-group is-content-justification-left is-layout-constrained wp-container-core-group-is-layout-0ed21503 wp-block-group-is-layout-constrained">
<p>Seznam.cz jako technologická platforma s širokým portfoliem produktů klade důraz na vysokou kvalitu svých služeb, bezpečnost a transparentnost. V rámci inovací využíváme umělou inteligenci (AI), s níž se můžete setkávat na domovské stránce, v diskuzích, ve Vyhledávání, na službách typu Sreality.cz nebo v naší Nápovědě. Dlouhodobě vyvíjíme náš vlastní velký jazykový model nazvaný SeLLMa, jehož předností je perfektní znalost češtiny a bezpečné umístění dat na serverech v našich vlastních datových centrech v Horních Počernicích a Benátkách nad Jizerou. Nástroje umělé inteligence jsou počítačové programy, a byť se neustále učí a vyvíjí, nezapomínejte na kontrolu výstupů a kritické myšlení. Pokud obdržíte nepřesnou či dokonce nesprávnou odpověď či reakci, budeme rádi za zpětnou vazbu. Kontaktovat nás můžete <a href="https://o-seznam.cz/kontakty/napiste-nam/?message=ai">prostřednictvím formuláře</a>.</p>



<p>V případě, že bude umělá inteligence zpracovávat vaše osobní údaje, budeme vás o tom informovat. Vaše osobní údaje vždy zpracováváme v souladu se zásadami ochrany osobních údajů. Naši filozofii pro využívání umělé inteligence na vybraných službách najdete v naší <a href="https://o-seznam.cz/odpovednost/kodex/ai/">Chartě AI</a>.</p>
</div>



<div class="wp-block-group is-layout-constrained wp-block-group-is-layout-constrained">
<h2 class="wp-block-heading">Nejčastější dotazy</h2>



<div class="accordion">
	<div class="accordion__items">

<details class="expander is-style-default">
	<summary data-datalayer-name="" data-datalayer-text="Jaké nástroje umělé inteligenci na seznamáckých službách používáte?">
				<strong>Jaké nástroje umělé inteligenci na seznamáckých službách používáte?</strong>
			</summary>
	<div class="inner-blocks">

<p>Používáme jazykové modely, chatboty, voice boty, nástroje pro automatické sumarizace, překlady, systémy pro rozpoznávání objektů.</p>

</div></details>



<details class="expander is-style-default">
	<summary data-datalayer-name="" data-datalayer-text="Ukládají si AI nástroje moje osobní údaje?">
				<strong>Ukládají si AI nástroje moje osobní údaje?</strong>
			</summary>
	<div class="inner-blocks">

<p>To záleží na konkrétní službě a AI nástroji. Máme však povinnost dodržovat zásady ochrany soukromí a v souladu s právními předpisy zpracovávat osobní údaje v co nejmenším rozsahu.</p>

</div></details>



<details class="expander is-style-default">
	<summary data-datalayer-name="" data-datalayer-text="Nezneužije AI mé osobní údaje, které vám poskytuji?">
				<strong>Nezneužije AI mé osobní údaje, které vám poskytuji?</strong>
			</summary>
	<div class="inner-blocks">

<p>Současné AI nástroje jsou navrženy tak, aby chránily soukromí a osobní údaje zpracovávaly pouze v omezené míře a po omezenou dobu. Vždy je ale dobré zkontrolovat zásady ochrany osobních údajů dané služby.</p>

</div></details>



<details class="expander is-style-default">
	<summary data-datalayer-name="" data-datalayer-text="Učí se váš vlastní model nebo modely třetích stran z mých aktivit na vašich službách?">
				<strong>Učí se váš vlastní model nebo modely třetích stran z mých aktivit na vašich službách?</strong>
			</summary>
	<div class="inner-blocks">

<p>Použití dat se řídí platnými zákony a zásadami ochrany soukromí. Modely umělé inteligence mohou být trénovány na anonymizovaných nebo agregovaných datech, pokud to odpovídá zásadám dané služby. Doporučujeme vám seznámit se s podmínkami konkrétní služby, kde najdete podrobnosti o zpracování vašich údajů.</p>

</div></details>



<details class="expander is-style-default">
	<summary data-datalayer-name="" data-datalayer-text="Nejsem si jistý/jistá správnou funkcí AI nástrojů na vašich službách. Komu o tom mohu dát vědět?">
				<strong>Nejsem si jistý/jistá správnou funkcí AI nástrojů na vašich službách. Komu o tom mohu dát vědět?</strong>
			</summary>
	<div class="inner-blocks">

<p>Více informací naleznete v naší Nápovědě nebo vám je poskytne naše <a href="https://o-seznam.cz/kontakty/">Uživatelská podpora</a>.</p>

</div></details>



<details class="expander is-style-default">
	<summary data-datalayer-name="" data-datalayer-text="Proč na vašich službách využíváte umělou inteligenci?">
				<strong>Proč na vašich službách využíváte umělou inteligenci?</strong>
			</summary>
	<div class="inner-blocks">

<p>AI nám pomáhá zefektivnit naše služby, aby přinášely ještě kvalitnější uživatelský zážitek.</p>

</div></details>



<details class="expander is-style-default">
	<summary data-datalayer-name="" data-datalayer-text="Na jakých službách se mohu s umělou inteligencí setkat?">
				<strong>Na jakých službách se mohu s umělou inteligencí setkat?</strong>
			</summary>
	<div class="inner-blocks">

<p>AI nám pomáhá při hledání co nejlepších výsledků v našem Vyhledávání. Umí také dokonale shrnout obsah článků z Novinky.cz a Seznam Zprávy, případně rozdělit nejčastější témata v diskuzích. Zapojení AI používá náš klientský servis při interakci s uživateli, ať už formou chatbota nebo formou hlasových služeb. S umělým (syntetickým) hlasem moderátora se můžete setkat na vlnách rádií Expres FM a Classic Praha nebo při čtení audioverze článků.</p>

</div></details>

</div></div>

</div>

<p>Seznam.cz jako technologická platforma s širokým portfoliem produktů klade důraz na vysokou kvalitu svých služeb, bezpečnost a transparentnost. V rámci inovací využíváme umělou inteligenci (AI), s níž se můžete setkávat na domovské stránce, v diskuzích, ve Vyhledávání, na službách typu Sreality.cz nebo v naší Nápovědě. Dlouhodobě vyvíjíme náš vlastní velký jazykový model nazvaný SeLLMa, jehož [&hellip;]</p>
