{"id":2026,"date":"2024-06-04T09:55:55","date_gmt":"2024-06-04T07:55:55","guid":{"rendered":"https:\/\/o-seznam.cz\/pravni-informace\/?page_id=2026"},"modified":"2025-02-11T08:24:18","modified_gmt":"2025-02-11T07:24:18","slug":"sluzby-zdarma","status":"publish","type":"page","link":"https:\/\/o-seznam.cz\/pravni-informace\/ochrana-udaju\/souhlas\/sluzby-zdarma\/","title":{"rendered":"Pro\u010d nen\u00ed udr\u017eiteln\u00e9 poskytovat online m\u00e9dia a dal\u0161\u00ed slu\u017eby zcela zdarma"},"content":{"rendered":"\n<div class=\"wp-block-group is-layout-constrained wp-block-group-is-layout-constrained\">\n<p>Dlouhou dobu panovalo v\u0161eobecn\u00e9 p\u0159esv\u011bd\u010den\u00ed, \u017ee obsah na internetu je zdarma. Nen\u00ed. N\u00e1kladn\u00fd provoz obsahov\u00fdch platforem ov\u0161em bylo mo\u017en\u00e9 financovat hlavn\u011b d\u00edky p\u0159\u00edjm\u016fm z reklamy. Zobrazuje se v\u00e1m na slu\u017eb\u00e1ch, kter\u00e9 nav\u0161t\u011bvujete, a inzerenti za tato zobrazen\u00ed n\u00e1sledn\u011b provozovateli dan\u00e9 slu\u017eby, tedy i Seznamu, plat\u00ed. Nejvy\u0161\u0161\u00ed p\u0159\u00edjmy se generuj\u00ed z tzv. c\u00edlen\u00e9 reklamy. Ta ov\u0161em pot\u0159ebuje ke sv\u00e9mu spr\u00e1vn\u00e9mu fungov\u00e1n\u00ed v\u00e1\u0161 souhlas se zpracov\u00e1n\u00edm <a href=\"https:\/\/o-seznam.cz\/pravni-informace\/ochrana-udaju\/\">osobn\u00edch \u00fadaj\u016f<\/a> pro \u00fa\u010dely c\u00edlen\u00e9 reklamy, tzv. &#8222;cookie souhlas&#8220;.<\/p>\n\n\n<div class=\"align wp-block-seznam-stream\"><div class=\"streamAdvanced \">\n\t<button data-stream-video-advanced=\"65108826\">\n\t\t<img loading=\"lazy\" decoding=\"async\" width=\"1280\" height=\"720\" src=\"https:\/\/o-seznam.cz\/pravni-informace\/wp-content\/uploads\/sites\/6\/2024\/09\/seznam-cz-sluzby-zdarma-1280x720.png\" class=\"attachment-ipq-1280x720-true size-ipq-1280x720-true\" alt=\"\" srcset=\"https:\/\/o-seznam.cz\/pravni-informace\/wp-content\/uploads\/sites\/6\/2024\/09\/seznam-cz-sluzby-zdarma-1280x720.png 1280w, https:\/\/o-seznam.cz\/pravni-informace\/wp-content\/uploads\/sites\/6\/2024\/09\/seznam-cz-sluzby-zdarma-992x558.png 992w, https:\/\/o-seznam.cz\/pravni-informace\/wp-content\/uploads\/sites\/6\/2024\/09\/seznam-cz-sluzby-zdarma-320x180.png 320w, https:\/\/o-seznam.cz\/pravni-informace\/wp-content\/uploads\/sites\/6\/2024\/09\/seznam-cz-sluzby-zdarma-768x432.png 768w, https:\/\/o-seznam.cz\/pravni-informace\/wp-content\/uploads\/sites\/6\/2024\/09\/seznam-cz-sluzby-zdarma-1536x864.png 1536w, https:\/\/o-seznam.cz\/pravni-informace\/wp-content\/uploads\/sites\/6\/2024\/09\/seznam-cz-sluzby-zdarma.png 1920w\" sizes=\"auto, (max-width: 1280px) 100vw, 1280px\" \/>\t\t<div class=\"streamAdvanced__button\">\n\t\t\t<div>\n\t\t\t\tPro\u010d nelze poskytovat slu\u017eby zcela zdarma?\t\t\t\t\t\t\t<\/div>\n\t\t<\/div>\n\t<\/button>\n<\/div>\n<\/div>\n\n\n<p>Kdy\u017e souhlas neposkytnete, zobrazuje se v\u00e1m tzv. nec\u00edlen\u00e1 reklama. P\u0159\u00edjmy z nec\u00edlen\u00e9 reklamy nesta\u010d\u00ed na pokryt\u00ed n\u00e1klad\u016f na v\u00fdvoj, provoz a inovaci slu\u017eeb a obsahov\u00fdch web\u016f. Proto v Seznamu, stejn\u011b jako jin\u00e9 firmy, hled\u00e1me dal\u0161\u00ed mo\u017enosti sv\u00e9ho financov\u00e1n\u00ed, ani\u017e bychom museli u\u017e\u00edv\u00e1n\u00ed sv\u00fdch slu\u017eeb plo\u0161n\u011b zpoplat\u0148ovat.<\/p>\n\n\n\n<p>P\u0159\u00edstup k na\u0161im slu\u017eb\u00e1m nechceme nikomu omezovat, proto nab\u00edz\u00edme f\u00e9rovou volbu. Pokud sv\u00e9 osobn\u00ed \u00fadaje poskytovat nechcete, m\u016f\u017eete si zakoupit slu\u017ebu Seznam bez reklam za 1 500 K\u010d ro\u010dn\u011b (125 K\u010d m\u011bs\u00ed\u010dn\u011b) nebo 179 K\u010d m\u011bs\u00ed\u010dn\u011b, p\u0159\u00edpadn\u011b Seznam bez c\u00edlen\u00e9 reklamy za 49 K\u010d m\u011bs\u00ed\u010dn\u011b. V prvn\u00edm p\u0159\u00edpad\u011b se v\u00e1m na na\u0161ich slu\u017eb\u00e1ch nebude zobrazovat \u017e\u00e1dn\u00e1 display \u010di audio a videoreklama. Kdy\u017e zvol\u00edte Seznam bez c\u00edlen\u00e9 reklamy, reklamu v\u00e1m zobraz\u00edme, jen na v\u00e1s nebude tzv. c\u00edlit, tedy nebude reflektovat va\u0161e p\u0159edchoz\u00ed vyhled\u00e1v\u00e1n\u00ed nebo z\u00e1jmy. Zakoup\u00edte\u2011li si jeden z t\u011bchto produkt\u016f, nebudeme o v\u00e1s prost\u0159ednictv\u00edm cookies sb\u00edrat \u017e\u00e1dn\u00e1 data pro analytick\u00e9 a marketingov\u00e9 \u00fa\u010dely, ale m\u016f\u017eete si sami zvolit, zda budete cht\u00edt nap\u0159\u00edklad obsah p\u0159izp\u016fsoben\u00fd na m\u00edru.<\/p>\n\n\n\n<div class=\"wp-block-seznam-box is-layout-flow wp-block-seznam-box-is-layout-flow\"><figure class=\"align wp-block-seznam-icon\"><img loading=\"lazy\" decoding=\"async\" width=\"64\" height=\"64\" src=\"https:\/\/o-seznam.cz\/pravni-informace\/wp-content\/uploads\/sites\/6\/2024\/06\/seznam-cz-uzivatel-email.svg\" class=\"attachment-full size-full\" alt=\"\" \/><\/figure>\n\n\n\n<p class=\"is-style-link-external\">Pokud m\u00e1te na Seznamu e-mail, m\u016f\u017eete si b\u00fdt jist\u00ed, \u017ee se do n\u011bj dostanete i bez nutnosti volby mezi souhlasem se zpracov\u00e1n\u00edm osobn\u00edch \u00fadaj\u016f a platbou.<\/p>\n<\/div>\n<\/div>\n","protected":false},"excerpt":{"rendered":"<p>Dlouhou dobu panovalo v\u0161eobecn\u00e9 p\u0159esv\u011bd\u010den\u00ed, \u017ee obsah na internetu je zdarma. Nen\u00ed. N\u00e1kladn\u00fd provoz obsahov\u00fdch platforem ov\u0161em bylo mo\u017en\u00e9 financovat hlavn\u011b d\u00edky p\u0159\u00edjm\u016fm z reklamy. Zobrazuje se v\u00e1m na slu\u017eb\u00e1ch, kter\u00e9 nav\u0161t\u011bvujete, a inzerenti za tato zobrazen\u00ed n\u00e1sledn\u011b provozovateli dan\u00e9 slu\u017eby, tedy i Seznamu, plat\u00ed. Nejvy\u0161\u0161\u00ed p\u0159\u00edjmy se generuj\u00ed z tzv. c\u00edlen\u00e9 reklamy. Ta ov\u0161em [&hellip;]<\/p>\n","protected":false},"author":2,"featured_media":0,"parent":1629,"menu_order":1,"comment_status":"closed","ping_status":"closed","template":"page-sidemenu","meta":{"_acf_changed":false,"_relevanssi_hide_post":"","_relevanssi_hide_content":"","_relevanssi_pin_for_all":"","_relevanssi_pin_keywords":"","_relevanssi_unpin_keywords":"","_relevanssi_related_keywords":"","_relevanssi_related_include_ids":"","_relevanssi_related_exclude_ids":"","_relevanssi_related_no_append":"","_relevanssi_related_not_related":"","_relevanssi_related_posts":"","_relevanssi_noindex_reason":"","footnotes":""},"page_category":[6],"page_tag":[],"class_list":["post-2026","page","type-page","status-publish","hentry"],"acf":[],"lang":"cs","translations":{"cs":2026,"en":2644},"pll_sync_post":[],"_links":{"self":[{"href":"https:\/\/o-seznam.cz\/pravni-informace\/wp-json\/wp\/v2\/pages\/2026","targetHints":{"allow":["GET"]}}],"collection":[{"href":"https:\/\/o-seznam.cz\/pravni-informace\/wp-json\/wp\/v2\/pages"}],"about":[{"href":"https:\/\/o-seznam.cz\/pravni-informace\/wp-json\/wp\/v2\/types\/page"}],"author":[{"embeddable":true,"href":"https:\/\/o-seznam.cz\/pravni-informace\/wp-json\/wp\/v2\/users\/2"}],"replies":[{"embeddable":true,"href":"https:\/\/o-seznam.cz\/pravni-informace\/wp-json\/wp\/v2\/comments?post=2026"}],"version-history":[{"count":19,"href":"https:\/\/o-seznam.cz\/pravni-informace\/wp-json\/wp\/v2\/pages\/2026\/revisions"}],"predecessor-version":[{"id":2275,"href":"https:\/\/o-seznam.cz\/pravni-informace\/wp-json\/wp\/v2\/pages\/2026\/revisions\/2275"}],"up":[{"embeddable":true,"href":"https:\/\/o-seznam.cz\/pravni-informace\/wp-json\/wp\/v2\/pages\/1629"}],"wp:attachment":[{"href":"https:\/\/o-seznam.cz\/pravni-informace\/wp-json\/wp\/v2\/media?parent=2026"}],"wp:term":[{"taxonomy":"page_category","embeddable":true,"href":"https:\/\/o-seznam.cz\/pravni-informace\/wp-json\/wp\/v2\/page_category?post=2026"},{"taxonomy":"page_tag","embeddable":true,"href":"https:\/\/o-seznam.cz\/pravni-informace\/wp-json\/wp\/v2\/page_tag?post=2026"}],"curies":[{"name":"wp","href":"https:\/\/api.w.org\/{rel}","templated":true}]}}