{"id":2017,"date":"2024-06-03T19:08:55","date_gmt":"2024-06-03T17:08:55","guid":{"rendered":"https:\/\/o-seznam.cz\/pravni-informace\/?page_id=2017"},"modified":"2024-09-16T17:34:25","modified_gmt":"2024-09-16T15:34:25","slug":"ochrana-dat","status":"publish","type":"page","link":"https:\/\/o-seznam.cz\/pravni-informace\/ochrana-udaju\/souhlas\/ochrana-dat\/","title":{"rendered":"Jak va\u0161e osobn\u00ed \u00fadaje v Seznamu chr\u00e1n\u00edme"},"content":{"rendered":"\n<div class=\"wp-block-group is-layout-constrained wp-block-group-is-layout-constrained\">\n<p>V Seznamu va\u0161e osobn\u00ed \u00fadaje chr\u00e1n\u00edme ve vlastn\u00edch datov\u00fdch centrech a \u017e\u00e1dn\u00e9mu dal\u0161\u00edmu subjektu nap\u0159\u00edmo neposkytujeme data, z nich\u017e by byla mo\u017en\u00e1 va\u0161e identifikace a neposkytujeme ani nap\u0159. e-mail, telefon apod.<\/p>\n\n\n<div class=\"align wp-block-seznam-stream\"><div class=\"streamAdvanced \">\n\t<button data-stream-video-advanced=\"65105358\">\n\t\t<img loading=\"lazy\" decoding=\"async\" width=\"1280\" height=\"720\" src=\"https:\/\/o-seznam.cz\/pravni-informace\/wp-content\/uploads\/sites\/6\/2024\/09\/seznam-cz-souhlas-ochrana-1280x720.png\" class=\"attachment-ipq-1280x720-true size-ipq-1280x720-true\" alt=\"\" srcset=\"https:\/\/o-seznam.cz\/pravni-informace\/wp-content\/uploads\/sites\/6\/2024\/09\/seznam-cz-souhlas-ochrana-1280x720.png 1280w, https:\/\/o-seznam.cz\/pravni-informace\/wp-content\/uploads\/sites\/6\/2024\/09\/seznam-cz-souhlas-ochrana-992x558.png 992w, https:\/\/o-seznam.cz\/pravni-informace\/wp-content\/uploads\/sites\/6\/2024\/09\/seznam-cz-souhlas-ochrana-320x180.png 320w, https:\/\/o-seznam.cz\/pravni-informace\/wp-content\/uploads\/sites\/6\/2024\/09\/seznam-cz-souhlas-ochrana-768x432.png 768w, https:\/\/o-seznam.cz\/pravni-informace\/wp-content\/uploads\/sites\/6\/2024\/09\/seznam-cz-souhlas-ochrana-1536x864.png 1536w, https:\/\/o-seznam.cz\/pravni-informace\/wp-content\/uploads\/sites\/6\/2024\/09\/seznam-cz-souhlas-ochrana.png 1920w\" sizes=\"auto, (max-width: 1280px) 100vw, 1280px\" \/>\t\t<div class=\"streamAdvanced__button\">\n\t\t\t<div>\n\t\t\t\tJak va\u0161e data chr\u00e1n\u00edme?\t\t\t\t\t\t\t<\/div>\n\t\t<\/div>\n\t<\/button>\n<\/div>\n<\/div>\n\n\n<div class=\"wp-block-seznam-box is-layout-flow wp-block-seznam-box-is-layout-flow\"><figure class=\"align wp-block-seznam-icon\"><img loading=\"lazy\" decoding=\"async\" width=\"64\" height=\"64\" src=\"https:\/\/o-seznam.cz\/pravni-informace\/wp-content\/uploads\/sites\/6\/2024\/06\/seznam-cz-uzivatel.svg\" class=\"attachment-full size-full\" alt=\"\" \/><\/figure>\n\n\n\n<p>Ve sv\u00e9m \u00fa\u010dtu si m\u016f\u017eete kdykoli zkontrolovat, jak\u00e1 u\u017eivatelsk\u00e1 data s n\u00e1mi sd\u00edl\u00edte. A m\u00e1te mo\u017enost si tak\u00e9 kdykoli upravit oblasti va\u0161eho z\u00e1jmu, abyste dost\u00e1vali je\u0161t\u011b relevantn\u011bj\u0161\u00ed obsah nebo reklamy.<\/p>\n<\/div>\n\n\n\n<p>Na\u0161im partner\u016fm poskytujeme pouze tzv. pseudonymizovan\u00e9 \u00fadaje, ze kter\u00fdch je sice patrn\u00e9, do jak\u00e9 v\u011bkov\u00e9 skupiny pat\u0159\u00edte, co v\u00e1s na internetu zaj\u00edm\u00e1 a jak\u00e9 pou\u017e\u00edv\u00e1te za\u0159\u00edzen\u00ed, ale je nemo\u017en\u00e9 z takov\u00fdch dat odvodit, o koho konkr\u00e9tn\u011b se jedn\u00e1. Centra se py\u0161n\u00ed \u0161pi\u010dkovou technologi\u00ed a v\u0161echna s\u00eddl\u00ed u n\u00e1s v \u010cesk\u00e9 republice, a\u0165 je m\u00e1me st\u00e1le na o\u010d\u00edch.<\/p>\n<\/div>\n","protected":false},"excerpt":{"rendered":"<p>V Seznamu va\u0161e osobn\u00ed \u00fadaje chr\u00e1n\u00edme ve vlastn\u00edch datov\u00fdch centrech a \u017e\u00e1dn\u00e9mu dal\u0161\u00edmu subjektu nap\u0159\u00edmo neposkytujeme data, z nich\u017e by byla mo\u017en\u00e1 va\u0161e identifikace a neposkytujeme ani nap\u0159. e-mail, telefon apod. Na\u0161im partner\u016fm poskytujeme pouze tzv. pseudonymizovan\u00e9 \u00fadaje, ze kter\u00fdch je sice patrn\u00e9, do jak\u00e9 v\u011bkov\u00e9 skupiny pat\u0159\u00edte, co v\u00e1s na internetu zaj\u00edm\u00e1 a jak\u00e9 [&hellip;]<\/p>\n","protected":false},"author":2,"featured_media":0,"parent":1629,"menu_order":4,"comment_status":"closed","ping_status":"closed","template":"page-sidemenu","meta":{"_acf_changed":false,"_relevanssi_hide_post":"","_relevanssi_hide_content":"","_relevanssi_pin_for_all":"","_relevanssi_pin_keywords":"","_relevanssi_unpin_keywords":"","_relevanssi_related_keywords":"","_relevanssi_related_include_ids":"","_relevanssi_related_exclude_ids":"","_relevanssi_related_no_append":"","_relevanssi_related_not_related":"","_relevanssi_related_posts":"","_relevanssi_noindex_reason":"","footnotes":""},"page_category":[6],"page_tag":[],"class_list":["post-2017","page","type-page","status-publish","hentry"],"acf":[],"lang":"cs","translations":{"cs":2017,"en":2653},"pll_sync_post":[],"_links":{"self":[{"href":"https:\/\/o-seznam.cz\/pravni-informace\/wp-json\/wp\/v2\/pages\/2017","targetHints":{"allow":["GET"]}}],"collection":[{"href":"https:\/\/o-seznam.cz\/pravni-informace\/wp-json\/wp\/v2\/pages"}],"about":[{"href":"https:\/\/o-seznam.cz\/pravni-informace\/wp-json\/wp\/v2\/types\/page"}],"author":[{"embeddable":true,"href":"https:\/\/o-seznam.cz\/pravni-informace\/wp-json\/wp\/v2\/users\/2"}],"replies":[{"embeddable":true,"href":"https:\/\/o-seznam.cz\/pravni-informace\/wp-json\/wp\/v2\/comments?post=2017"}],"version-history":[{"count":11,"href":"https:\/\/o-seznam.cz\/pravni-informace\/wp-json\/wp\/v2\/pages\/2017\/revisions"}],"predecessor-version":[{"id":2180,"href":"https:\/\/o-seznam.cz\/pravni-informace\/wp-json\/wp\/v2\/pages\/2017\/revisions\/2180"}],"up":[{"embeddable":true,"href":"https:\/\/o-seznam.cz\/pravni-informace\/wp-json\/wp\/v2\/pages\/1629"}],"wp:attachment":[{"href":"https:\/\/o-seznam.cz\/pravni-informace\/wp-json\/wp\/v2\/media?parent=2017"}],"wp:term":[{"taxonomy":"page_category","embeddable":true,"href":"https:\/\/o-seznam.cz\/pravni-informace\/wp-json\/wp\/v2\/page_category?post=2017"},{"taxonomy":"page_tag","embeddable":true,"href":"https:\/\/o-seznam.cz\/pravni-informace\/wp-json\/wp\/v2\/page_tag?post=2017"}],"curies":[{"name":"wp","href":"https:\/\/api.w.org\/{rel}","templated":true}]}}

Jak vaše osobní údaje v Seznamu chráníme

<div class="wp-block-group is-layout-constrained wp-block-group-is-layout-constrained">
<p>V Seznamu vaše osobní údaje chráníme ve vlastních datových centrech a žádnému dalšímu subjektu napřímo neposkytujeme data, z nichž by byla možná vaše identifikace a neposkytujeme ani např. e-mail, telefon apod.</p>


<div class="align wp-block-seznam-stream"><div class="streamAdvanced ">
	<button data-stream-video-advanced="65105358">
		<img loading="lazy" decoding="async" width="1280" height="720" src="https://o-seznam.cz/pravni-informace/wp-content/uploads/sites/6/2024/09/seznam-cz-souhlas-ochrana-1280x720.png" class="attachment-ipq-1280x720-true size-ipq-1280x720-true" alt="" srcset="https://o-seznam.cz/pravni-informace/wp-content/uploads/sites/6/2024/09/seznam-cz-souhlas-ochrana-1280x720.png 1280w, https://o-seznam.cz/pravni-informace/wp-content/uploads/sites/6/2024/09/seznam-cz-souhlas-ochrana-992x558.png 992w, https://o-seznam.cz/pravni-informace/wp-content/uploads/sites/6/2024/09/seznam-cz-souhlas-ochrana-320x180.png 320w, https://o-seznam.cz/pravni-informace/wp-content/uploads/sites/6/2024/09/seznam-cz-souhlas-ochrana-768x432.png 768w, https://o-seznam.cz/pravni-informace/wp-content/uploads/sites/6/2024/09/seznam-cz-souhlas-ochrana-1536x864.png 1536w, https://o-seznam.cz/pravni-informace/wp-content/uploads/sites/6/2024/09/seznam-cz-souhlas-ochrana.png 1920w" sizes="auto, (max-width: 1280px) 100vw, 1280px" />		<div class="streamAdvanced__button">
			<div>
				Jak vaše data chráníme?							</div>
		</div>
	</button>
</div>
</div>


<div class="wp-block-seznam-box is-layout-flow wp-block-seznam-box-is-layout-flow"><figure class="align wp-block-seznam-icon"><img loading="lazy" decoding="async" width="64" height="64" src="https://o-seznam.cz/pravni-informace/wp-content/uploads/sites/6/2024/06/seznam-cz-uzivatel.svg" class="attachment-full size-full" alt="" /></figure>



<p>Ve svém účtu si můžete kdykoli zkontrolovat, jaká uživatelská data s námi sdílíte. A máte možnost si také kdykoli upravit oblasti vašeho zájmu, abyste dostávali ještě relevantnější obsah nebo reklamy.</p>
</div>



<p>Našim partnerům poskytujeme pouze tzv. pseudonymizované údaje, ze kterých je sice patrné, do jaké věkové skupiny patříte, co vás na internetu zajímá a jaké používáte zařízení, ale je nemožné z takových dat odvodit, o koho konkrétně se jedná. Centra se pyšní špičkovou technologií a všechna sídlí u nás v České republice, ať je máme stále na očích.</p>
</div>

<p>V Seznamu vaše osobní údaje chráníme ve vlastních datových centrech a žádnému dalšímu subjektu napřímo neposkytujeme data, z nichž by byla možná vaše identifikace a neposkytujeme ani např. e-mail, telefon apod. Našim partnerům poskytujeme pouze tzv. pseudonymizované údaje, ze kterých je sice patrné, do jaké věkové skupiny patříte, co vás na internetu zajímá a jaké [&hellip;]</p>
