
{"id":133,"date":"2024-02-14T10:30:37","date_gmt":"2024-02-14T09:30:37","guid":{"rendered":"https:\/\/o-seznam.cz\/pravni-informace\/?page_id=133"},"modified":"2025-04-24T16:26:01","modified_gmt":"2025-04-24T14:26:01","slug":"mapy-com","status":"publish","type":"page","link":"https:\/\/o-seznam.cz\/pravni-informace\/ochrana-udaju\/mapy-com\/","title":{"rendered":"Mapy.com"},"content":{"rendered":"\n<div class=\"wp-block-group is-layout-constrained wp-block-group-is-layout-constrained\"><nav class=\"menu-anchors\">\n<ul>\n\t<li><a href=\"#polohove-sluzby\">Polohov\u00e9 slu\u017eby<\/a><\/li>\n<li><a href=\"#co-se-s-udaji-deje\">Co se s va\u0161imi \u00fadaji d\u011bje d\u00e1le<\/a><\/li>\n<li><a href=\"#pristup-k-datum\">Kdo dal\u0161\u00ed m\u00e1 p\u0159\u00edstup k dat\u016fm ze Slu\u017eby<\/a><\/li>\n<li><a href=\"#zpracovatele\">Na\u0161i zpracovatel\u00e9<\/a><\/li>\n<li><a href=\"#spravce\">Samostatn\u00fd spr\u00e1vce<\/a><\/li>\n<\/ul>\n\n<\/nav>\n<\/div>\n\n\n\n<div class=\"wp-block-group is-layout-constrained wp-block-group-is-layout-constrained\">\n<p>Spole\u010dnost Seznam.cz, a.s. (jako Spr\u00e1vce) ve vztahu k \u00fadaj\u016fm o u\u017eivatel\u00edch ct\u00ed n\u00e1sleduj\u00edc\u00ed z\u00e1sady:<\/p>\n\n\n\n<ul class=\"wp-block-list\">\n<li>Respektujeme soukrom\u00ed na\u0161ich u\u017eivatel\u016f, t\u00e9to oblasti v\u011bnujeme odpov\u00eddaj\u00edc\u00ed pozornost a podnik\u00e1me v\u0161echny p\u0159\u00edslu\u0161n\u00e9 kroky k tomu, abychom \u00fadaje o na\u0161ich u\u017eivatel\u00edch \u0159\u00e1dn\u011b zabezpe\u010dili a ochr\u00e1nili je p\u0159ed zneu\u017eit\u00edm<\/li>\n\n\n\n<li>Dodr\u017eujeme platn\u00e9 pr\u00e1vn\u00ed p\u0159edpisy t\u00fdkaj\u00edc\u00ed se ochrany osobn\u00edch \u00fadaj\u016f<\/li>\n\n\n\n<li>\u00dadaje o na\u0161ich u\u017eivatel\u00edch shroma\u017e\u010fujeme a vyu\u017e\u00edv\u00e1me pro vylep\u0161ov\u00e1n\u00ed a zkvalit\u0148ov\u00e1n\u00ed na\u0161ich slu\u017eeb, p\u0159\u00edpadn\u011b pro dod\u00e1n\u00ed po\u017eadovan\u00e9 slu\u017eby \u010di vytv\u00e1\u0159en\u00ed nov\u00fdch slu\u017eeb<\/li>\n<\/ul>\n\n\n\n<p>P\u0159i pou\u017e\u00edv\u00e1n\u00ed slu\u017eby ozna\u010dovan\u00e9 jako Mapy.cz nebo Mapy.com, kter\u00e1 je dostupn\u00e1 prost\u0159ednictv\u00edm webov\u00e9ho rozhran\u00ed https:\/\/www.mapy.cz nebo https:\/\/www.mapy.com, p\u0159\u00edpadn\u011b jako mobiln\u00ed aplikace (d\u00e1le jen &#8222;Slu\u017eba&#8220;) shroma\u017e\u010fujeme statistick\u00e9 \u00fadaje, prost\u0159ednictv\u00edm nich\u017e z\u00edsk\u00e1v\u00e1me p\u0159edstavu o tom, jak\u00fdm zp\u016fsobem je Slu\u017eba vyu\u017e\u00edv\u00e1na. D\u00edky t\u011bmto \u00fadaj\u016fm m\u016f\u017eeme pracovat na neust\u00e1l\u00e9m zlep\u0161ov\u00e1n\u00ed na\u0161ich slu\u017eeb. Zaj\u00edmaj\u00ed n\u00e1s tak\u00e9 technick\u00e9 \u00fadaje o tom, jak\u00e9 pou\u017e\u00edv\u00e1te za\u0159\u00edzen\u00ed, hardware a opera\u010dn\u00ed syst\u00e9m. Takto shrom\u00e1\u017ed\u011bn\u00e9 \u00fadaje n\u00e1sledn\u011b pou\u017e\u00edv\u00e1me pro intern\u00ed analytick\u00e9 \u00fa\u010dely.<\/p>\n\n\n\n<p>P\u0159i pr\u00e1ci se Slu\u017ebou n\u00e1m tak\u00e9 zanech\u00e1v\u00e1te n\u011bkter\u00e9 \u00fadaje, kter\u00e9 uchov\u00e1v\u00e1me a d\u00e1le pou\u017e\u00edv\u00e1me pro zlep\u0161en\u00ed fungov\u00e1n\u00ed Slu\u017eby:<\/p>\n\n\n\n<ul class=\"wp-block-list\">\n<li>V\u00fdrazy, kter\u00e9 jste v minulosti hledali \u2013 nab\u00edz\u00edme v\u00e1m je v historii hled\u00e1n\u00ed<\/li>\n\n\n\n<li>V\u00e1mi nahran\u00fd obsah (jedn\u00e1 se nap\u0159\u00edklad o fotografie, videa, recenze, hodnocen\u00ed apod., v\u010detn\u011b jejich metadat) \u2013 ukl\u00e1d\u00e1me je do map, p\u0159\u00edpadn\u011b dal\u0161\u00edch slu\u017eeb, a zobrazujeme je v\u00e1m i ostatn\u00edm u\u017eivatel\u016fm, v\u00edce si m\u016f\u017eete p\u0159e\u010d\u00edst v odsouhlasen\u00e9m Licen\u010dn\u00edm ujedn\u00e1n\u00ed k u\u017eivatelsk\u00e9mu obsahu na Slu\u017eb\u011b<\/li>\n\n\n\n<li>\u00dadaje o tom, jak pracujete se Slu\u017ebou, jak \u010dasto a jak\u00fdm zp\u016fsobem pou\u017e\u00edv\u00e1te jejich funkce \u2013 tyto \u00fadaje n\u00e1sledn\u011b vyu\u017e\u00edv\u00e1me pro zlep\u0161ov\u00e1n\u00ed samotn\u00e9 Slu\u017eby<\/li>\n\n\n\n<li>Preferovan\u00fd jazyk pro komunikaci<\/li>\n<\/ul>\n\n\n\n<p>V p\u0159\u00edpad\u011b p\u0159ihl\u00e1\u0161en\u00ed do Slu\u017eby m\u016f\u017eete pou\u017e\u00edt sv\u00e9 existuj\u00edc\u00ed p\u0159ihla\u0161ovac\u00ed \u00fadaje pro slu\u017eby Seznamu. Pokud si vytv\u00e1\u0159\u00edte nov\u00fd \u00fa\u010det, budeme po v\u00e1s vy\u017eadovat n\u011bkter\u00e9 osobn\u00ed \u00fadaje. Z osobn\u00edch \u00fadaj\u016f zadan\u00fdch p\u0159i va\u0161\u00ed registraci do slu\u017eeb Seznamu m\u016f\u017eeme pou\u017e\u00edt:<\/p>\n\n\n\n<ul class=\"wp-block-list\">\n<li>V\u00e1\u0161 e-mail pro komunikaci s v\u00e1mi \u2013 m\u016f\u017eeme v\u00e1m pos\u00edlat d\u016fle\u017eitou komunikaci ohledn\u011b v\u00e1mi hl\u00e1\u0161en\u00fdch chyb v map\u011b, po\u017eadovan\u00fdch dopln\u011bn\u00ed do mapov\u00fdch podklad\u016f, zpracov\u00e1n\u00ed v\u00e1mi zaslan\u00fdch fotografi\u00ed \u010di jin\u00e9ho obsahu a dal\u0161\u00edch dopl\u0148uj\u00edc\u00edch \u00fadaj\u016f, kter\u00e9 jste n\u00e1m zaslali a budou zve\u0159ejn\u011bny v map\u011b<\/li>\n\n\n\n<li>Va\u0161e jm\u00e9no a pohlav\u00ed pro personalizaci va\u0161\u00ed zku\u0161enosti se Slu\u017ebou (osloven\u00ed v komunikaci)<\/li>\n<\/ul>\n\n\n\n<p>Pokud se ke Slu\u017eb\u011b p\u0159ihl\u00e1s\u00edte a pou\u017e\u00edv\u00e1te funkci Moje Mapy, ukl\u00e1d\u00e1te si u n\u00e1s n\u011bkter\u00e9 dal\u0161\u00ed \u00fadaje. D\u00edky tomu je pak mo\u017en\u00e9 sd\u00edlen\u00ed n\u011bkter\u00fdch \u00fadaj\u016f mezi Slu\u017ebou na webu a va\u0161\u00edm mobiln\u00edm za\u0159\u00edzen\u00edm. Ukl\u00e1dat m\u016f\u017eete n\u00e1sleduj\u00edc\u00ed \u00fadaje:<\/p>\n\n\n\n<ul class=\"wp-block-list\">\n<li>V\u00e1mi nahran\u00fd obsah (zejm\u00e9na fotografie v\u010detn\u011b jejich metadat) \u2013 ukl\u00e1d\u00e1me jej do map a zobrazujeme jej v\u00e1m i ostatn\u00edm u\u017eivatel\u016fm, v\u00edce si m\u016f\u017eete p\u0159e\u010d\u00edst v odsouhlasen\u00e9m Licen\u010dn\u00edm ujedn\u00e1n\u00ed k u\u017eivatelsk\u00e9mu obsahu na Slu\u017eb\u011b<\/li>\n\n\n\n<li>Va\u0161e ulo\u017een\u00e9 stopy z mobiln\u00edch za\u0159\u00edzen\u00ed, v\u010detn\u011b ve\u0161ker\u00fdch \u00fadaj\u016f o poloze, d\u00e9lce, rychlosti, a dal\u0161\u00edch v\u00e1mi zaznamenan\u00fdch metadat \u2013 tyto v\u00e1m zobrazujeme v Moje Mapy, kde s nimi m\u016f\u017eete d\u00e1le pracovat<\/li>\n\n\n\n<li>V\u00e1mi ulo\u017een\u00e9 trasy, body, vlastn\u00ed body, ru\u010dn\u00ed m\u011b\u0159en\u00ed a dal\u0161\u00ed polo\u017eky ulo\u017een\u00e9 do u\u017eivatelem definovan\u00e9 struktury v r\u00e1mci Moje Mapy \u2013 tyto v\u00e1m zobrazujeme v Moje Mapy, kde s nimi m\u016f\u017eete d\u00e1le pracovat<\/li>\n\n\n\n<li>\u00dadaje o va\u0161em bydli\u0161ti a m\u00edst\u011b, kde pracujete (pokud si je nastav\u00edte) \u2013 ty v\u00e1m pro usnadn\u011bn\u00ed nab\u00edz\u00edme p\u0159i pl\u00e1nov\u00e1n\u00ed a vyhled\u00e1v\u00e1n\u00ed<\/li>\n<\/ul>\n<\/div>\n\n\n\n<div class=\"wp-block-group is-layout-constrained wp-block-group-is-layout-constrained\">\n<h2 class=\"wp-block-heading\" id=\"polohove-sluzby\">Polohov\u00e9 slu\u017eby<\/h2>\n\n\n\n<p>Data o va\u0161\u00ed poloze jsou pou\u017e\u00edv\u00e1na pro zobrazen\u00ed va\u0161\u00ed pozice na map\u011b a spr\u00e1vn\u00e9 fungov\u00e1n\u00ed Slu\u017eby.<\/p>\n\n\n\n<p>Pokud pou\u017e\u00edv\u00e1te navigaci, sb\u00edr\u00e1me va\u0161i polohu a anonymizovan\u00e1 data d\u00e1le pou\u017e\u00edv\u00e1me pro aktualizaci dat o provozu ve va\u0161em okol\u00ed.<\/p>\n\n\n\n<p>P\u0159i pou\u017eit\u00ed stopa\u0159e ukl\u00e1d\u00e1me va\u0161i polohu, jakmile je stopa\u0159 zapnut\u00fd, a umo\u017e\u0148ujeme v\u00e1m si data ulo\u017eit jako pro\u0161lou trasu do Moje Mapy. Tato data d\u00e1le pou\u017e\u00edv\u00e1me pro vylep\u0161ov\u00e1n\u00ed na\u0161ich slu\u017eeb.<\/p>\n\n\n\n<p>Pokud to povol\u00edte v r\u00e1mci opera\u010dn\u00edho syst\u00e9mu, sb\u00edr\u00e1me va\u0161e polohov\u00e1 data, a to i v p\u0159\u00edpad\u011b, \u017ee aplikaci pr\u00e1v\u011b nepou\u017e\u00edv\u00e1te, a vyu\u017e\u00edv\u00e1me je ke zlep\u0161ov\u00e1n\u00ed na\u0161ich slu\u017eeb. <\/p>\n\n\n\n<p>Va\u0161e polohov\u00e1 data m\u016f\u017eeme tak\u00e9 pou\u017e\u00edvat pro personalizaci obsahu \u2013 pokud se p\u0159ihl\u00e1s\u00edte, vylep\u0161ujeme v\u00e1m nap\u0159\u00edklad na\u0161ept\u00e1v\u00e1n\u00ed a vyhled\u00e1v\u00e1n\u00ed. M\u016f\u017eeme uchov\u00e1vat tak\u00e9 historii t\u011bchto dat.<\/p>\n\n\n\n<p>Pokud to povol\u00edte, m\u016f\u017eete po p\u0159ihl\u00e1\u0161en\u00ed sd\u00edlet svoji polohu \u010di jin\u00e1 polohov\u00e1 data s v\u00e1mi vybran\u00fdmi u\u017eivateli nebo pomoc\u00ed odkazu.<\/p>\n\n\n\n<p>P\u0159\u00edpadn\u011b si m\u016f\u017eete po p\u0159ihl\u00e1\u0161en\u00ed do z\u00e1lo\u017eky Moje Mapy ukl\u00e1dat va\u0161e polohov\u00e1 data na map\u011b.<\/p>\n\n\n\n<p>Pokud si ve sv\u00e9 aplikaci zapnete funkci sd\u00edlen\u00ed polohy budeme zas\u00edlat informaci o va\u0161\u00ed aktu\u00e1ln\u00ed poloze v\u00e1mi vybran\u00fdm osob\u00e1m. <\/p>\n\n\n\n<p>\u00dadaje jsou sb\u00edr\u00e1ny a zas\u00edl\u00e1ny s d\u016frazem na ochranu va\u0161eho soukrom\u00ed. S v\u00fdjimkou osob, kter\u00e9 ur\u010d\u00edte, a\u0165 u\u017e p\u0159\u00edmo nebo sd\u00edlen\u00edm odkazu, nep\u0159ed\u00e1v\u00e1me data \u017e\u00e1dn\u00e9mu dal\u0161\u00edmu subjektu. P\u0159\u00edpadn\u00e9 p\u0159ed\u00e1n\u00ed dat by vy\u017eadovalo v\u00e1\u0161 dal\u0161\u00ed v\u00fdslovn\u00fd souhlas.<\/p>\n<\/div>\n\n\n\n<div class=\"wp-block-group is-layout-constrained wp-block-group-is-layout-constrained\">\n<h2 class=\"wp-block-heading\" id=\"co-se-s-udaji-deje\">Co se s va\u0161imi \u00fadaji d\u011bje d\u00e1le<\/h2>\n\n\n\n<ul class=\"wp-block-list\">\n<li>Obsah, kter\u00fd jste zve\u0159ejnili v r\u00e1mci Slu\u017eby, m\u016f\u017ee b\u00fdt spojen s va\u0161\u00ed osobou (va\u0161\u00edm jm\u00e9nem, pop\u0159. u\u017eivatelsk\u00fdm jm\u00e9nem \u010di jin\u00fdm identifik\u00e1torem) a takto ve\u0159ejn\u011b zobrazen<\/li>\n\n\n\n<li>Ve\u0161ker\u00e9 \u00fadaje, kter\u00e9 jste si ulo\u017eili do Moje Mapy (i cel\u00e9 slo\u017eky\/v\u00fdlety), m\u016f\u017eete sd\u00edlet s ostatn\u00edmi u\u017eivateli Slu\u017eby<\/li>\n\n\n\n<li>Sd\u00edlen\u00edm polohy poskytujete osob\u00e1m, kter\u00e9 odkazem disponuj\u00ed, obecn\u00e9 \u00fadaje o va\u0161em um\u00edst\u011bn\u00ed<\/li>\n\n\n\n<li>V\u00e1mi nahran\u00fdmi stopami m\u016f\u017eete p\u0159i jejich ukl\u00e1d\u00e1n\u00ed anonymn\u011b p\u0159isp\u011bt do ve\u0159ejn\u00e9 datab\u00e1ze stop, v takov\u00e9m p\u0159\u00edpad\u011b z nich odstran\u00edme ve\u0161ker\u00e9 informace o v\u00e1s<\/li>\n\n\n\n<li>Pokud pou\u017eijete funkci nahl\u00e1\u0161en\u00ed chyby v map\u011b nebo v aplikaci Slu\u017eby, shrom\u00e1\u017ed\u00edme krom\u011b va\u0161\u00ed identifikace i dal\u0161\u00ed \u00fadaje pot\u0159ebn\u00e9 k vy\u0159e\u0161en\u00ed chyby\n<ul class=\"wp-block-list\">\n<li>Polohu, \u00fadaje o va\u0161ich akc\u00edch v map\u00e1ch v okam\u017eiku nahl\u00e1\u0161en\u00ed chyby, podrobnosti o va\u0161em prohl\u00ed\u017ee\u010di nebo mobiln\u00edm opera\u010dn\u00edm syst\u00e9mu, obr\u00e1zek va\u0161\u00ed obrazovky Slu\u017eby v okam\u017eiku nahl\u00e1\u0161en\u00ed chyby, aktu\u00e1ln\u011b sta\u017een\u00e9 offline mapy v aplikaci<\/li>\n\n\n\n<li>Tyto informace jsou n\u00e1sledn\u011b pou\u017eity k \u0159e\u0161en\u00ed va\u0161eho probl\u00e9mu s mapov\u00fdmi podklady nebo s aplikac\u00ed Slu\u017eby<\/li>\n<\/ul>\n<\/li>\n\n\n\n<li>Nahran\u00fd obsah, kter\u00fd jste do map nahr\u00e1li jako anonymn\u00ed u\u017eivatel, nem\u00e1te mo\u017enost v budoucnu odstranit<\/li>\n\n\n\n<li>Pokud se do aplikace p\u0159ihla\u0161ujete, m\u016f\u017eete sv\u00e1 ulo\u017een\u00e1 data v Moje Mapy kdykoliv odebrat, a to v\u010detn\u011b nahran\u00e9ho obsahu; v\u00fdrazy ve va\u0161\u00ed historii hled\u00e1n\u00ed m\u016f\u017eete tak\u00e9 kdykoliv odstranit<\/li>\n\n\n\n<li>Pokud po\u017e\u00e1d\u00e1te o vymaz\u00e1n\u00ed v\u0161ech dat spojen\u00fdch se sv\u00fdm Seznam \u00fa\u010dtem, budou vymaz\u00e1na i data spojen\u00e1 se Slu\u017ebou<\/li>\n\n\n\n<li>Pokud jste nahr\u00e1li do map sv\u016fj obsah a ud\u011blili jste t\u00edm Seznamu licen\u010dn\u00ed pr\u00e1va k tomuto obsahu, nebude ji\u017e pou\u017eit\u00fd obsah odstran\u011bn, a to ani v p\u0159\u00edpad\u011b, \u017ee jste po\u017e\u00e1dali o vymaz\u00e1n\u00ed v\u0161ech dat spojen\u00fdch se sv\u00fdm Seznam \u00fa\u010dtem \u2013 bude pouze odstran\u011bna jeho vazba k va\u0161\u00ed osob\u011b<\/li>\n<\/ul>\n<\/div>\n\n\n\n<div class=\"wp-block-group is-layout-constrained wp-block-group-is-layout-constrained\">\n<h2 class=\"wp-block-heading\" id=\"pristup-k-datum\">Kdo dal\u0161\u00ed m\u00e1 p\u0159\u00edstup k dat\u016fm ze Slu\u017eby<\/h2>\n\n\n\n<p>Data zpracov\u00e1v\u00e1 spole\u010dnost Seznam.cz, a.s. (jako Spr\u00e1vce) dle v\u00fd\u0161e popsan\u00fdch pravidel. Nesd\u00edl\u00edme data s nezn\u00e1m\u00fdmi subjekty. Anonymizovan\u00e1 data mohou b\u00fdt v ur\u010dit\u00fdch p\u0159\u00edpadech poskytnuta dal\u0161\u00edm zpracovatel\u016fm dat s c\u00edlem poskytnut\u00ed Slu\u017eby a zkvalitn\u011bn\u00ed va\u0161\u00ed u\u017eivatelsk\u00e9 zku\u0161enosti. N\u011bkter\u00e1 v\u00e1mi nahran\u00e1 data (nap\u0159. fotografie a jin\u00fd obsah) vztahuj\u00edc\u00ed se k bod\u016fm z\u00e1jmu na map\u011b (POI) mohou b\u00fdt poskytnuta jako sou\u010d\u00e1st mapov\u00fdch podklad\u016f v r\u00e1mci slu\u017eby REST API Mapy.cz nebo na\u0161im smluvn\u00edm partner\u016fm.<\/p>\n<\/div>\n\n\n\n<div class=\"wp-block-group is-layout-constrained wp-block-group-is-layout-constrained\">\n<h2 class=\"wp-block-heading\" id=\"zpracovatele\">Na\u0161i zpracovatel\u00e9<\/h2>\n\n\n\n<ul class=\"wp-block-list\">\n<li>Google: Slu\u017eba Firebase Ochrana soukrom\u00ed. Slou\u017e\u00ed pro \u00fa\u010dely bug reportingu, beta distribuce aplikace a mobiln\u00edmu statistikov\u00e1n\u00ed. Slu\u017eba Google Analytics Ochrana soukrom\u00ed slou\u017e\u00ed pro z\u00edsk\u00e1v\u00e1n\u00ed produktov\u00fdch statistik<\/li>\n\n\n\n<li>Avis Marketing: Pouze u vybran\u00fdch subjekt\u016f. Slou\u017e\u00ed pro \u00fa\u010dely zasl\u00e1n\u00ed vizu\u00e1ln\u00ed reprezentace dosa\u017een\u00e9ho hodnocen\u00ed vyu\u017eiteln\u00e9 pro marketingov\u00e9 \u00fa\u010dely<\/li>\n<\/ul>\n\n\n\n<h2 class=\"wp-block-heading\" id=\"spravce\">Samostatn\u00fd spr\u00e1vce<\/h2>\n\n\n\n<p>Paddle.com Market: Tomuto spr\u00e1vci je p\u0159ed\u00e1v\u00e1na va\u0161e e-mailov\u00e1 adresa pro \u00fa\u010dely prodeje produktu Slu\u017eby Premium.<\/p>\n<\/div>\n","protected":false},"excerpt":{"rendered":"<p>Spole\u010dnost Seznam.cz, a.s. (jako Spr\u00e1vce) ve vztahu k \u00fadaj\u016fm o u\u017eivatel\u00edch ct\u00ed n\u00e1sleduj\u00edc\u00ed z\u00e1sady: P\u0159i pou\u017e\u00edv\u00e1n\u00ed slu\u017eby ozna\u010dovan\u00e9 jako Mapy.cz nebo Mapy.com, kter\u00e1 je dostupn\u00e1 prost\u0159ednictv\u00edm webov\u00e9ho rozhran\u00ed https:\/\/www.mapy.cz nebo https:\/\/www.mapy.com, p\u0159\u00edpadn\u011b jako mobiln\u00ed aplikace (d\u00e1le jen &#8222;Slu\u017eba&#8220;) shroma\u017e\u010fujeme statistick\u00e9 \u00fadaje, prost\u0159ednictv\u00edm nich\u017e z\u00edsk\u00e1v\u00e1me p\u0159edstavu o tom, jak\u00fdm zp\u016fsobem je Slu\u017eba vyu\u017e\u00edv\u00e1na. D\u00edky t\u011bmto \u00fadaj\u016fm [&hellip;]<\/p>\n","protected":false},"author":2,"featured_media":0,"parent":9,"menu_order":0,"comment_status":"closed","ping_status":"closed","template":"page-sidemenu","meta":{"_acf_changed":false,"_relevanssi_hide_post":"","_relevanssi_hide_content":"","_relevanssi_pin_for_all":"","_relevanssi_pin_keywords":"","_relevanssi_unpin_keywords":"","_relevanssi_related_keywords":"","_relevanssi_related_include_ids":"","_relevanssi_related_exclude_ids":"","_relevanssi_related_no_append":"","_relevanssi_related_not_related":"","_relevanssi_related_posts":"","_relevanssi_noindex_reason":"","footnotes":""},"page_category":[3],"page_tag":[],"class_list":["post-133","page","type-page","status-publish","hentry"],"acf":[],"lang":"cs","translations":{"cs":133,"en":2602},"pll_sync_post":[],"_links":{"self":[{"href":"https:\/\/o-seznam.cz\/pravni-informace\/wp-json\/wp\/v2\/pages\/133","targetHints":{"allow":["GET"]}}],"collection":[{"href":"https:\/\/o-seznam.cz\/pravni-informace\/wp-json\/wp\/v2\/pages"}],"about":[{"href":"https:\/\/o-seznam.cz\/pravni-informace\/wp-json\/wp\/v2\/types\/page"}],"author":[{"embeddable":true,"href":"https:\/\/o-seznam.cz\/pravni-informace\/wp-json\/wp\/v2\/users\/2"}],"replies":[{"embeddable":true,"href":"https:\/\/o-seznam.cz\/pravni-informace\/wp-json\/wp\/v2\/comments?post=133"}],"version-history":[{"count":17,"href":"https:\/\/o-seznam.cz\/pravni-informace\/wp-json\/wp\/v2\/pages\/133\/revisions"}],"predecessor-version":[{"id":2329,"href":"https:\/\/o-seznam.cz\/pravni-informace\/wp-json\/wp\/v2\/pages\/133\/revisions\/2329"}],"up":[{"embeddable":true,"href":"https:\/\/o-seznam.cz\/pravni-informace\/wp-json\/wp\/v2\/pages\/9"}],"wp:attachment":[{"href":"https:\/\/o-seznam.cz\/pravni-informace\/wp-json\/wp\/v2\/media?parent=133"}],"wp:term":[{"taxonomy":"page_category","embeddable":true,"href":"https:\/\/o-seznam.cz\/pravni-informace\/wp-json\/wp\/v2\/page_category?post=133"},{"taxonomy":"page_tag","embeddable":true,"href":"https:\/\/o-seznam.cz\/pravni-informace\/wp-json\/wp\/v2\/page_tag?post=133"}],"curies":[{"name":"wp","href":"https:\/\/api.w.org\/{rel}","templated":true}]}}