
{"id":128,"date":"2024-02-14T10:29:31","date_gmt":"2024-02-14T09:29:31","guid":{"rendered":"https:\/\/o-seznam.cz\/pravni-informace\/?page_id=128"},"modified":"2024-05-02T09:01:12","modified_gmt":"2024-05-02T07:01:12","slug":"kupi-cz","status":"publish","type":"page","link":"https:\/\/o-seznam.cz\/pravni-informace\/ochrana-udaju\/kupi-cz\/","title":{"rendered":"Kupi.cz"},"content":{"rendered":"\n<div class=\"wp-block-group is-layout-constrained wp-block-group-is-layout-constrained\">\n<p>P\u0159i proch\u00e1zen\u00ed na\u0161ich str\u00e1nek pracujeme s va\u0161imi osobn\u00edmi \u00fadaji. Pou\u017e\u00edv\u00e1me je p\u0159edev\u0161\u00edm k tomu, abychom v\u00e1m zobrazovali ak\u010dn\u00ed nab\u00eddky z va\u0161eho okol\u00ed a doru\u010dovali v\u00e1m nej\u010derstv\u011bj\u0161\u00ed informace o akc\u00edch prost\u0159ednictv\u00edm e-mail\u016f a mobiln\u00edch telefon\u016f.<\/p>\n<\/div>\n\n\n\n<div class=\"wp-block-group is-layout-constrained wp-block-group-is-layout-constrained\">\n<h2 class=\"wp-block-heading\">S jak\u00fdmi \u00fadaji pracujeme<\/h2>\n\n\n\n<div class=\"accordion\">\n\t<div class=\"accordion__items\">\n\n<details class=\"expander is-style-box\">\n\t<summary data-datalayer-name=\"\" data-datalayer-text=\"RUS \u00fa\u010det\">\n\t\t\t\t<strong>RUS \u00fa\u010det<\/strong>\n\t\t\t<\/summary>\n\t<div class=\"inner-blocks\">\n\n<p>RUS \u00fa\u010det je pro Kupi \u010dist\u011b numerick\u00e9 ID. Dost\u00e1v\u00e1me ho ve chv\u00edli, kdy registrovan\u00fd u\u017eivatel Seznamu na Kupi.cz p\u0159ijde, a dr\u017e\u00edme ho kv\u016fli nav\u00e1z\u00e1n\u00ed v\u011bc\u00ed, co u n\u00e1s u\u017eivatel\u00e9 d\u011blaj\u00ed:<\/p>\n\n\n\n<ul class=\"wp-block-list\">\n<li>P\u0159id\u00e1v\u00e1n\u00ed let\u00e1k\u016f, produkt\u016f a kategori\u00ed do obl\u00edben\u00fdch<\/li>\n\n\n\n<li>Vytv\u00e1\u0159en\u00ed n\u00e1kupn\u00edho seznamu<\/li>\n<\/ul>\n\n<\/div><\/details>\n\n\n\n<details class=\"expander is-style-box\">\n\t<summary data-datalayer-name=\"\" data-datalayer-text=\"E-mailov\u00e1 adresa\">\n\t\t\t\t<strong>E-mailov\u00e1 adresa<\/strong>\n\t\t\t<\/summary>\n\t<div class=\"inner-blocks\">\n\n<ul class=\"wp-block-list\">\n<li>V okam\u017eiku, kdy m\u00e1te do obl\u00edben\u00fdch p\u0159idanou n\u011bjakou polo\u017eku a vy\u017e\u00e1d\u00e1te si zas\u00edl\u00e1n\u00ed notifikac\u00ed na e-mail nebo m\u00e1te z\u00e1jem dost\u00e1vat informace o v\u00fdhodn\u00fdch nab\u00eddk\u00e1ch, pou\u017eijeme va\u0161i e-mailovou adresu pro zasl\u00e1n\u00ed. Adresy odeslan\u00fdch mail\u016f udr\u017eujeme 90 dn\u00ed<\/li>\n\n\n\n<li>Adresy majitel\u016f, kte\u0159\u00ed se z odb\u011bru odhl\u00e1sili, dr\u017e\u00edme neomezen\u011b dlouho, abychom jim u\u017e nab\u00eddky nezas\u00edlali<\/li>\n\n\n\n<li>Pokud se rozhodnete \u0159e\u0161it probl\u00e9my ohledn\u011b pou\u017e\u00edv\u00e1n\u00ed na\u0161\u00ed slu\u017eby s technickou podporou, pou\u017eijeme va\u0161i e-mailovou adresu pro identifikaci, proto\u017ee ji m\u00e1me asociov\u00e1nu s daty na va\u0161em \u00fa\u010dtu<\/li>\n<\/ul>\n\n<\/div><\/details>\n\n\n\n<details class=\"expander is-style-box\">\n\t<summary data-datalayer-name=\"\" data-datalayer-text=\"IP adresy\">\n\t\t\t\t<strong>IP adresy<\/strong>\n\t\t\t<\/summary>\n\t<div class=\"inner-blocks\">\n\n<p>IP adresu po\u017eadavk\u016f ukl\u00e1d\u00e1me u informac\u00ed o proklic\u00edch z let\u00e1k\u016f a p\u0159ihl\u00e1\u0161en\u00ed do u\u017eivatelsk\u00e9ho \u00fa\u010dtu. Tyto \u00fadaje uchov\u00e1v\u00e1me&nbsp;90 dn\u00ed<strong>,<\/strong>&nbsp;a to kv\u016fli prov\u011b\u0159ov\u00e1n\u00ed mo\u017en\u00fdch podvod\u016f a manipulac\u00ed.<\/p>\n\n<\/div><\/details>\n\n\n\n<details class=\"expander is-style-box\">\n\t<summary data-datalayer-name=\"\" data-datalayer-text=\"Lad\u00edc\u00ed data\">\n\t\t\t\t<strong>Lad\u00edc\u00ed data<\/strong>\n\t\t\t<\/summary>\n\t<div class=\"inner-blocks\">\n\n<ul class=\"wp-block-list\">\n<li>Kupi.cz v r\u00e1mci sv\u00e9ho b\u011b\u017en\u00e9ho provozu tvo\u0159\u00ed logy (ladic\u00ed a trasovac\u00ed z\u00e1znamy), kter\u00e9 pou\u017e\u00edv\u00e1me pro dohled\u00e1v\u00e1n\u00ed p\u0159\u00edpadn\u00fdch technick\u00fdch probl\u00e9m\u016f<\/li>\n\n\n\n<li>Logy po\u017eadavk\u016f \u010dasto obsahuj\u00ed IP adresy, p\u0159\u00edpadn\u011b e-mailov\u00e9 adresy<\/li>\n\n\n\n<li>Dr\u017e\u00edme je\u00a090 dn\u00ed<\/li>\n<\/ul>\n\n<\/div><\/details>\n\n\n\n<details class=\"expander is-style-box\">\n\t<summary data-datalayer-name=\"\" data-datalayer-text=\"\u00dadaje ze soci\u00e1ln\u00edch s\u00edt\u00ed\">\n\t\t\t\t<strong>\u00dadaje ze soci\u00e1ln\u00edch s\u00edt\u00ed<\/strong>\n\t\t\t<\/summary>\n\t<div class=\"inner-blocks\">\n\n<ul class=\"wp-block-list\">\n<li>P\u0159\u00edstup k dal\u0161\u00edm \u00fadaj\u016fm umo\u017en\u00edte v p\u0159\u00edpad\u011b, \u017ee se p\u0159ihl\u00e1s\u00edte p\u0159es Facebook<\/li>\n\n\n\n<li>Pokud si po p\u0159ihl\u00e1\u0161en\u00ed zapnete n\u011bkterou z roz\u0161\u00ed\u0159en\u00fdch funkc\u00ed (nap\u0159. p\u0159id\u00e1n\u00ed polo\u017eek do obl\u00edben\u00fdch, \u017e\u00e1dost o export dat), umo\u017en\u00edte Kupi.cz tak\u00e9 p\u0159\u00edstup k va\u0161emu ve\u0159ejn\u00e9mu profilu a e-mailov\u00e9 adrese<\/li>\n\n\n\n<li>Sou\u010d\u00e1st\u00ed va\u0161eho ve\u0159ejn\u00e9ho profilu na Facebooku je va\u0161e jm\u00e9no a p\u0159\u00edjmen\u00ed, profilov\u00fd obr\u00e1zek, v\u011bkov\u00e1 kategorie, \u00fadaj o pohlav\u00ed a dal\u0161\u00ed ve\u0159ejn\u00e9 informace podle va\u0161eho nastaven\u00ed<\/li>\n<\/ul>\n\n<\/div><\/details>\n\n\n\n<details class=\"expander is-style-box\">\n\t<summary data-datalayer-name=\"\" data-datalayer-text=\"\u00dadaje z\u00edskan\u00e9 na z\u00e1klad\u011b pou\u017e\u00edv\u00e1n\u00ed str\u00e1nek a cookies\">\n\t\t\t\t<strong>\u00dadaje z\u00edskan\u00e9 na z\u00e1klad\u011b pou\u017e\u00edv\u00e1n\u00ed str\u00e1nek a cookies<\/strong>\n\t\t\t<\/summary>\n\t<div class=\"inner-blocks\">\n\n<ul class=\"wp-block-list\">\n<li>Abychom v\u00e1s neobt\u011b\u017eovali nerelevantn\u00ed reklamou nebo aby v\u00e1m neunikla zaj\u00edmav\u00e1 nab\u00eddka, pou\u017e\u00edv\u00e1me pro vylep\u0161ov\u00e1n\u00ed str\u00e1nek a c\u00edlen\u00ed reklamy informace o tom, kter\u00e9 str\u00e1nky jste si prohl\u00e9dli. Tyto \u00fadaje z\u00edsk\u00e1v\u00e1me automatizovan\u011b prost\u0159ednictv\u00edm vlastn\u00edho n\u00e1stroje<\/li>\n\n\n\n<li>Pokud m\u00e1te ve sv\u00e9m za\u0159\u00edzen\u00ed povolen\u00e9 ukl\u00e1d\u00e1n\u00ed cookies, jsou tyto \u00fadaje z\u00edsk\u00e1van\u00e9 i prost\u0159ednictv\u00edm t\u011bchto soubor\u016f<\/li>\n\n\n\n<li>Na z\u00e1klad\u011b v\u0161ech sesb\u00edran\u00fdch dat z\u00edsk\u00e1v\u00e1me statistiky, c\u00edlen\u00ed reklamy, anal\u00fdzy a reporty o chov\u00e1n\u00ed u\u017eivatel\u016f webov\u00fdch str\u00e1nek<\/li>\n<\/ul>\n\n<\/div><\/details>\n\n\n\n<details class=\"expander is-style-box\">\n\t<summary data-datalayer-name=\"\" data-datalayer-text=\"Push notifikace\">\n\t\t\t\t<strong>Push notifikace<\/strong>\n\t\t\t<\/summary>\n\t<div class=\"inner-blocks\">\n\n<ul class=\"wp-block-list\">\n<li>V p\u0159\u00edpad\u011b, \u017ee m\u00e1te tuto funkci aktivn\u00ed, m\u016f\u017eeme zas\u00edlat tzv. push notifikace, a to p\u0159\u00edmo v rozhran\u00ed webov\u00fdch str\u00e1nek<\/li>\n\n\n\n<li>Pro tyto \u00fa\u010dely jsou vyu\u017e\u00edvan\u00e9 informace o v\u00e1mi pou\u017e\u00edvan\u00e9m za\u0159\u00edzen\u00ed<\/li>\n\n\n\n<li>Push notifikace jsou zobrazovan\u00e9 na z\u00e1klad\u011b va\u0161\u00ed objedn\u00e1vky, tedy p\u0159\u00edslu\u0161n\u00e9ho ozn\u00e1men\u00ed v rozhran\u00ed webov\u00fdch str\u00e1nek<\/li>\n<\/ul>\n\n<\/div><\/details>\n\n\n\n<details class=\"expander is-style-box\">\n\t<summary data-datalayer-name=\"\" data-datalayer-text=\"Polohov\u00e9 slu\u017eby\">\n\t\t\t\t<strong>Polohov\u00e9 slu\u017eby<\/strong>\n\t\t\t<\/summary>\n\t<div class=\"inner-blocks\">\n\n<ul class=\"wp-block-list\">\n<li>V\u0161echny nab\u00eddky na Kupi.cz jsou lokalizovan\u00e9, proto si zvolte lokalitu, kde pl\u00e1nujete nakupovat<\/li>\n\n\n\n<li>Z\u00e1kladn\u00ed lokalita se v\u00e1m nastav\u00ed pomoc\u00ed prohl\u00ed\u017ee\u010de nebo pomoc\u00ed IP adresy. Tato poloha se m\u011bn\u00ed na z\u00e1klad\u011b toho, odkud se na na\u0161e str\u00e1nky p\u0159ihl\u00e1s\u00edte, a proto mohou b\u00fdt zobrazen\u00e9 nab\u00eddky nep\u0159esn\u00e9<\/li>\n\n\n\n<li>Pokud si zapnete ukl\u00e1d\u00e1n\u00ed lokality, my si ji ulo\u017e\u00edme a budeme v\u00e1m ukazovat akce a let\u00e1ky pouze z t\u00e9to lokality \u2013 bez ohledu na to, kde se pr\u00e1v\u011b nach\u00e1z\u00edte<\/li>\n<\/ul>\n\n<\/div><\/details>\n\n\n\n<details class=\"expander is-style-box\">\n\t<summary data-datalayer-name=\"\" data-datalayer-text=\"V\u011brnostn\u00ed karty\">\n\t\t\t\t<strong>V\u011brnostn\u00ed karty<\/strong>\n\t\t\t<\/summary>\n\t<div class=\"inner-blocks\">\n\n<p>V p\u0159\u00edpad\u011b, \u017ee si do mobiln\u00ed aplikace Kupi.cz p\u0159id\u00e1te sv\u00e9 v\u011brnostn\u00ed karty, budeme zpracov\u00e1vat jejich n\u00e1zvy, \u010d\u00edsla a obr\u00e1zky ve spojen\u00ed s va\u0161\u00edm \u00fa\u010dtem.<\/p>\n\n<\/div><\/details>\n\n<\/div><\/div>\n\n<\/div>\n\n\n\n<div class=\"wp-block-group is-layout-constrained wp-block-group-is-layout-constrained\">\n<h2 class=\"wp-block-heading\">Jak dlouho s \u00fadaji pracujeme<\/h2>\n\n\n\n<ul class=\"wp-block-list\">\n<li>\u00dadaje z\u00edskan\u00e9 pro marketingov\u00e9 \u00fa\u010dely zpracov\u00e1v\u00e1me po celou dobu trv\u00e1n\u00ed va\u0161eho souhlasu, tj. i po dobu, kdy ukl\u00e1d\u00e1n\u00ed cookies povol\u00edte v\u00a0r\u00e1mci jejich nastaven\u00ed na webov\u00fdch str\u00e1nk\u00e1ch nebo ve sv\u00e9m prohl\u00ed\u017ee\u010di. Zpracov\u00e1n\u00ed m\u016f\u017ee trvat i po odvol\u00e1n\u00ed souhlasu, a to nejd\u00e9le do doby expirace p\u0159\u00edslu\u0161n\u00e9ho druhu cookies<\/li>\n\n\n\n<li>Obchodn\u00ed sd\u011blen\u00ed v\u00e1m budeme zas\u00edlat pouze do doby, dokud ho budete m\u00edt zapnut\u00e9 ve sv\u00e9m u\u017eivatelsk\u00e9m nastaven\u00ed nebo dokud nezru\u0161\u00edte jeho odb\u011br p\u0159es odkaz v pati\u010dce ka\u017ed\u00e9ho sd\u011blen\u00ed<\/li>\n\n\n\n<li>\u00dadaje z technick\u00e9 podpory ukl\u00e1d\u00e1me, dokud nepo\u017e\u00e1d\u00e1te o jejich smaz\u00e1n\u00ed<\/li>\n<\/ul>\n<\/div>\n\n\n\n<div class=\"wp-block-group is-layout-constrained wp-block-group-is-layout-constrained\">\n<h2 class=\"wp-block-heading\">Zm\u011bna zpracov\u00e1n\u00ed dat<\/h2>\n\n\n\n<ul class=\"wp-block-list\">\n<li>Zm\u011bnu zas\u00edlan\u00fdch sd\u011blen\u00ed a sb\u011bru dat m\u016f\u017eete prov\u00e9st v\u00a0nastaven\u00ed sv\u00e9ho \u00fa\u010dtu, v z\u00e1pat\u00ed zas\u00edlan\u00fdch e-mail\u016f, nastaven\u00edm sv\u00e9ho prohl\u00ed\u017ee\u010de nebo p\u0159es e-mail podpora@kupi.cz<\/li>\n\n\n\n<li>\u017d\u00e1dost o odstran\u011bn\u00ed u\u017eivatelsk\u00fdch dat n\u00e1m m\u016f\u017eete zaslat e-mailem na\u00a0podpora@kupi.cz\u00a0nebo v nastaven\u00ed sv\u00e9ho \u00fa\u010dtu na Kupi.cz klikn\u011bte na tla\u010d\u00edtko &#8222;Smazat&#8220;<\/li>\n<\/ul>\n<\/div>\n","protected":false},"excerpt":{"rendered":"<p>P\u0159i proch\u00e1zen\u00ed na\u0161ich str\u00e1nek pracujeme s va\u0161imi osobn\u00edmi \u00fadaji. Pou\u017e\u00edv\u00e1me je p\u0159edev\u0161\u00edm k tomu, abychom v\u00e1m zobrazovali ak\u010dn\u00ed nab\u00eddky z va\u0161eho okol\u00ed a doru\u010dovali v\u00e1m nej\u010derstv\u011bj\u0161\u00ed informace o akc\u00edch prost\u0159ednictv\u00edm e-mail\u016f a mobiln\u00edch telefon\u016f. S jak\u00fdmi \u00fadaji pracujeme Jak dlouho s \u00fadaji pracujeme Zm\u011bna zpracov\u00e1n\u00ed dat<\/p>\n","protected":false},"author":2,"featured_media":0,"parent":9,"menu_order":0,"comment_status":"closed","ping_status":"closed","template":"page-sidemenu","meta":{"_acf_changed":false,"_relevanssi_hide_post":"","_relevanssi_hide_content":"","_relevanssi_pin_for_all":"","_relevanssi_pin_keywords":"","_relevanssi_unpin_keywords":"","_relevanssi_related_keywords":"","_relevanssi_related_include_ids":"","_relevanssi_related_exclude_ids":"","_relevanssi_related_no_append":"","_relevanssi_related_not_related":"","_relevanssi_related_posts":"","_relevanssi_noindex_reason":"","footnotes":""},"page_category":[3],"page_tag":[],"class_list":["post-128","page","type-page","status-publish","hentry"],"acf":[],"lang":"cs","translations":{"cs":128,"en":2599},"pll_sync_post":[],"_links":{"self":[{"href":"https:\/\/o-seznam.cz\/pravni-informace\/wp-json\/wp\/v2\/pages\/128","targetHints":{"allow":["GET"]}}],"collection":[{"href":"https:\/\/o-seznam.cz\/pravni-informace\/wp-json\/wp\/v2\/pages"}],"about":[{"href":"https:\/\/o-seznam.cz\/pravni-informace\/wp-json\/wp\/v2\/types\/page"}],"author":[{"embeddable":true,"href":"https:\/\/o-seznam.cz\/pravni-informace\/wp-json\/wp\/v2\/users\/2"}],"replies":[{"embeddable":true,"href":"https:\/\/o-seznam.cz\/pravni-informace\/wp-json\/wp\/v2\/comments?post=128"}],"version-history":[{"count":10,"href":"https:\/\/o-seznam.cz\/pravni-informace\/wp-json\/wp\/v2\/pages\/128\/revisions"}],"predecessor-version":[{"id":1494,"href":"https:\/\/o-seznam.cz\/pravni-informace\/wp-json\/wp\/v2\/pages\/128\/revisions\/1494"}],"up":[{"embeddable":true,"href":"https:\/\/o-seznam.cz\/pravni-informace\/wp-json\/wp\/v2\/pages\/9"}],"wp:attachment":[{"href":"https:\/\/o-seznam.cz\/pravni-informace\/wp-json\/wp\/v2\/media?parent=128"}],"wp:term":[{"taxonomy":"page_category","embeddable":true,"href":"https:\/\/o-seznam.cz\/pravni-informace\/wp-json\/wp\/v2\/page_category?post=128"},{"taxonomy":"page_tag","embeddable":true,"href":"https:\/\/o-seznam.cz\/pravni-informace\/wp-json\/wp\/v2\/page_tag?post=128"}],"curies":[{"name":"wp","href":"https:\/\/api.w.org\/{rel}","templated":true}]}}