{"id":817,"date":"2026-04-17T11:37:04","date_gmt":"2026-04-17T09:37:04","guid":{"rendered":"https:\/\/o-seznam.cz\/napoveda\/?page_id=817"},"modified":"2026-05-11T13:15:06","modified_gmt":"2026-05-11T11:15:06","slug":"cenik-placeneho-obsahu","status":"publish","type":"page","link":"https:\/\/o-seznam.cz\/napoveda\/cenik-placeneho-obsahu\/","title":{"rendered":"Cen\u00edk placen\u00e9ho obsahu na slu\u017eb\u00e1ch spole\u010dnosti Seznam.cz, a.s."},"content":{"rendered":"\n<div class=\"wp-block-group is-content-justification-left is-layout-constrained wp-container-core-group-is-layout-b08e1d43 wp-block-group-is-layout-constrained\">\n<p>Platn\u00fd od 11. kv\u011btna 2026<\/p>\n\n\n\n<figure class=\"wp-block-table\"><table class=\"has-fixed-layout\"><thead><tr><th>Slu\u017eba<\/th><th>Cena (m\u011bs\u00ed\u010dn\u011b)<\/th><th>Dal\u0161\u00ed mo\u017enosti<\/th><\/tr><\/thead><tbody><tr><td><strong>Seznam Zdrav\u00ed+<\/strong><\/td><td>89 K\u010d&nbsp;<\/td><td>Pouze m\u011bs\u00ed\u010dn\u00ed p\u0159edplatn\u00e9<\/td><\/tr><\/tbody><\/table><\/figure>\n\n\n\n<p><em>V\u0161echny uveden\u00e9 ceny jsou v\u010detn\u011b DPH.<\/em><\/p>\n<\/div>\n\n\n\n<div class=\"wp-block-group is-content-justification-left is-layout-constrained wp-container-core-group-is-layout-b08e1d43 wp-block-group-is-layout-constrained\">\n<p><strong>Popis slu\u017eeb:<\/strong><\/p>\n\n\n\n<ul class=\"wp-block-list\">\n<li>Ak\u010dn\u00ed p\u0159edplatn\u00e9 \u010din\u00ed 49 K\u010d\/m\u011bs\u00edc.<\/li>\n\n\n\n<li>Ak\u010dn\u00ed p\u0159edplatn\u00e9 je mo\u017en\u00e9 vyu\u017e\u00edt do 30. 6. 2026, pokud nedojde ze strany spole\u010dnosti Seznam.cz, a.s. k jej\u00edmu prodlou\u017een\u00ed.<\/li>\n\n\n\n<li>P\u0159i zakoupen\u00ed Ak\u010dn\u00edho P\u0159edplatn\u00e9ho do 30. 6. 2026 z\u00edsk\u00e1te m\u011bs\u00ed\u010dn\u00ed p\u0159edplatn\u00e9 za zv\u00fdhodn\u011bnou cenu, a to po dobu trv\u00e1n\u00ed ak\u010dn\u00edho obdob\u00ed. Po jeho skon\u010den\u00ed bude p\u0159edplatn\u00e9 automaticky prodlou\u017eeno za aktu\u00e1ln\u00ed cenu platnou v dob\u011b jeho prodlou\u017een\u00ed, pokud jej z Va\u0161\u00ed strany neukon\u010d\u00edte.<\/li>\n<\/ul>\n\n\n\n<p>Nap\u0159.: pokud Ak\u010dn\u00ed P\u0159edplatn\u00e9 zakoup\u00edte 15. 5. 2026, bude do 14. 7. 2026 cena 49 K\u010d. Od 15. 7. 2026 (prvn\u00ed automatick\u00e9 prodlou\u017een\u00ed) bude cena 89 K\u010d.<\/p>\n<\/div>\n","protected":false},"excerpt":{"rendered":"<p>Platn\u00fd od 11. kv\u011btna 2026 Slu\u017eba Cena (m\u011bs\u00ed\u010dn\u011b) Dal\u0161\u00ed mo\u017enosti Seznam Zdrav\u00ed+ 89 K\u010d&nbsp; Pouze m\u011bs\u00ed\u010dn\u00ed p\u0159edplatn\u00e9 V\u0161echny uveden\u00e9 ceny jsou v\u010detn\u011b DPH. Popis slu\u017eeb: Nap\u0159.: pokud Ak\u010dn\u00ed P\u0159edplatn\u00e9 zakoup\u00edte 15. 5. 2026, bude do 14. 7. 2026 cena 49 K\u010d. Od 15. 7. 2026 (prvn\u00ed automatick\u00e9 prodlou\u017een\u00ed) bude cena 89 K\u010d.<\/p>\n","protected":false},"author":67,"featured_media":0,"parent":0,"menu_order":0,"comment_status":"closed","ping_status":"closed","template":"","meta":{"_acf_changed":false,"_relevanssi_hide_post":"","_relevanssi_hide_content":"","_relevanssi_pin_for_all":"","_relevanssi_pin_keywords":"","_relevanssi_unpin_keywords":"","_relevanssi_related_keywords":"","_relevanssi_related_include_ids":"","_relevanssi_related_exclude_ids":"","_relevanssi_related_no_append":"","_relevanssi_related_not_related":"","_relevanssi_related_posts":"","_relevanssi_noindex_reason":"","footnotes":""},"page_category":[],"page_tag":[],"service_status_category":[],"class_list":["post-817","page","type-page","status-publish","hentry"],"acf":[],"lang":"cs","translations":{"cs":817},"pll_sync_post":[],"_links":{"self":[{"href":"https:\/\/o-seznam.cz\/napoveda\/wp-json\/wp\/v2\/pages\/817","targetHints":{"allow":["GET"]}}],"collection":[{"href":"https:\/\/o-seznam.cz\/napoveda\/wp-json\/wp\/v2\/pages"}],"about":[{"href":"https:\/\/o-seznam.cz\/napoveda\/wp-json\/wp\/v2\/types\/page"}],"author":[{"embeddable":true,"href":"https:\/\/o-seznam.cz\/napoveda\/wp-json\/wp\/v2\/users\/67"}],"replies":[{"embeddable":true,"href":"https:\/\/o-seznam.cz\/napoveda\/wp-json\/wp\/v2\/comments?post=817"}],"version-history":[{"count":8,"href":"https:\/\/o-seznam.cz\/napoveda\/wp-json\/wp\/v2\/pages\/817\/revisions"}],"predecessor-version":[{"id":825,"href":"https:\/\/o-seznam.cz\/napoveda\/wp-json\/wp\/v2\/pages\/817\/revisions\/825"}],"wp:attachment":[{"href":"https:\/\/o-seznam.cz\/napoveda\/wp-json\/wp\/v2\/media?parent=817"}],"wp:term":[{"taxonomy":"page_category","embeddable":true,"href":"https:\/\/o-seznam.cz\/napoveda\/wp-json\/wp\/v2\/page_category?post=817"},{"taxonomy":"page_tag","embeddable":true,"href":"https:\/\/o-seznam.cz\/napoveda\/wp-json\/wp\/v2\/page_tag?post=817"},{"taxonomy":"service_status_category","embeddable":true,"href":"https:\/\/o-seznam.cz\/napoveda\/wp-json\/wp\/v2\/service_status_category?post=817"}],"curies":[{"name":"wp","href":"https:\/\/api.w.org\/{rel}","templated":true}]}}