{"id":496,"date":"2025-06-26T15:56:40","date_gmt":"2025-06-26T13:56:40","guid":{"rendered":"https:\/\/o-seznam.cz\/napoveda\/?page_id=496"},"modified":"2025-06-26T15:58:35","modified_gmt":"2025-06-26T13:58:35","slug":"pristupnost-pro-televizeseznam","status":"publish","type":"page","link":"https:\/\/o-seznam.cz\/napoveda\/pristupnost-pro-televizeseznam\/","title":{"rendered":"Informace o\u202fp\u0159\u00edstupnosti slu\u017eby Televize Seznam"},"content":{"rendered":"\n<div class=\"wp-block-group is-content-justification-left is-layout-constrained wp-container-core-group-is-layout-b08e1d43 wp-block-group-is-layout-constrained\">\n<div class=\"wp-block-group is-layout-constrained wp-block-group-is-layout-constrained\">\n<p class=\"is-style-link-external\">Tyto informace o\u202fp\u0159\u00edstupnosti se vztahuj\u00ed na webovou str\u00e1nku <a href=\"https:\/\/www.televizeseznam.cz\/\" target=\"_blank\" rel=\"noreferrer noopener\">https:\/\/www.televizeseznam.cz\/<\/a> (d\u00e1le jen \u201eWeb\u201c).<\/p>\n\n\n\n<p>Prost\u0159ednictv\u00edm Webu je poskytov\u00e1n p\u0159\u00edstup k\u202faudiovizu\u00e1ln\u00ed medi\u00e1ln\u00ed slu\u017eb\u011b na vy\u017e\u00e1d\u00e1n\u00ed.<\/p>\n<\/div>\n\n\n\n<div class=\"wp-block-group is-layout-constrained wp-block-group-is-layout-constrained\">\n<h2 class=\"wp-block-heading\">Funkce p\u0159\u00edstupnosti:<\/h2>\n\n\n\n<p>Web obsahuje \u010diteln\u00fd a srozumiteln\u00fd text i d\u00edky kontrastn\u00edm barv\u00e1m.<\/p>\n\n\n\n<p>Web podporuje funkce pro ovl\u00e1d\u00e1n\u00ed kl\u00e1vesnic\u00ed.<\/p>\n<\/div>\n\n\n\n<div class=\"wp-block-group is-layout-constrained wp-block-group-is-layout-constrained\">\n<h2 class=\"wp-block-heading\">Podporovan\u00e9 webov\u00e9 prohl\u00ed\u017ee\u010de<\/h2>\n\n\n\n<p>Optim\u00e1ln\u00ed zobrazen\u00ed a\u202fpr\u00e1ci umo\u017e\u0148uj\u00ed tyto webov\u00e9 prohl\u00ed\u017ee\u010de:<\/p>\n<\/div>\n\n\n\n<div class=\"wp-block-group is-layout-constrained wp-block-group-is-layout-constrained\">\n<p><strong>Pro desktop:<\/strong><\/p>\n\n\n\n<ul class=\"wp-block-list\">\n<li>Google Chrome<\/li>\n\n\n\n<li>Microsoft Edge<\/li>\n\n\n\n<li>Mozilla Firefox<\/li>\n\n\n\n<li>Safari<\/li>\n\n\n\n<li>Seznam.cz prohl\u00ed\u017ee\u010d<\/li>\n<\/ul>\n<\/div>\n\n\n\n<div class=\"wp-block-group is-layout-constrained wp-block-group-is-layout-constrained\">\n<div class=\"wp-block-group is-layout-constrained wp-block-group-is-layout-constrained\">\n<p><strong>Pro mobiln\u00ed za\u0159\u00edzen\u00ed:<\/strong><\/p>\n\n\n\n<ul class=\"wp-block-list\">\n<li>Google Chrome (Android)<\/li>\n\n\n\n<li>Safari (iOS)<\/li>\n\n\n\n<li>Seznam.cz (Android a iOS)<\/li>\n<\/ul>\n<\/div>\n\n\n\n<p class=\"is-style-link-external\"><strong>Zp\u011btn\u00e1 vazba a\u202fkontaktn\u00ed \u00fadaje<\/strong><br>Pokud naraz\u00edte na jak\u00fdkoli probl\u00e9m, dejte n\u00e1m, pros\u00edm, v\u011bd\u011bt. Pro sd\u011blen\u00ed n\u00e1m\u011bt\u016f, post\u0159eh\u016f \u010di informac\u00ed o\u202fprobl\u00e9mech se zobrazov\u00e1n\u00edm, pros\u00edm kontaktujte <a href=\"https:\/\/o-seznam.cz\/kontakty\/\" data-type=\"link\" data-id=\"https:\/\/o-seznam.cz\/kontakty\/\" target=\"_blank\" rel=\"noreferrer noopener\">technickou podporu<\/a>.<\/p>\n<\/div>\n<\/div>\n","protected":false},"excerpt":{"rendered":"<p>Tyto informace o\u202fp\u0159\u00edstupnosti se vztahuj\u00ed na webovou str\u00e1nku https:\/\/www.televizeseznam.cz\/ (d\u00e1le jen \u201eWeb\u201c). Prost\u0159ednictv\u00edm Webu je poskytov\u00e1n p\u0159\u00edstup k\u202faudiovizu\u00e1ln\u00ed medi\u00e1ln\u00ed slu\u017eb\u011b na vy\u017e\u00e1d\u00e1n\u00ed. Funkce p\u0159\u00edstupnosti: Web obsahuje \u010diteln\u00fd a srozumiteln\u00fd text i d\u00edky kontrastn\u00edm barv\u00e1m. Web podporuje funkce pro ovl\u00e1d\u00e1n\u00ed kl\u00e1vesnic\u00ed. Podporovan\u00e9 webov\u00e9 prohl\u00ed\u017ee\u010de Optim\u00e1ln\u00ed zobrazen\u00ed a\u202fpr\u00e1ci umo\u017e\u0148uj\u00ed tyto webov\u00e9 prohl\u00ed\u017ee\u010de: Pro desktop: Pro mobiln\u00ed za\u0159\u00edzen\u00ed: [&hellip;]<\/p>\n","protected":false},"author":67,"featured_media":0,"parent":0,"menu_order":0,"comment_status":"closed","ping_status":"closed","template":"","meta":{"_acf_changed":false,"_relevanssi_hide_post":"","_relevanssi_hide_content":"","_relevanssi_pin_for_all":"","_relevanssi_pin_keywords":"","_relevanssi_unpin_keywords":"","_relevanssi_related_keywords":"","_relevanssi_related_include_ids":"","_relevanssi_related_exclude_ids":"","_relevanssi_related_no_append":"","_relevanssi_related_not_related":"","_relevanssi_related_posts":"","_relevanssi_noindex_reason":"","footnotes":""},"page_category":[],"page_tag":[],"service_status_category":[],"class_list":["post-496","page","type-page","status-publish","hentry"],"acf":[],"lang":"cs","translations":{"cs":496},"pll_sync_post":[],"_links":{"self":[{"href":"https:\/\/o-seznam.cz\/napoveda\/wp-json\/wp\/v2\/pages\/496","targetHints":{"allow":["GET"]}}],"collection":[{"href":"https:\/\/o-seznam.cz\/napoveda\/wp-json\/wp\/v2\/pages"}],"about":[{"href":"https:\/\/o-seznam.cz\/napoveda\/wp-json\/wp\/v2\/types\/page"}],"author":[{"embeddable":true,"href":"https:\/\/o-seznam.cz\/napoveda\/wp-json\/wp\/v2\/users\/67"}],"replies":[{"embeddable":true,"href":"https:\/\/o-seznam.cz\/napoveda\/wp-json\/wp\/v2\/comments?post=496"}],"version-history":[{"count":4,"href":"https:\/\/o-seznam.cz\/napoveda\/wp-json\/wp\/v2\/pages\/496\/revisions"}],"predecessor-version":[{"id":500,"href":"https:\/\/o-seznam.cz\/napoveda\/wp-json\/wp\/v2\/pages\/496\/revisions\/500"}],"wp:attachment":[{"href":"https:\/\/o-seznam.cz\/napoveda\/wp-json\/wp\/v2\/media?parent=496"}],"wp:term":[{"taxonomy":"page_category","embeddable":true,"href":"https:\/\/o-seznam.cz\/napoveda\/wp-json\/wp\/v2\/page_category?post=496"},{"taxonomy":"page_tag","embeddable":true,"href":"https:\/\/o-seznam.cz\/napoveda\/wp-json\/wp\/v2\/page_tag?post=496"},{"taxonomy":"service_status_category","embeddable":true,"href":"https:\/\/o-seznam.cz\/napoveda\/wp-json\/wp\/v2\/service_status_category?post=496"}],"curies":[{"name":"wp","href":"https:\/\/api.w.org\/{rel}","templated":true}]}}

Informace o přístupnosti služby Televize Seznam

<div class="wp-block-group is-content-justification-left is-layout-constrained wp-container-core-group-is-layout-b08e1d43 wp-block-group-is-layout-constrained">
<div class="wp-block-group is-layout-constrained wp-block-group-is-layout-constrained">
<p class="is-style-link-external">Tyto informace o přístupnosti se vztahují na webovou stránku <a href="https://www.televizeseznam.cz/" target="_blank" rel="noreferrer noopener">https://www.televizeseznam.cz/</a> (dále jen „Web“).</p>



<p>Prostřednictvím Webu je poskytován přístup k audiovizuální mediální službě na vyžádání.</p>
</div>



<div class="wp-block-group is-layout-constrained wp-block-group-is-layout-constrained">
<h2 class="wp-block-heading">Funkce přístupnosti:</h2>



<p>Web obsahuje čitelný a srozumitelný text i díky kontrastním barvám.</p>



<p>Web podporuje funkce pro ovládání klávesnicí.</p>
</div>



<div class="wp-block-group is-layout-constrained wp-block-group-is-layout-constrained">
<h2 class="wp-block-heading">Podporované webové prohlížeče</h2>



<p>Optimální zobrazení a práci umožňují tyto webové prohlížeče:</p>
</div>



<div class="wp-block-group is-layout-constrained wp-block-group-is-layout-constrained">
<p><strong>Pro desktop:</strong></p>



<ul class="wp-block-list">
<li>Google Chrome</li>



<li>Microsoft Edge</li>



<li>Mozilla Firefox</li>



<li>Safari</li>



<li>Seznam.cz prohlížeč</li>
</ul>
</div>



<div class="wp-block-group is-layout-constrained wp-block-group-is-layout-constrained">
<div class="wp-block-group is-layout-constrained wp-block-group-is-layout-constrained">
<p><strong>Pro mobilní zařízení:</strong></p>



<ul class="wp-block-list">
<li>Google Chrome (Android)</li>



<li>Safari (iOS)</li>



<li>Seznam.cz (Android a iOS)</li>
</ul>
</div>



<p class="is-style-link-external"><strong>Zpětná vazba a kontaktní údaje</strong><br>Pokud narazíte na jakýkoli problém, dejte nám, prosím, vědět. Pro sdělení námětů, postřehů či informací o problémech se zobrazováním, prosím kontaktujte <a href="https://o-seznam.cz/kontakty/" data-type="link" data-id="https://o-seznam.cz/kontakty/" target="_blank" rel="noreferrer noopener">technickou podporu</a>.</p>
</div>
</div>

<p>Tyto informace o přístupnosti se vztahují na webovou stránku https://www.televizeseznam.cz/ (dále jen „Web“). Prostřednictvím Webu je poskytován přístup k audiovizuální mediální službě na vyžádání. Funkce přístupnosti: Web obsahuje čitelný a srozumitelný text i díky kontrastním barvám. Web podporuje funkce pro ovládání klávesnicí. Podporované webové prohlížeče Optimální zobrazení a práci umožňují tyto webové prohlížeče: Pro desktop: Pro mobilní zařízení: [&hellip;]</p>
