{"id":5,"date":"2024-08-28T17:58:56","date_gmt":"2024-08-28T15:58:56","guid":{"rendered":"https:\/\/o-seznam.cz\/napoveda\/vyhledavani\/?page_id=5"},"modified":"2026-02-16T10:37:37","modified_gmt":"2026-02-16T09:37:37","slug":"vyhledavani","status":"publish","type":"page","link":"https:\/\/o-seznam.cz\/napoveda\/vyhledavani\/","title":{"rendered":"Vyhled\u00e1v\u00e1n\u00ed Seznam.cz"},"content":{"rendered":"\n<div class=\"wp-block-group alignwide is-layout-constrained wp-block-group-is-layout-constrained\">\n<div class=\"wp-block-group alignwide is-layout-constrained wp-block-group-is-layout-constrained\"><div class=\"alignwide alignwide wp-block-seznam-hero\"><div class=\"cover is-hero is-hero-default bg-neutral-40\"><img decoding=\"async\" src=\"https:\/\/o-seznam.cz\/napoveda\/vyhledavani\/wp-content\/themes\/seznam\/patterns\/images\/seznam-cover.jpg\" class=\"cover__media\" alt=\"\" \/><div class=\"cover__dim\" style=\"opacity:0.45\"><\/div><div class=\"cover__content is-layout-constrained\">\n\n<h1 class=\"wp-block-heading has-text-align-left\">N\u00e1pov\u011bda<br>Vyhled\u00e1v\u00e1n\u00ed<\/h1>\n\n\n\n<div class=\"wp-block-group is-content-justification-left is-layout-constrained wp-container-core-group-is-layout-59d06cab wp-block-group-is-layout-constrained\">\n<p>Mrkn\u011bte, jak efektivn\u011b vyu\u017e\u00edvat vyhled\u00e1va\u010d od Seznamu. Dozv\u00edte se tipy pro zad\u00e1v\u00e1n\u00ed dotaz\u016f, filtrov\u00e1n\u00ed v\u00fdsledk\u016f a pr\u00e1ci s pokro\u010dil\u00fdmi funkcemi.<\/p>\n<\/div>\n\n<\/div><\/div><\/div>\n\n\n<\/div>\n<\/div>\n\n\n\n<div class=\"wp-block-group is-layout-constrained wp-block-group-is-layout-constrained\">\n<h2 class=\"wp-block-heading\">Nej\u010dast\u011bj\u0161\u00ed dotazy<\/h2>\n\n\n\n<div class=\"accordion\">\n\t<div class=\"accordion__items\">\n\n<details class=\"expander is-style-default\">\n\t<summary data-datalayer-name=\"\" data-datalayer-text=\"Jak mohu ov\u011b\u0159it sv\u016fj web v n\u00e1stroji Seznam Webmaster?\">\n\t\t\t\t<strong>Jak mohu ov\u011b\u0159it sv\u016fj web v n\u00e1stroji Seznam Webmaster?<\/strong>\n\t\t\t<\/summary>\n\t<div class=\"inner-blocks\">\n\n<p>Pro p\u0159id\u00e1n\u00ed webu je nutno ov\u011b\u0159it, \u017ee web pat\u0159\u00ed v\u00e1m. Web lze ov\u011b\u0159it bu\u010f pomoc\u00ed <a href=\"https:\/\/o-seznam.cz\/napoveda\/vyhledavani\/seznam-webmaster\/#overeni\" data-type=\"page\" data-id=\"184\">souboru<\/a>, nebo pomoc\u00ed <a href=\"https:\/\/o-seznam.cz\/napoveda\/vyhledavani\/seznam-webmaster\/#overeni\" data-type=\"page\" data-id=\"184\">meta tagu<\/a>. Nav\u00edc rozli\u0161ujeme verzi webu s http a https, proto si zkontrolujte, zda jste p\u0159idali tu verzi, kterou se pokou\u0161\u00edte ov\u011b\u0159it, p\u0159\u00edpadn\u011b p\u0159idejte ob\u011b.&nbsp;<\/p>\n\n<\/div><\/details>\n\n\n\n<details class=\"expander is-style-default\">\n\t<summary data-datalayer-name=\"\" data-datalayer-text=\"Pro\u010d se mi ve v\u00fdsledc\u00edch vyhled\u00e1v\u00e1n\u00ed nezobrazuje spr\u00e1vn\u00e1 favicona?\">\n\t\t\t\t<strong>Pro\u010d se mi ve v\u00fdsledc\u00edch vyhled\u00e1v\u00e1n\u00ed nezobrazuje spr\u00e1vn\u00e1 favicona?<\/strong>\n\t\t\t<\/summary>\n\t<div class=\"inner-blocks\">\n\n<p>Zkontrolujte si, \u017ee va\u0161e favicona spl\u0148uje <a href=\"https:\/\/o-seznam.cz\/napoveda\/vyhledavani\/generator-nahledu\/pravidla-pro-favicony\/\" data-type=\"page\" data-id=\"371\">pravidla pro favicony<\/a>, tzn. maxim\u00e1ln\u00ed velikost, a um\u00edst\u011bn\u00ed. Pokud pravidla spl\u0148uje, pomoc\u00ed<a class=\"is-style-link-external\" href=\"https:\/\/search.seznam.cz\/wt\/kontrolni-formular\"> kontroln\u00edho formul\u00e1\u0159e<\/a> si ov\u011b\u0159te, zda se Seznambot na v\u00e1\u0161 web dostane. Pot\u00e9 dejte str\u00e1nku p\u0159eindexovat pomoc\u00ed<a class=\"is-style-link-external\" href=\"https:\/\/search.seznam.cz\/wt\/pridej-stranku\"> p\u0159id\u00e1vac\u00ed formul\u00e1\u0159e<\/a>.<\/p>\n\n<\/div><\/details>\n\n\n\n<details class=\"expander is-style-default\">\n\t<summary data-datalayer-name=\"\" data-datalayer-text=\"Ve v\u00fdsledc\u00edch vyhled\u00e1v\u00e1n\u00ed m\u00e1m neaktu\u00e1ln\u00ed titulek, popisek, URL webu\">\n\t\t\t\t<strong>Ve v\u00fdsledc\u00edch vyhled\u00e1v\u00e1n\u00ed m\u00e1m neaktu\u00e1ln\u00ed titulek, popisek, URL webu<\/strong>\n\t\t\t<\/summary>\n\t<div class=\"inner-blocks\">\n\n<p>Pomoc\u00ed n\u00e1stroje <a class=\"is-style-link-external\" href=\"https:\/\/reporter.seznam.cz\/wm\/web\/pokusne-stazeni\">Seznam Webmaster<\/a> nebo<a class=\"is-style-link-external\" href=\"https:\/\/search.seznam.cz\/wt\/kontrolni-formular\" target=\"_blank\" rel=\"noreferrer noopener\"> kontroln\u00edho formul\u00e1\u0159e<\/a> si ov\u011b\u0159te, zda se Seznambot na v\u00e1\u0161 web dostane. Pot\u00e9 dejte str\u00e1nku p\u0159eindexovat pomoc\u00ed<a class=\"is-style-link-external\" href=\"https:\/\/search.seznam.cz\/wt\/pridej-stranku\" target=\"_blank\" rel=\"noreferrer noopener\"> p\u0159id\u00e1vac\u00ed formul\u00e1\u0159e<\/a>. V n\u00e1stroji Seznam Webmaster m\u016f\u017eete str\u00e1nku zadat k reindexaci pomoc\u00ed API nebo p\u0159\u00edmo v jeho webov\u00e9m rozhran\u00ed. Vyu\u017e\u00edt lze tak\u00e9 protokol <a href=\"https:\/\/o-seznam.cz\/napoveda\/vyhledavani\/seznambot\/protokol-indexnow\/\" data-type=\"page\" data-id=\"176\">IndexNow<\/a>.<\/p>\n\n<\/div><\/details>\n\n\n\n<details class=\"expander is-style-default\">\n\t<summary data-datalayer-name=\"\" data-datalayer-text=\"Jak mohu odstranit str\u00e1nku nebo web z v\u00fdsledk\u016f vyhled\u00e1v\u00e1n\u00ed?\">\n\t\t\t\t<strong>Jak mohu odstranit str\u00e1nku nebo web z v\u00fdsledk\u016f vyhled\u00e1v\u00e1n\u00ed?<\/strong>\n\t\t\t<\/summary>\n\t<div class=\"inner-blocks\">\n\n<p>Pokud chcete z v\u00fdsledk\u016f vyhled\u00e1v\u00e1n\u00ed odstranit kokr\u00e9tn\u00ed str\u00e1nku, je pot\u0159eba, aby vracela HTTP stav 404 nebo 410. V\u00edce informac\u00ed naleznete na str\u00e1nce <a href=\"https:\/\/o-seznam.cz\/napoveda\/vyhledavani\/seznambot\/odstranovani-stranek\/\" data-type=\"page\" data-id=\"161\">odstra\u0148ov\u00e1n\u00ed str\u00e1nek<\/a>.<\/p>\n\n<\/div><\/details>\n\n\n\n<details class=\"expander is-style-default\">\n\t<summary data-datalayer-name=\"\" data-datalayer-text=\"Moje str\u00e1nky se ve v\u00fdsledc\u00edch vyhled\u00e1v\u00e1n\u00ed propadly nebo nejdou nal\u00e9zt\">\n\t\t\t\t<strong>Moje str\u00e1nky se ve v\u00fdsledc\u00edch vyhled\u00e1v\u00e1n\u00ed propadly nebo nejdou nal\u00e9zt<\/strong>\n\t\t\t<\/summary>\n\t<div class=\"inner-blocks\">\n\n<p>Jestli\u017ee sv\u00e9 str\u00e1nky nem\u016f\u017eete v\u016fbec naj\u00edt, konzultujte probl\u00e9m nejd\u0159\u00edve se spr\u00e1vcem sv\u00fdch str\u00e1nek (webmasterem) a ujist\u011bte se, \u017ee na str\u00e1nk\u00e1ch nepou\u017e\u00edv\u00e1te obsah nebo nastaven\u00ed, kter\u00e9 by br\u00e1nily jejich indexov\u00e1n\u00ed. V\u00edce informac\u00ed najdete na str\u00e1nce <a href=\"https:\/\/o-seznam.cz\/napoveda\/vyhledavani\/nejcastejsi-dotazy\/#pokles\" data-type=\"page\" data-id=\"1785\">nej\u010dast\u011bj\u0161\u00ed dotazy<\/a>.<\/p>\n\n<\/div><\/details>\n\n<\/div><\/div>\n\n\n\n\n<p class=\"has-text-align-center is-style-next\"><a href=\"https:\/\/o-seznam.cz\/napoveda\/vyhledavani\/nejcastejsi-dotazy\/\">V\u0161echny \u010dast\u00e9 dotazy<\/a><\/p>\n<\/div>\n\n\n\n<div class=\"wp-block-group is-layout-constrained wp-block-group-is-layout-constrained\">\n<div class=\"wp-block-group is-layout-constrained wp-block-group-is-layout-constrained\">\n<div class=\"wp-block-columns pattern-columns-2-icons is-layout-flex wp-container-core-columns-is-layout-28f84493 wp-block-columns-is-layout-flex\">\n<div class=\"wp-block-column is-layout-flow wp-container-core-column-is-layout-16b3bfcb wp-block-column-is-layout-flow\"><figure class=\"aligncenter aligncenter wp-block-seznam-icon\"><img loading=\"lazy\" decoding=\"async\" width=\"64\" height=\"64\" src=\"https:\/\/o-seznam.cz\/napoveda\/vyhledavani\/wp-content\/uploads\/sites\/13\/2024\/12\/vyhledavani-pridani-stranky.svg\" class=\"attachment-full size-full\" alt=\"\" \/><\/figure>\n\n\n\n<p class=\"has-text-align-center is-style-wrap-balance\"><strong>P\u0159id\u00e1n\u00ed str\u00e1nky do hled\u00e1n\u00ed<\/strong><\/p>\n\n\n\n<p class=\"has-text-align-center is-style-link-external\">Chcete-li p\u0159idat str\u00e1nku do hled\u00e1n\u00ed, m\u016f\u017eete vyu\u017e\u00edt formul\u00e1\u0159 pro <a href=\"https:\/\/search.seznam.cz\/wt\/pridej-stranku\" target=\"_blank\" rel=\"noreferrer noopener\">p\u0159id\u00e1n\u00ed str\u00e1nky<\/a>, nebo <a href=\"https:\/\/reporter.seznam.cz\/wm\" target=\"_blank\" rel=\"noreferrer noopener\">API n\u00e1stroje<\/a>.<\/p>\n<\/div>\n\n\n\n<div class=\"wp-block-column is-layout-flow wp-container-core-column-is-layout-16b3bfcb wp-block-column-is-layout-flow\"><figure class=\"aligncenter aligncenter wp-block-seznam-icon\"><img loading=\"lazy\" decoding=\"async\" width=\"64\" height=\"64\" src=\"https:\/\/o-seznam.cz\/napoveda\/vyhledavani\/wp-content\/uploads\/sites\/13\/2024\/12\/vyhledavani-overeni-dostupnosti.svg\" class=\"attachment-full size-full\" alt=\"\" \/><\/figure>\n\n\n\n<p class=\"has-text-align-center is-style-wrap-balance\"><strong>Ov\u011b\u0159en\u00ed dostupnosti<\/strong><\/p>\n\n\n\n<p class=\"has-text-align-center is-style-link-external\">Chcete-li zjistit, zda je str\u00e1nka pro robota dostupn\u00e1, zkontrolujte ji pomoc\u00ed <a href=\"https:\/\/search.seznam.cz\/wt\/kontrolni-formular\" target=\"_blank\" rel=\"noreferrer noopener\">kontroln\u00edho formul\u00e1\u0159e<\/a>.<\/p>\n<\/div>\n<\/div>\n<\/div>\n<\/div>\n\n\n\n<div class=\"wp-block-group is-layout-constrained wp-block-group-is-layout-constrained\">\n<h2 class=\"wp-block-heading\">N\u00e1pov\u011bda pro Vyhled\u00e1v\u00e1n\u00ed<\/h2>\n\n\n<div class=\"wp-block-seznam-list-pages\"><div>\n<div style=\"--seznam-tiles--columns:3\" class=\"wp-block-seznam-tiles has-columns-3\"><div class=\"inner-blocks\">\n<div class=\"block-boxlink\"><a class=\"boxlink boxlink--icon-arrow boxlink--align-y-center px-f8 py-f4\" href=\"https:\/\/o-seznam.cz\/napoveda\/vyhledavani\/nejcastejsi-dotazy\/\"><div class=\"inner-blocks\">Nej\u010dast\u011bj\u0161\u00ed dotazy<\/div><\/a><\/div><div class=\"block-boxlink\"><a class=\"boxlink boxlink--icon-arrow boxlink--align-y-center px-f8 py-f4\" href=\"https:\/\/o-seznam.cz\/napoveda\/vyhledavani\/ochrana-udaju\/\"><div class=\"inner-blocks\">Ochrana \u00fadaj\u016f<\/div><\/a><\/div><div class=\"block-boxlink\"><a class=\"boxlink boxlink--icon-arrow boxlink--align-y-center px-f8 py-f4\" href=\"https:\/\/o-seznam.cz\/napoveda\/vyhledavani\/optimalizace\/\"><div class=\"inner-blocks\">Optimalizace (SEO)<\/div><\/a><\/div><div class=\"block-boxlink\"><a class=\"boxlink boxlink--icon-arrow boxlink--align-y-center px-f8 py-f4\" href=\"https:\/\/o-seznam.cz\/napoveda\/vyhledavani\/prubeh-vyhledavani\/\"><div class=\"inner-blocks\">Pr\u016fb\u011bh vyhled\u00e1v\u00e1n\u00ed<\/div><\/a><\/div><div class=\"block-boxlink\"><a class=\"boxlink boxlink--icon-arrow boxlink--align-y-center px-f8 py-f4\" href=\"https:\/\/o-seznam.cz\/napoveda\/vyhledavani\/seznam-webmaster\/\"><div class=\"inner-blocks\">Seznam Webmaster<\/div><\/a><\/div><div class=\"block-boxlink\"><a class=\"boxlink boxlink--icon-arrow boxlink--align-y-center px-f8 py-f4\" href=\"https:\/\/o-seznam.cz\/napoveda\/vyhledavani\/seznambot\/\"><div class=\"inner-blocks\">SeznamBot<\/div><\/a><\/div><div class=\"block-boxlink\"><a class=\"boxlink boxlink--icon-arrow boxlink--align-y-center px-f8 py-f4\" href=\"https:\/\/o-seznam.cz\/napoveda\/vyhledavani\/strukturovana-data\/\"><div class=\"inner-blocks\">Strukturovan\u00e1 data<\/div><\/a><\/div><div class=\"block-boxlink\"><a class=\"boxlink boxlink--icon-arrow boxlink--align-y-center px-f8 py-f4\" href=\"https:\/\/o-seznam.cz\/napoveda\/vyhledavani\/technicke-podminky\/\"><div class=\"inner-blocks\">Technick\u00e9 podm\u00ednky<\/div><\/a><\/div><div class=\"block-boxlink\"><a class=\"boxlink boxlink--icon-arrow boxlink--align-y-center px-f8 py-f4\" href=\"https:\/\/o-seznam.cz\/napoveda\/vyhledavani\/vysledky-vyhledavani\/\"><div class=\"inner-blocks\">V\u00fdsledky vyhled\u00e1v\u00e1n\u00ed<\/div><\/a><\/div><div class=\"block-boxlink\"><a class=\"boxlink boxlink--icon-arrow boxlink--align-y-center px-f8 py-f4\" href=\"https:\/\/o-seznam.cz\/napoveda\/vyhledavani\/vyhledavani-obrazku\/\"><div class=\"inner-blocks\">Vyhled\u00e1v\u00e1n\u00ed obr\u00e1zk\u016f<\/div><\/a><\/div><div class=\"block-boxlink\"><a class=\"boxlink boxlink--icon-arrow boxlink--align-y-center px-f8 py-f4\" href=\"https:\/\/o-seznam.cz\/napoveda\/vyhledavani\/vyhledavani-videi\/\"><div class=\"inner-blocks\">Vyhled\u00e1v\u00e1n\u00ed vide\u00ed<\/div><\/a><\/div><div class=\"block-boxlink\"><a class=\"boxlink boxlink--icon-arrow boxlink--align-y-center px-f8 py-f4\" href=\"https:\/\/o-seznam.cz\/napoveda\/vyhledavani\/zpracovani-osobnich-udaju\/\"><div class=\"inner-blocks\">Zpracov\u00e1n\u00ed osobn\u00edch \u00fadaj\u016f<\/div><\/a><\/div><\/div><\/div>\n\n<\/div><\/div>\n<\/div>\n\n\n\n<div class=\"wp-block-group is-layout-constrained wp-block-group-is-layout-constrained\">\n<h2 class=\"wp-block-heading\">To nejnov\u011bj\u0161\u00ed z na\u0161eho Blogu<\/h2>\n\n\n<div class=\"wp-block-seznam-remote-wp-posts\">\n<div style=\"--seznam-tiles--columns:3\" class=\"wp-block-seznam-tiles has-columns-3\"><div class=\"inner-blocks\">\n\t\t\n\t\t<div class=\"wp-block-seznam-box space-y-f2 is-layout-flow wp-container-seznam-box-is-layout-ea7e8adf wp-block-seznam-box-is-layout-flow\">\n\t\t\t<p><a class=\"block font-bold text-neutral-black hover:text-accent-dark\" target=\"_blank\" href=\"https:\/\/blog.seznam.cz\/2026\/03\/co-hybe-ceskem-ceny-benzinu-elektroauta-i-kanystry-ukazuji-analyzy-vybranych-sluzeb-spolecnosti-seznam-cz\/\">Co h\u00fdbe \u010ceskem? Ceny benz\u00ednu, elektroauta i kanystry, ukazuj\u00ed anal\u00fdzy vybran\u00fdch slu\u017eeb spole\u010dnosti Seznam.cz\u00a0<\/a><\/p>\n\t\t\t<p class=\"has-neutral-60-color has-text-color whitespace-nowrap text-sm\"> 24. 3. 2026<\/p>\n\t\t\t\t\t\t\t<p class=\"has-neutral-60-color has-text-color text-sm\">U\u017eivatel\u00e9 v \u010cesku na port\u00e1lu Sauto.cz nej\u010dast\u011bji\u00a0vyhled\u00e1vaj\u00ed automobily spaluj\u00edc\u00ed benz\u00edn*. Sou\u010dasn\u00e1 situace na trhu s palivy ale mnoho lid\u00ed, podle dat Seznam.cz Vyhled\u00e1v\u00e1n\u00ed, podn\u011bcuje k v\u011bt\u0161\u00edmu z\u00e1jmu o elektroauta.\u00a0Roste tak\u00e9 po\u010det dotaz\u016f na\u00a0ceny benz\u00ednu, zejm\u00e9na na \u010derpac\u00edch stanic\u00edch Ono. Na Zbo\u017e\u00ed.cz maj\u00ed lid\u00e9 v\u011bt\u0161\u00ed z\u00e1jem o kanystry, v\u011bt\u0161inou o ty o objemu 20 litr\u016f.\u00a0\u00a0 Pod\u00edv\u00e1me-li &hellip;\n<\/p>\t\n\t\t\t\t\t<\/div>\n\t\t\n\t\t\t\t\n\t\t<div class=\"wp-block-seznam-box space-y-f2 is-layout-flow wp-container-seznam-box-is-layout-ea7e8adf wp-block-seznam-box-is-layout-flow\">\n\t\t\t<p><a class=\"block font-bold text-neutral-black hover:text-accent-dark\" target=\"_blank\" href=\"https:\/\/blog.seznam.cz\/2026\/01\/cim-se-loni-cesi-bavili-filmem-s-hanou-vagnerovou-i-namornim-muzeem-ukazala-data-seznam-cz-vyhledavani\/\">\u010c\u00edm se loni \u010ce\u0161i bavili? Filmem s Hanou Vagnerovou i n\u00e1mo\u0159n\u00edm muzeem, uk\u00e1zala data Seznam.cz Vyhled\u00e1v\u00e1n\u00ed\u00a0<\/a><\/p>\n\t\t\t<p class=\"has-neutral-60-color has-text-color whitespace-nowrap text-sm\"> 19. 1. 2026<\/p>\n\t\t\t\t\t\t\t<p class=\"has-neutral-60-color has-text-color text-sm\">\u010cesk\u00e1 internetov\u00e1 jedni\u010dka tradi\u010dn\u011b zve\u0159ejnila svoje skokany vyhled\u00e1v\u00e1n\u00ed \u2013 v\u00fdrazy, jejich\u017e hledanost ve srovn\u00e1n\u00ed s p\u0159edchoz\u00edm rokem vyrostla nejv\u00edce. Mezi \u010dast\u011bji zadan\u00e9 dotazy pat\u0159ily ty na filmovou a seri\u00e1lovou tvorbu. Konkr\u00e9tn\u011b t\u00e9to kategorii&nbsp;loni kralovala \u010desko-slovensk\u00e1 komedie s n\u00e1zvem Villa Lucia. Na \u010deln\u00ed m\u00edsto \u017eeb\u0159\u00ed\u010dku v\u00edce hledan\u00fdch v\u00fdraz\u016f t\u00fdkaj\u00edc\u00edch se volno\u010dasov\u00fdch aktivit se probojovalo N\u00e1mo\u0159n\u00ed muzeum &hellip;\n<\/p>\t\n\t\t\t\t\t<\/div>\n\t\t\n\t\t\t\t\n\t\t<div class=\"wp-block-seznam-box space-y-f2 is-layout-flow wp-container-seznam-box-is-layout-ea7e8adf wp-block-seznam-box-is-layout-flow\">\n\t\t\t<p><a class=\"block font-bold text-neutral-black hover:text-accent-dark\" target=\"_blank\" href=\"https:\/\/blog.seznam.cz\/2025\/11\/page-quality-jako-klic-k-uspechu-co-musi-mit-web-aby-si-ziskal-duveru-vyhledavacu-i-uzivatelu\/\">Page Quality jako kl\u00ed\u010d k \u00fasp\u011bchu: Co mus\u00ed m\u00edt web, aby si z\u00edskal d\u016fv\u011bru vyhled\u00e1va\u010d\u016f i u\u017eivatel\u016f<\/a><\/p>\n\t\t\t<p class=\"has-neutral-60-color has-text-color whitespace-nowrap text-sm\"> 10. 11. 2025<\/p>\n\t\t\t\t\t\t\t<p class=\"has-neutral-60-color has-text-color text-sm\">Page Quality je jedn\u00edm z nejd\u016fle\u017eit\u011bj\u0161\u00edch faktor\u016f, kter\u00e9 rozhoduj\u00ed o viditelnosti va\u0161eho webu ve vyhled\u00e1v\u00e1n\u00ed. Nejde jen o technickou metodu hodnocen\u00ed, ale o souhrn princip\u016f, kter\u00e9 ur\u010duj\u00ed, jak kvalitn\u00ed, d\u016fv\u011bryhodn\u00e1 a u\u017eivatelsky p\u0159\u00edv\u011btiv\u00e1 va\u0161e str\u00e1nka skute\u010dn\u011b je. Zjist\u011bte, co v\u0161e Page Quality ovliv\u0148uje a jak m\u016f\u017eete jej\u00ed \u00farove\u0148 zv\u00fd\u0161it, abyste pos\u00edlili pozice sv\u00e9ho webu v SERPu i d\u016fv\u011bru u\u017eivatel\u016f.\n<\/p>\t\n\t\t\t\t\t<\/div>\n\t\t\n\t\t<\/div><\/div>\n<\/div>\n\n\n<p class=\"has-text-align-center is-style-link-external\"><a href=\"https:\/\/blog.seznam.cz\/stitek\/vyhledavani\/\" target=\"_blank\" rel=\"noreferrer noopener\">Uk\u00e1zat v\u0161echny \u010dl\u00e1nky<\/a><\/p>\n<\/div>\n\n\n\n<div class=\"wp-block-group is-layout-constrained wp-block-group-is-layout-constrained\">\n<div class=\"accordion\">\n\t<div class=\"accordion__items\">\n\n<details class=\"expander is-style-box\">\n\t<summary data-datalayer-name=\"\" data-datalayer-text=\"Po\u010det aktivn\u00edch p\u0159\u00edjemc\u016f slu\u017eby\">\n\t\t\t\t<strong>Po\u010det aktivn\u00edch p\u0159\u00edjemc\u016f slu\u017eby<\/strong>\n\t\t\t<\/summary>\n\t<div class=\"inner-blocks\">\n\n<p>Po\u010det aktivn\u00edch p\u0159\u00edjemc\u016f slu\u017eby podle \u010dl. 24 na\u0159\u00edzen\u00ed o digit\u00e1ln\u00edch slu\u017eb\u00e1ch je k 31. 1. 2026: 3 615 257.<\/p>\n\n<\/div><\/details>\n\n<\/div><\/div>\n\n<\/div>\n\n\n\n<div class=\"wp-block-group is-layout-constrained wp-block-group-is-layout-constrained\">\n<div class=\"accordion\">\n\t<div class=\"accordion__items\">\n\n<details class=\"expander is-style-box\">\n\t<summary data-datalayer-name=\"\" data-datalayer-text=\"Zpr\u00e1vy o moderaci podle DSA\">\n\t\t\t\t<strong>Zpr\u00e1vy o moderaci podle DSA<\/strong>\n\t\t\t<\/summary>\n\t<div class=\"inner-blocks\">\n\n<ul class=\"wp-block-list\">\n<li><a href=\"https:\/\/o-seznam.cz\/napoveda\/vyhledavani\/wp-content\/uploads\/sites\/13\/2026\/02\/CS_Annex_I__Templates_for_Transparency_Reports_Seznam-vyhledavani_final.xlsx\">Zpr\u00e1va o moderaci obsahu na slu\u017eb\u011b Seznam.cz Vyhled\u00e1v\u00e1n\u00ed podle \u010dl\u00e1nku 15 a 24 na\u0159\u00edzen\u00ed o digit\u00e1ln\u00edch slu\u017eb\u00e1ch, \u010d. 2022\/2065 (d\u00e1le jen \u201eDSA\u201c) za obdob\u00ed 1.1.2025-31.12.2025<\/a><\/li>\n<\/ul>\n\n<\/div><\/details>\n\n<\/div><\/div>\n\n<\/div>\n","protected":false},"excerpt":{"rendered":"<p>Nej\u010dast\u011bj\u0161\u00ed dotazy V\u0161echny \u010dast\u00e9 dotazy P\u0159id\u00e1n\u00ed str\u00e1nky do hled\u00e1n\u00ed Chcete-li p\u0159idat str\u00e1nku do hled\u00e1n\u00ed, m\u016f\u017eete vyu\u017e\u00edt formul\u00e1\u0159 pro p\u0159id\u00e1n\u00ed str\u00e1nky, nebo API n\u00e1stroje. Ov\u011b\u0159en\u00ed dostupnosti Chcete-li zjistit, zda je str\u00e1nka pro robota dostupn\u00e1, zkontrolujte ji pomoc\u00ed kontroln\u00edho formul\u00e1\u0159e. N\u00e1pov\u011bda pro Vyhled\u00e1v\u00e1n\u00ed To nejnov\u011bj\u0161\u00ed z na\u0161eho Blogu Uk\u00e1zat v\u0161echny \u010dl\u00e1nky<\/p>\n","protected":false},"author":2,"featured_media":0,"parent":0,"menu_order":0,"comment_status":"closed","ping_status":"closed","template":"page-no-head","meta":{"_acf_changed":false,"_relevanssi_hide_post":"","_relevanssi_hide_content":"","_relevanssi_pin_for_all":"","_relevanssi_pin_keywords":"","_relevanssi_unpin_keywords":"","_relevanssi_related_keywords":"","_relevanssi_related_include_ids":"","_relevanssi_related_exclude_ids":"","_relevanssi_related_no_append":"","_relevanssi_related_not_related":"","_relevanssi_related_posts":"","_relevanssi_noindex_reason":"","footnotes":""},"page_category":[14],"page_tag":[],"service_status_category":[52,48],"class_list":["post-5","page","type-page","status-publish","hentry"],"acf":[],"lang":"cs","translations":{"cs":5,"en":1682},"pll_sync_post":[],"_links":{"self":[{"href":"https:\/\/o-seznam.cz\/napoveda\/vyhledavani\/wp-json\/wp\/v2\/pages\/5","targetHints":{"allow":["GET"]}}],"collection":[{"href":"https:\/\/o-seznam.cz\/napoveda\/vyhledavani\/wp-json\/wp\/v2\/pages"}],"about":[{"href":"https:\/\/o-seznam.cz\/napoveda\/vyhledavani\/wp-json\/wp\/v2\/types\/page"}],"author":[{"embeddable":true,"href":"https:\/\/o-seznam.cz\/napoveda\/vyhledavani\/wp-json\/wp\/v2\/users\/2"}],"replies":[{"embeddable":true,"href":"https:\/\/o-seznam.cz\/napoveda\/vyhledavani\/wp-json\/wp\/v2\/comments?post=5"}],"version-history":[{"count":89,"href":"https:\/\/o-seznam.cz\/napoveda\/vyhledavani\/wp-json\/wp\/v2\/pages\/5\/revisions"}],"predecessor-version":[{"id":2150,"href":"https:\/\/o-seznam.cz\/napoveda\/vyhledavani\/wp-json\/wp\/v2\/pages\/5\/revisions\/2150"}],"wp:attachment":[{"href":"https:\/\/o-seznam.cz\/napoveda\/vyhledavani\/wp-json\/wp\/v2\/media?parent=5"}],"wp:term":[{"taxonomy":"page_category","embeddable":true,"href":"https:\/\/o-seznam.cz\/napoveda\/vyhledavani\/wp-json\/wp\/v2\/page_category?post=5"},{"taxonomy":"page_tag","embeddable":true,"href":"https:\/\/o-seznam.cz\/napoveda\/vyhledavani\/wp-json\/wp\/v2\/page_tag?post=5"},{"taxonomy":"service_status_category","embeddable":true,"href":"https:\/\/o-seznam.cz\/napoveda\/vyhledavani\/wp-json\/wp\/v2\/service_status_category?post=5"}],"curies":[{"name":"wp","href":"https:\/\/api.w.org\/{rel}","templated":true}]}}