{"id":323,"date":"2024-09-24T13:42:23","date_gmt":"2024-09-24T11:42:23","guid":{"rendered":"https:\/\/o-seznam.cz\/napoveda\/vyhledavani\/?page_id=323"},"modified":"2024-10-21T13:16:37","modified_gmt":"2024-10-21T11:16:37","slug":"snippety-k-faq-strankam","status":"publish","type":"page","link":"https:\/\/o-seznam.cz\/napoveda\/vyhledavani\/strukturovana-data\/snippety-k-faq-strankam\/","title":{"rendered":"Snippety k FAQ str\u00e1nk\u00e1m"},"content":{"rendered":"\n<p class=\"is-style-link-external\">Snippety k FAQ str\u00e1nk\u00e1m zobrazujeme <a href=\"https:\/\/search.seznam.cz\/?q=d%C5%AFchodov%C3%A1+kalkula%C4%8Dka+2023\">ve v\u00fdsledc\u00edch p\u0159irozen\u00e9ho hled\u00e1n\u00ed<\/a>. Zam\u011b\u0159ujeme se na dokumenty, kter\u00e9 se sna\u017e\u00ed poradit s n\u011bjak\u00fdm probl\u00e9mem. FAQ data, kter\u00e1 slou\u017e\u00ed jako promo nebo reklama dokumentu, se na v\u00fddeji nemus\u00ed objevit. Snippety <strong>roz\u0161i\u0159ujeme d\u00edky strukturovan\u00fdm dat\u016fm<\/strong> o n\u00e1sleduj\u00edc\u00ed parametry:<\/p>\n\n\n\n<ul class=\"wp-block-list\">\n<li>Text ot\u00e1zky<\/li>\n\n\n\n<li>Text odpov\u011bdi<\/li>\n<\/ul>\n\n\n\n<h2 class=\"wp-block-heading\">Z\u00edsk\u00e1v\u00e1n\u00ed strukturovan\u00fd data pro FAQ str\u00e1nky<\/h2>\n\n\n\n<p class=\"is-style-link-external\">Strukturovan\u00e1 data pro zm\u00edn\u011bn\u00e9 parametry <strong>parsujeme p\u0159\u00edmo ze zdrojov\u00e9ho k\u00f3du konkr\u00e9tn\u00ed str\u00e1nky<\/strong>. Z\u00edsk\u00e1v\u00e1me je z anotac\u00ed typu <a href=\"https:\/\/schema.org\/FAQPage\">FAQPage<\/a>.<\/p>\n\n\n\n<h2 class=\"wp-block-heading\">Spr\u00e1vn\u011b vypln\u011bn\u00e1 strukturovan\u00e1 data<\/h2>\n\n\n\n<p>Aby se v na\u0161em Vyhled\u00e1v\u00e1n\u00ed strukturovan\u00e1 data zobrazila, je pot\u0159eba je spr\u00e1vn\u011b vyplnit. V uk\u00e1zce k\u00f3du, kter\u00fd m\u016f\u017eete p\u0159idat do zdrojov\u00e9ho k\u00f3du sv\u00e9 str\u00e1nky, vid\u00edte, <strong>jak nadefinovat parametry FAQ str\u00e1nky<\/strong>. U detailu ka\u017ed\u00e9ho parametru najdete informace o tom, v jak\u00e9m form\u00e1tu by m\u011bl b\u00fdt.<\/p>\n\n\n\n<figure class=\"wp-block-image aligncenter size-full\"><img loading=\"lazy\" decoding=\"async\" width=\"1023\" height=\"491\" src=\"https:\/\/o-seznam.cz\/napoveda\/vyhledavani\/wp-content\/uploads\/sites\/13\/2024\/10\/snippety-faq.png\" alt=\"\" class=\"wp-image-1050\" srcset=\"https:\/\/o-seznam.cz\/napoveda\/vyhledavani\/wp-content\/uploads\/sites\/13\/2024\/10\/snippety-faq.png 1023w, https:\/\/o-seznam.cz\/napoveda\/vyhledavani\/wp-content\/uploads\/sites\/13\/2024\/10\/snippety-faq-992x476.png 992w, https:\/\/o-seznam.cz\/napoveda\/vyhledavani\/wp-content\/uploads\/sites\/13\/2024\/10\/snippety-faq-320x154.png 320w, https:\/\/o-seznam.cz\/napoveda\/vyhledavani\/wp-content\/uploads\/sites\/13\/2024\/10\/snippety-faq-768x369.png 768w\" sizes=\"auto, (max-width: 1023px) 100vw, 1023px\" \/><figcaption class=\"wp-element-caption\">Zobrazen\u00ed strukturovan\u00fdch dat pro FAQ str\u00e1nky ve v\u00fdsledc\u00edch vyhled\u00e1v\u00e1n\u00ed<\/figcaption><\/figure>\n\n\n\n<pre title=\"Uk\u00e1zka z\u00e1pisu strukturovan\u00fdch dat k FAQ str\u00e1nk\u00e1m podle schema.org\" class=\"wp-block-code\"><code lang=\"json\" class=\"language-json line-numbers\">&lt;script type=\"application\/ld+json\"&gt;\n  {\n     \"@context\": \"https:\/\/schema.org\",\n     \"@type\": \"FAQPage\",\n     \"mainEntity\": [{\n       \"@type\": \"Question\",\n       \"name\": \"Co je to \u010dist\u00e1 mzda?\",\n       \"acceptedAnswer\": {\n         \"@type\": \"Answer\",\n         \"text\": \"\u010cist\u00e1 mzda je fin\u00e1ln\u00ed v\u00fd\u0161e odm\u011bny, kterou v\u00e1m ka\u017ed\u00fd m\u011bs\u00edc \n                  vyplat\u00ed v\u00e1\u0161 zam\u011bstnavatel\u2026\"\n         }\n       },\n      {\n         \"@type\": \"Question\",\n         \"name\": \"Jak na v\u00fdpo\u010det \u010dist\u00e9 mzdy?\",\n         \"acceptedAnswer\": {\n           \"@type\": \"Answer\",\n           \"text\": \"Abyste se \u010dist\u00e9 mzdy mohli dopo\u010d\u00edtat, nejprve pot\u0159ebujete\n                    zn\u00e1t svou hrubou mzdu. Od t\u00e9 n\u00e1sledn\u011b ode\u010dtete 6,5 % za \n                    soci\u00e1ln\u00ed a 4,5 % za zdravotn\u00ed poji\u0161t\u011bn\u00ed.\"\n           }\n         },\n        {\n          \"@type\": \"Question\",\n          \"name\": \"Kolik \u010din\u00ed odvody za soci\u00e1ln\u00ed a zdravotn\u00ed?\",\n          \"acceptedAnswer\": {\n            \"@type\": \"Answer\",\n            \"text\": \"Odvody za zdravotn\u00ed poji\u0161t\u011bn\u00ed, kter\u00e9 plat\u00ed zam\u011bstnanec,\n                     p\u0159edstavuj\u00ed 4,5 % z m\u011bs\u00ed\u010dn\u00edho p\u0159\u00edjmu, z\u00e1lohy na soci\u00e1ln\u00ed \n                     poji\u0161t\u011bn\u00ed pak \u010din\u00ed 6,5 %. Soci\u00e1ln\u00ed a zdravotn\u00ed poji\u0161t\u011bn\u00ed \n                     v\u0161ak mus\u00ed platit i zam\u011bstnavatel\u00e9. Pro ty je sazba \n                     o n\u011bco vy\u0161\u0161\u00ed. Za soci\u00e1ln\u00ed poji\u0161t\u011bn\u00ed odv\u00e1d\u011bj\u00ed za ka\u017ed\u00e9ho \n                     zam\u011bstnance 24,8 % a za zdravotn\u00ed 9 %.\"\n          }\n        }\n      }]\n  }\n&lt;\/script&gt;<\/code><\/pre>\n\n\n\n<h2 class=\"wp-block-heading\">Form\u00e1ty parametr\u016f<\/h2>\n\n\n\n<p class=\"is-style-link-external\"><strong>Name<\/strong> (<a href=\"https:\/\/schema.org\/name\">name<\/a>)<\/p>\n\n\n\n<ul class=\"wp-block-list\">\n<li>Text ot\u00e1zky<\/li>\n<\/ul>\n\n\n\n<p class=\"is-style-link-external\"><strong>Tex<\/strong>t (<a href=\"https:\/\/schema.org\/text\">text<\/a>)<\/p>\n\n\n\n<ul class=\"wp-block-list\">\n<li>Text odpov\u011bdi<\/li>\n<\/ul>\n\n\n\n<div class=\"wp-block-seznam-box is-layout-flow wp-block-seznam-box-is-layout-flow\">\n<h2 class=\"wp-block-heading\">Tip<\/h2>\n\n\n\n<p class=\"is-style-link-external\">Pokud chcete jednu z odpov\u011bd\u00ed ozna\u010dit za nejlep\u0161\u00ed, pou\u017eijte pro ni anotaci <a href=\"https:\/\/schema.org\/acceptedAnswer\"><em>acceptedAnswer<\/em><\/a><em> <\/em>a pro ostatn\u00ed <a href=\"https:\/\/schema.org\/suggestedAnswer\"><em>suggestedAnswer<\/em><\/a><em>.<\/em><\/p>\n<\/div>\n\n\n\n<h2 class=\"wp-block-heading\">Ov\u011b\u0159en\u00ed spr\u00e1vn\u00e9ho vypln\u011bn\u00ed strukturovan\u00fdch dat<\/h2>\n\n\n\n<p class=\"is-style-link-external\">Pokud jsou strukturovan\u00e1 data spr\u00e1vn\u011b vypln\u011bn\u00e1, \u010dasem se zobraz\u00ed v na\u0161ich FAQ snippetech. Spr\u00e1vnou implementaci si m\u016f\u017eete zkontrolovat hned p\u0159es <a href=\"https:\/\/validator.schema.org\">valid\u00e1tor<\/a>. M\u016f\u017eete sem zadat fragment va\u0161eho k\u00f3du obsahuj\u00edc\u00ed schema.org anotaci a zkontrolovat, \u017ee se detekuje anotace spr\u00e1vn\u00e9ho typu se spr\u00e1vn\u011b vypln\u011bn\u00fdmi parametry.<\/p>\n","protected":false},"excerpt":{"rendered":"<p>Snippety k FAQ str\u00e1nk\u00e1m zobrazujeme ve v\u00fdsledc\u00edch p\u0159irozen\u00e9ho hled\u00e1n\u00ed. Zam\u011b\u0159ujeme se na dokumenty, kter\u00e9 se sna\u017e\u00ed poradit s n\u011bjak\u00fdm probl\u00e9mem. FAQ data, kter\u00e1 slou\u017e\u00ed jako promo nebo reklama dokumentu, se na v\u00fddeji nemus\u00ed objevit. Snippety roz\u0161i\u0159ujeme d\u00edky strukturovan\u00fdm dat\u016fm o n\u00e1sleduj\u00edc\u00ed parametry: Z\u00edsk\u00e1v\u00e1n\u00ed strukturovan\u00fd data pro FAQ str\u00e1nky Strukturovan\u00e1 data pro zm\u00edn\u011bn\u00e9 parametry parsujeme p\u0159\u00edmo [&hellip;]<\/p>\n","protected":false},"author":22,"featured_media":0,"parent":287,"menu_order":0,"comment_status":"closed","ping_status":"closed","template":"page-sidemenu","meta":{"_acf_changed":false,"_relevanssi_hide_post":"","_relevanssi_hide_content":"","_relevanssi_pin_for_all":"","_relevanssi_pin_keywords":"","_relevanssi_unpin_keywords":"","_relevanssi_related_keywords":"","_relevanssi_related_include_ids":"","_relevanssi_related_exclude_ids":"","_relevanssi_related_no_append":"","_relevanssi_related_not_related":"","_relevanssi_related_posts":"","_relevanssi_noindex_reason":"","footnotes":""},"page_category":[14],"page_tag":[],"service_status_category":[],"class_list":["post-323","page","type-page","status-publish","hentry"],"acf":[],"lang":"cs","translations":{"cs":323},"pll_sync_post":[],"_links":{"self":[{"href":"https:\/\/o-seznam.cz\/napoveda\/vyhledavani\/wp-json\/wp\/v2\/pages\/323","targetHints":{"allow":["GET"]}}],"collection":[{"href":"https:\/\/o-seznam.cz\/napoveda\/vyhledavani\/wp-json\/wp\/v2\/pages"}],"about":[{"href":"https:\/\/o-seznam.cz\/napoveda\/vyhledavani\/wp-json\/wp\/v2\/types\/page"}],"author":[{"embeddable":true,"href":"https:\/\/o-seznam.cz\/napoveda\/vyhledavani\/wp-json\/wp\/v2\/users\/22"}],"replies":[{"embeddable":true,"href":"https:\/\/o-seznam.cz\/napoveda\/vyhledavani\/wp-json\/wp\/v2\/comments?post=323"}],"version-history":[{"count":14,"href":"https:\/\/o-seznam.cz\/napoveda\/vyhledavani\/wp-json\/wp\/v2\/pages\/323\/revisions"}],"predecessor-version":[{"id":1663,"href":"https:\/\/o-seznam.cz\/napoveda\/vyhledavani\/wp-json\/wp\/v2\/pages\/323\/revisions\/1663"}],"up":[{"embeddable":true,"href":"https:\/\/o-seznam.cz\/napoveda\/vyhledavani\/wp-json\/wp\/v2\/pages\/287"}],"wp:attachment":[{"href":"https:\/\/o-seznam.cz\/napoveda\/vyhledavani\/wp-json\/wp\/v2\/media?parent=323"}],"wp:term":[{"taxonomy":"page_category","embeddable":true,"href":"https:\/\/o-seznam.cz\/napoveda\/vyhledavani\/wp-json\/wp\/v2\/page_category?post=323"},{"taxonomy":"page_tag","embeddable":true,"href":"https:\/\/o-seznam.cz\/napoveda\/vyhledavani\/wp-json\/wp\/v2\/page_tag?post=323"},{"taxonomy":"service_status_category","embeddable":true,"href":"https:\/\/o-seznam.cz\/napoveda\/vyhledavani\/wp-json\/wp\/v2\/service_status_category?post=323"}],"curies":[{"name":"wp","href":"https:\/\/api.w.org\/{rel}","templated":true}]}}