{"id":319,"date":"2024-09-24T13:40:54","date_gmt":"2024-09-24T11:40:54","guid":{"rendered":"https:\/\/o-seznam.cz\/napoveda\/vyhledavani\/?page_id=319"},"modified":"2024-10-21T13:16:32","modified_gmt":"2024-10-21T11:16:32","slug":"snippety-k-diskuznim-vlaknum","status":"publish","type":"page","link":"https:\/\/o-seznam.cz\/napoveda\/vyhledavani\/strukturovana-data\/snippety-k-diskuznim-vlaknum\/","title":{"rendered":"Snippety k diskuzn\u00edm vl\u00e1kn\u016fm"},"content":{"rendered":"\n<p class=\"is-style-link-external\">Snippety k diskuzn\u00edm vl\u00e1kn\u016fm zobrazujeme <a href=\"https:\/\/search.seznam.cz\/?q=modr%C3%BD+kon%C3%ADk+diskuzn%C3%AD+vl%C3%A1kno&amp;oq=modr%C3%BD+kon%C3%ADk+diskuzn%C3%AD+vl%C3%A1kno\">ve v\u00fdsledc\u00edch p\u0159irozen\u00e9ho hled\u00e1n\u00ed<\/a>. Roz\u0161i\u0159ujeme je d\u00edky strukturovan\u00fdm dat\u016fm o n\u00e1sleduj\u00edc\u00ed parametry:<\/p>\n\n\n\n<ul class=\"wp-block-list\">\n<li>Titulek vl\u00e1kna<\/li>\n\n\n\n<li>Text prvotn\u00edho p\u0159\u00edsp\u011bvku<\/li>\n\n\n\n<li>Datum zalo\u017een\u00ed vl\u00e1kna<\/li>\n\n\n\n<li>Po\u010det odpov\u011bd\u00ed ve vl\u00e1kn\u011b<\/li>\n<\/ul>\n\n\n\n<h2 class=\"wp-block-heading\">Z\u00edsk\u00e1v\u00e1n\u00ed strukturovan\u00fdch dat pro diskuzn\u00ed vl\u00e1kna<\/h2>\n\n\n\n<p class=\"is-style-link-external\">Strukturovan\u00e1 data pro zm\u00edn\u011bn\u00e9 parametry parsujeme p\u0159\u00edmo ze zdrojov\u00e9ho k\u00f3du konkr\u00e9tn\u00ed str\u00e1nky. Z\u00edsk\u00e1v\u00e1me je z anotac\u00ed typu <a href=\"https:\/\/schema.org\/DiscussionForumPosting\">DiscussionForumPosting<\/a>.<\/p>\n\n\n\n<h2 class=\"wp-block-heading\">Spr\u00e1vn\u011b vypln\u011bn\u00e1 strukturovan\u00e1 data<\/h2>\n\n\n\n<p>Aby se v na\u0161em Vyhled\u00e1v\u00e1n\u00ed strukturovan\u00e1 data zobrazila, je pot\u0159eba je spr\u00e1vn\u011b vyplnit. V uk\u00e1zce k\u00f3du, kter\u00fd m\u016f\u017eete p\u0159idat do zdrojov\u00e9ho k\u00f3du sv\u00e9 str\u00e1nky, vid\u00edte, jak nadefinovat parametry diskuzn\u00edho vl\u00e1kna. U detailu ka\u017ed\u00e9ho parametru najdete informace o tom, v jak\u00e9m form\u00e1tu by m\u011bl b\u00fdt.<\/p>\n\n\n\n<figure class=\"wp-block-image aligncenter size-full\"><img loading=\"lazy\" decoding=\"async\" width=\"1584\" height=\"406\" src=\"https:\/\/o-seznam.cz\/napoveda\/vyhledavani\/wp-content\/uploads\/sites\/13\/2024\/10\/snippety-diskuse.png\" alt=\"\" class=\"wp-image-1035\" srcset=\"https:\/\/o-seznam.cz\/napoveda\/vyhledavani\/wp-content\/uploads\/sites\/13\/2024\/10\/snippety-diskuse.png 1584w, https:\/\/o-seznam.cz\/napoveda\/vyhledavani\/wp-content\/uploads\/sites\/13\/2024\/10\/snippety-diskuse-992x254.png 992w, https:\/\/o-seznam.cz\/napoveda\/vyhledavani\/wp-content\/uploads\/sites\/13\/2024\/10\/snippety-diskuse-320x82.png 320w, https:\/\/o-seznam.cz\/napoveda\/vyhledavani\/wp-content\/uploads\/sites\/13\/2024\/10\/snippety-diskuse-768x197.png 768w, https:\/\/o-seznam.cz\/napoveda\/vyhledavani\/wp-content\/uploads\/sites\/13\/2024\/10\/snippety-diskuse-1536x394.png 1536w\" sizes=\"auto, (max-width: 1584px) 100vw, 1584px\" \/><figcaption class=\"wp-element-caption\">Zobrazen\u00ed strukturovan\u00fdch dat k diskuzn\u00edm vl\u00e1kn\u016fm ve v\u00fdsledc\u00edch vyhled\u00e1v\u00e1n\u00ed<\/figcaption><\/figure>\n\n\n\n<pre title=\"Uk\u00e1zka z\u00e1pisu strukturovan\u00fdch dat k diskus\u00edm podle schema.org\" class=\"wp-block-code\"><code lang=\"json\" class=\"language-json line-numbers\">&lt;script type=\"application\/ld+json\"&gt;\n  {\n     \"@context\": \"https:\/\/schema.org\",\n     \"@type\": \"DiscussionForumPosting\",\n     \"datePublished\": \"2021-06-30T13:28.45.189Z\",\n     \"headline\": \"P\u0159\u00edsp\u011bvek na bydlen\u00ed. Porad\u00edte pros\u00edm?\",\n     \"text\": \"Holky prosim vas kdo ma p\u0159\u00edsp\u011bvek na bydlen\u00ed, \n              tak ted se budou dokl\u00e1dat prijmy\u2026\",\n     \"interactionStatistic\": {\n       \"@type\": \"InteractionCounter\",\n     \"interactionType\": {\n       \"@type\": \"CommentAction\",\n      }\n      \"userInteractionCount\": 5\n    }\n  }\n&lt;\/script&gt;<\/code><\/pre>\n\n\n\n<h2 class=\"wp-block-heading\">Form\u00e1ty parametr\u016f<\/h2>\n\n\n\n<p class=\"is-style-link-external\"><strong>Titulek<\/strong> (<a href=\"https:\/\/schema.org\/headline\">headline<\/a>\/<a href=\"https:\/\/schema.org\/name\">name<\/a>)<\/p>\n\n\n\n<ul class=\"wp-block-list\">\n<li>Hlavn\u00ed titulek vl\u00e1kna<\/li>\n<\/ul>\n\n\n\n<p class=\"is-style-link-external\"><strong>Text<\/strong> (<a href=\"https:\/\/schema.org\/text\">text<\/a>)<\/p>\n\n\n\n<ul class=\"wp-block-list\">\n<li>Text prvotn\u00edho p\u0159\u00edsp\u011bvku ve vl\u00e1kn\u011b<\/li>\n<\/ul>\n\n\n\n<p class=\"is-style-link-external\"><strong>Datum publikace<\/strong> (<a href=\"https:\/\/schema.org\/datePublished\">datePublished<\/a>\/<a href=\"https:\/\/schema.org\/dateCreated\">dateCreated<\/a>)<\/p>\n\n\n\n<ul class=\"wp-block-list\">\n<li>Datum prvn\u00edho zve\u0159ejn\u011bn\u00ed vl\u00e1kna<\/li>\n\n\n\n<li>M\u011bla by b\u00fdt ve form\u00e1tu <a class=\"is-style-link-external\" href=\"https:\/\/en.wikipedia.org\/wiki\/ISO_8601\">ISO-8601<\/a><\/li>\n\n\n\n<li>U\u017eite\u010dn\u00e9 rady ohledn\u011b z\u00e1pisu data naleznete spole\u010dn\u011b s probl\u00e9mov\u00fdmi p\u0159\u00edpady u <a href=\"..\/video-snippety\">video snippet\u016f<\/a>.<\/li>\n<\/ul>\n\n\n\n<p class=\"is-style-link-external\"><strong>Po\u010det p\u0159\u00edsp\u011bvk\u016f<\/strong> (<a href=\"https:\/\/schema.org\/interactionStatistic\">InteractionStatistic<\/a>)<\/p>\n\n\n\n<ul class=\"wp-block-list\">\n<li>Po\u010det odpov\u011bd\u00ed ve vl\u00e1kn\u011b<\/li>\n\n\n\n<li>Definov\u00e1n\u00ed <a class=\"is-style-link-external\" href=\"https:\/\/schema.org\/InteractionCounter\">InteractionCounter<\/a> typu <a class=\"is-style-link-external\" href=\"https:\/\/schema.org\/CommentAction\">CommentAction<\/a> a vypln\u011bn\u00ed <a class=\"is-style-link-external\" href=\"https:\/\/schema.org\/userInteractionCount\">userInteractionCount<\/a><\/li>\n<\/ul>\n\n\n\n<div class=\"wp-block-seznam-box is-layout-flow wp-block-seznam-box-is-layout-flow\">\n<h2 class=\"wp-block-heading\">Tip<\/h2>\n\n\n\n<p class=\"is-style-link-external\">Doporu\u010dujeme zv\u00e1\u017eit vypln\u011bn\u00ed i dal\u0161\u00edch parametr\u016f, krom\u011b v\u00fd\u0161e zm\u00edn\u011bn\u00fdch. Nap\u0159\u00edklad <a href=\"https:\/\/schema.org\/InteractionCounter\">InteractionCounter<\/a> s typem <a href=\"https:\/\/schema.org\/ViewAction\">ViewAction<\/a> a po\u010dtem zhl\u00e9dnut\u00ed dan\u00e9ho vl\u00e1kna. M\u016f\u017eete tak\u00e9 strukturovat odpov\u011bdi ve vl\u00e1kn\u011b pomoc\u00ed anotace <a href=\"https:\/\/schema.org\/Comment\">Comment<\/a>. Tyto parametry v sou\u010dasn\u00e9 dob\u011b v na\u0161em vyhled\u00e1v\u00e1n\u00ed sice nezobrazujeme, ale v budoucnu to pl\u00e1nujeme zm\u011bnit.&nbsp;<\/p>\n<\/div>\n\n\n\n<h2 class=\"wp-block-heading\">Ov\u011b\u0159en\u00ed spr\u00e1vn\u00e9ho vypln\u011bn\u00ed strukturovan\u00fdch dat<\/h2>\n\n\n\n<p class=\"is-style-link-external\">Pokud jsou strukturovan\u00e1 data spr\u00e1vn\u011b vypln\u011bn\u00e1, \u010dasem se zobraz\u00ed v na\u0161ich snippetech. Spr\u00e1vnou implementaci si m\u016f\u017eete zkontrolovat hned p\u0159es <a href=\"https:\/\/validator.schema.org\">valid\u00e1tor<\/a>. M\u016f\u017eete sem zadat fragment va\u0161eho k\u00f3du obsahuj\u00edc\u00ed schema.org anotaci a zkontrolovat, \u017ee se detekuje anotace spr\u00e1vn\u00e9ho typu se spr\u00e1vn\u011b vypln\u011bn\u00fdmi parametry.<\/p>\n","protected":false},"excerpt":{"rendered":"<p>Snippety k diskuzn\u00edm vl\u00e1kn\u016fm zobrazujeme ve v\u00fdsledc\u00edch p\u0159irozen\u00e9ho hled\u00e1n\u00ed. Roz\u0161i\u0159ujeme je d\u00edky strukturovan\u00fdm dat\u016fm o n\u00e1sleduj\u00edc\u00ed parametry: Z\u00edsk\u00e1v\u00e1n\u00ed strukturovan\u00fdch dat pro diskuzn\u00ed vl\u00e1kna Strukturovan\u00e1 data pro zm\u00edn\u011bn\u00e9 parametry parsujeme p\u0159\u00edmo ze zdrojov\u00e9ho k\u00f3du konkr\u00e9tn\u00ed str\u00e1nky. Z\u00edsk\u00e1v\u00e1me je z anotac\u00ed typu DiscussionForumPosting. Spr\u00e1vn\u011b vypln\u011bn\u00e1 strukturovan\u00e1 data Aby se v na\u0161em Vyhled\u00e1v\u00e1n\u00ed strukturovan\u00e1 data zobrazila, je pot\u0159eba [&hellip;]<\/p>\n","protected":false},"author":22,"featured_media":0,"parent":287,"menu_order":0,"comment_status":"closed","ping_status":"closed","template":"page-sidemenu","meta":{"_acf_changed":false,"_relevanssi_hide_post":"","_relevanssi_hide_content":"","_relevanssi_pin_for_all":"","_relevanssi_pin_keywords":"","_relevanssi_unpin_keywords":"","_relevanssi_related_keywords":"","_relevanssi_related_include_ids":"","_relevanssi_related_exclude_ids":"","_relevanssi_related_no_append":"","_relevanssi_related_not_related":"","_relevanssi_related_posts":"","_relevanssi_noindex_reason":"","footnotes":""},"page_category":[14],"page_tag":[],"service_status_category":[],"class_list":["post-319","page","type-page","status-publish","hentry"],"acf":[],"lang":"cs","translations":{"cs":319},"pll_sync_post":[],"_links":{"self":[{"href":"https:\/\/o-seznam.cz\/napoveda\/vyhledavani\/wp-json\/wp\/v2\/pages\/319","targetHints":{"allow":["GET"]}}],"collection":[{"href":"https:\/\/o-seznam.cz\/napoveda\/vyhledavani\/wp-json\/wp\/v2\/pages"}],"about":[{"href":"https:\/\/o-seznam.cz\/napoveda\/vyhledavani\/wp-json\/wp\/v2\/types\/page"}],"author":[{"embeddable":true,"href":"https:\/\/o-seznam.cz\/napoveda\/vyhledavani\/wp-json\/wp\/v2\/users\/22"}],"replies":[{"embeddable":true,"href":"https:\/\/o-seznam.cz\/napoveda\/vyhledavani\/wp-json\/wp\/v2\/comments?post=319"}],"version-history":[{"count":11,"href":"https:\/\/o-seznam.cz\/napoveda\/vyhledavani\/wp-json\/wp\/v2\/pages\/319\/revisions"}],"predecessor-version":[{"id":1665,"href":"https:\/\/o-seznam.cz\/napoveda\/vyhledavani\/wp-json\/wp\/v2\/pages\/319\/revisions\/1665"}],"up":[{"embeddable":true,"href":"https:\/\/o-seznam.cz\/napoveda\/vyhledavani\/wp-json\/wp\/v2\/pages\/287"}],"wp:attachment":[{"href":"https:\/\/o-seznam.cz\/napoveda\/vyhledavani\/wp-json\/wp\/v2\/media?parent=319"}],"wp:term":[{"taxonomy":"page_category","embeddable":true,"href":"https:\/\/o-seznam.cz\/napoveda\/vyhledavani\/wp-json\/wp\/v2\/page_category?post=319"},{"taxonomy":"page_tag","embeddable":true,"href":"https:\/\/o-seznam.cz\/napoveda\/vyhledavani\/wp-json\/wp\/v2\/page_tag?post=319"},{"taxonomy":"service_status_category","embeddable":true,"href":"https:\/\/o-seznam.cz\/napoveda\/vyhledavani\/wp-json\/wp\/v2\/service_status_category?post=319"}],"curies":[{"name":"wp","href":"https:\/\/api.w.org\/{rel}","templated":true}]}}