{"id":260,"date":"2024-09-24T09:43:38","date_gmt":"2024-09-24T07:43:38","guid":{"rendered":"https:\/\/o-seznam.cz\/napoveda\/vyhledavani\/?page_id=260"},"modified":"2025-08-28T10:22:54","modified_gmt":"2025-08-28T08:22:54","slug":"vysledky-vyhledavani","status":"publish","type":"page","link":"https:\/\/o-seznam.cz\/napoveda\/vyhledavani\/vysledky-vyhledavani\/","title":{"rendered":"V\u00fdsledky vyhled\u00e1v\u00e1n\u00ed"},"content":{"rendered":"\n<p class=\"is-style-default\"><style scoped=\"\" type=\"text\/css\">.circled {display: inline-block; border-radius: 50%; width: 0.9em; height: 0.9em; padding: 0.2em; margin: 0.1em 0.5em 0.1em 0.1em; background: #080; border: none; color: #fff; text-align: center; font: bold 0.9em Arial, sans-serif; line-height: 1em;}&amp;lt;br \/>&lt;br><\/style>Po odesl\u00e1n\u00ed dotazu se zobraz\u00ed str\u00e1nka s&nbsp;v\u00fdsledky vyhled\u00e1v\u00e1n\u00ed. Tato str\u00e1nka obsahuje v\u00edce v\u00fdsledk\u016f r\u016fzn\u00e9ho typu. Popis prvk\u016f, kter\u00e9 se mohou na jednotliv\u00fdch pozic\u00edch zobrazovat, najdete pod obr\u00e1zkem.<\/p>\n\n\n<div class=\"interactive-image has-border-default wp-block-seznam-interactive-image\">\n\n\t\t\t<div class=\"interactive-image__area interactive-image__area--desktop\">\n\t\t\t<img loading=\"lazy\" decoding=\"async\" width=\"1111\" height=\"2560\" src=\"https:\/\/o-seznam.cz\/napoveda\/vyhledavani\/wp-content\/uploads\/sites\/13\/2025\/08\/vysledky-vyhledavani-scaled.png\" class=\"attachment-full size-full\" alt=\"\" srcset=\"https:\/\/o-seznam.cz\/napoveda\/vyhledavani\/wp-content\/uploads\/sites\/13\/2025\/08\/vysledky-vyhledavani-scaled.png 1111w, https:\/\/o-seznam.cz\/napoveda\/vyhledavani\/wp-content\/uploads\/sites\/13\/2025\/08\/vysledky-vyhledavani-430x992.png 430w, https:\/\/o-seznam.cz\/napoveda\/vyhledavani\/wp-content\/uploads\/sites\/13\/2025\/08\/vysledky-vyhledavani-861x1984.png 861w, https:\/\/o-seznam.cz\/napoveda\/vyhledavani\/wp-content\/uploads\/sites\/13\/2025\/08\/vysledky-vyhledavani-139x320.png 139w, https:\/\/o-seznam.cz\/napoveda\/vyhledavani\/wp-content\/uploads\/sites\/13\/2025\/08\/vysledky-vyhledavani-768x1770.png 768w, https:\/\/o-seznam.cz\/napoveda\/vyhledavani\/wp-content\/uploads\/sites\/13\/2025\/08\/vysledky-vyhledavani-666x1536.png 666w, https:\/\/o-seznam.cz\/napoveda\/vyhledavani\/wp-content\/uploads\/sites\/13\/2025\/08\/vysledky-vyhledavani-889x2048.png 889w\" sizes=\"auto, (max-width: 1111px) 100vw, 1111px\" \/>\t\t\t<div class=\"interactive-image__points\">\n\t\t\t\t<span class=\"interactive-image__point\" style=\"left:8.91%;top:11.78%;\"><a class=\"interactive-image-circle\" href=\"#ii-h5lapoof\" data-anchor=\"ii-h5lapoof\">1<\/a><\/span><span class=\"interactive-image__point\" style=\"left:9.94%;top:19.61%;\"><a class=\"interactive-image-circle\" href=\"#ii-5v2y952j\" data-anchor=\"ii-5v2y952j\">2<\/a><\/span><span class=\"interactive-image__point\" style=\"left:85.45%;top:19.56%;\"><a class=\"interactive-image-circle\" href=\"#ii-sjrbb4iv\" data-anchor=\"ii-sjrbb4iv\">3<\/a><\/span><span class=\"interactive-image__point\" style=\"left:25.72%;top:48.64%;\"><a class=\"interactive-image-circle\" href=\"#ii-d0ovaby9l\" data-anchor=\"ii-d0ovaby9l\">4<\/a><\/span><span class=\"interactive-image__point\" style=\"left:25.61%;top:84.79%;\"><a class=\"interactive-image-circle\" href=\"#ii-hmmbiqu4\" data-anchor=\"ii-hmmbiqu4\">5<\/a><\/span>\t\t\t\t<div class=\"interactive-image-bouble\" style=\"display:none\"><\/div>\n\t\t\t<\/div>\n\t\t<\/div>\n\t\n\t\n\t<div class=\"interactive-image__items\">\n\t\t\n\n<div id=\"ii-h5lapoof\" class=\"interactive-image-item\">\n\t<strong class=\"interactive-image-circle\" data-anchor=\"ii-h5lapoof\">1<\/strong>\n\t<div class=\"interactive-image-item__content\">\n\t\t<strong>Karusel<\/strong>\n\t\t <span>&ndash;<\/span> v t\u00e9to \u010d\u00e1sti v\u00fdsledk\u016f vyhled\u00e1v\u00e1n\u00ed se zobrazuj\u00ed nejen nejr\u016fzn\u011bj\u0161\u00ed <a href=\"..\/karusely\/\" data-type=\"page\" data-id=\"285\">karusely<\/a>, a\u0165 ji\u017e reklamn\u00ed jako na obr\u00e1zku, nebo nap\u0159\u00edklad <a href=\"https:\/\/search.seznam.cz\/?q=b%C3%A1bovka\" class=\"is-style-link-external\">receptov\u00e9<\/a>. Je to t\u00e9\u017e oblast ur\u010den\u00e1 pro zobrazov\u00e1n\u00ed <a href=\"..\/prubeh-vyhledavani\/\" data-type=\"page\" data-id=\"331\">opravy p\u0159eklep\u016f<\/a>, <a href=\"..\/miniaplikace\">miniaplikac\u00ed<\/a> a <a href=\"..\/odpovidac\">odpov\u00edda\u010de<\/a>, kter\u00fd odpov\u00edd\u00e1 nejen na informace zm\u00edn\u011bn\u00e9 v n\u00e1pov\u011bd\u011b, ale t\u0159eba t\u00e9\u017e na <a class=\"is-style-link-external\" href=\"https:\/\/search.seznam.cz\/?q=zm%C4%9Bna+%C4%8Dasu\">zm\u011bnu \u010dasu<\/a> a dal\u0161\u00ed zaj\u00edmavosti.\t<\/div>\n<\/div>\n\n\n\n<div id=\"ii-5v2y952j\" class=\"interactive-image-item\">\n\t<strong class=\"interactive-image-circle\" data-anchor=\"ii-5v2y952j\">2<\/strong>\n\t<div class=\"interactive-image-item__content\">\n\t\t<strong>Upout\u00e1vka<\/strong>\n\t\t <span>&ndash;<\/span> v p\u0159\u00edpad\u011b, \u017ee zadan\u00e1 slova odpov\u00eddaj\u00ed z\u00e1znamu n\u011bkter\u00e9 z\u00a0dal\u0161\u00edch slu\u017eeb Seznam.cz a\u00a0partner\u016f, se v\u00a0hlavn\u00ed oblasti v\u00fdsledk\u016f vyhled\u00e1v\u00e1n\u00ed mohou mezi p\u0159irozen\u00fdmi v\u00fdsledky zobrazovat tak\u00e9 tzv. <a href=\"..\/upoutavky\/\" data-type=\"page\" data-id=\"267\">upout\u00e1vky<\/a>. Mezi p\u0159irozen\u00e9 v\u00fdsledky jsou automaticky \u0159azeny na takovou pozici, jak\u00e1 jim odpov\u00edd\u00e1 z hlediska relevance. Str\u00e1nka s\u00a0v\u00fdsledky vyhled\u00e1v\u00e1n\u00ed je d\u00edky tomu pest\u0159ej\u0161\u00ed a\u00a0z\u00e1rove\u0148 nedoch\u00e1z\u00ed ke zhor\u0161en\u00ed jej\u00ed kvality. <br>Upout\u00e1vky, stejn\u011b jako chytr\u00e9 karty, jsou ozna\u010deny symbolem tlapky <img loading=\"lazy\" decoding=\"async\" width=\"16\" height=\"16\" class=\"inline-image wp-image-1095\" style=\"--inline-image-zoom:60\" src=\"https:\/\/o-seznam.cz\/napoveda\/vyhledavani\/wp-content\/uploads\/sites\/13\/2024\/10\/tapka.png\" alt=\"\">. Obsah upout\u00e1vek dod\u00e1vaj\u00ed intern\u00ed a\u00a0partnersk\u00e9 slu\u017eby spole\u010dnosti Seznam.cz.\t<\/div>\n<\/div>\n\n\n\n<div id=\"ii-sjrbb4iv\" class=\"interactive-image-item\">\n\t<strong class=\"interactive-image-circle\" data-anchor=\"ii-sjrbb4iv\">3<\/strong>\n\t<div class=\"interactive-image-item__content\">\n\t\t<strong>Chytr\u00e1 karta<\/strong>\n\t\t <span>&ndash;<\/span> chytr\u00e1 karta m\u00e1 za c\u00edl usnadnit cestu k informac\u00edm r\u016fzn\u00e9ho druhu. P\u0159i specifick\u00fdch dotazech nap\u0159\u00edklad na \u017eivo\u010dichy, rostliny, politiky \u010di sportovn\u00ed kluby a dal\u0161\u00ed se zobraz\u00ed wikipedick\u00e9 informace, p\u0159i dotazu na konkr\u00e9tn\u00ed firmu se zobraz\u00ed u\u017eite\u010dn\u00e9 informace ze slu\u017eby <a class=\"is-style-link-external\" href=\"https:\/\/www.firmy.cz\/\">Firmy.cz<\/a>. P\u0159ehled chytr\u00fdch karet, kter\u00e9 se mohou zobrazit, najdete na str\u00e1nce <a href=\"..\/chytre-karty\/\" data-type=\"page\" data-id=\"270\">chytr\u00e9 karty<\/a>. Chytr\u00e9 karty, stejn\u011b jako upout\u00e1vky, jsou ozna\u010deny symbolem tlapky <img loading=\"lazy\" decoding=\"async\" width=\"16\" height=\"16\" class=\"inline-image wp-image-1095\" style=\"--inline-image-zoom:60\" src=\"https:\/\/o-seznam.cz\/napoveda\/vyhledavani\/wp-content\/uploads\/sites\/13\/2024\/10\/tapka.png\" alt=\"\"> . <br>Na t\u00e9to pozici se m\u016f\u017ee zobrazit box s dotazy &#8222;Pr\u00e1v\u011b se hled\u00e1&#8220;, nebo <a href=\"..\/upoutavky\/#zbozi\" data-type=\"page\" data-id=\"267\">produktov\u00e1 karta Zbo\u017e\u00ed.cz<\/a> (viz n\u00e1sleduj\u00edc\u00ed obr\u00e1ze, bod 2).\t<\/div>\n<\/div>\n\n\n\n<div id=\"ii-d0ovaby9l\" class=\"interactive-image-item\">\n\t<strong class=\"interactive-image-circle\" data-anchor=\"ii-d0ovaby9l\">4<\/strong>\n\t<div class=\"interactive-image-item__content\">\n\t\t<strong>P\u0159irozen\u00e9 v\u00fdsledky<\/strong>\n\t\t <span>&ndash;<\/span> oblast p\u0159irozen\u00fdch v\u00fdsledk\u016f je hlavn\u00ed \u010d\u00e1st\u00ed str\u00e1nky vyhled\u00e1v\u00e1n\u00ed a b\u011b\u017en\u011b se v n\u00ed zobrazuje 10 p\u0159irozen\u00fdch odkaz\u016f. Pozice jednotliv\u00fdch v\u00fdsledk\u016f je ur\u010dov\u00e1na algoritmem nez\u00e1visle na n\u00e1zvu dom\u00e9ny a jej\u00edm vztahu ke spole\u010dnosti Seznam.cz. Struktura p\u0159irozen\u00e9ho v\u00fdsledku je pops\u00e1na v\u00a0\u010d\u00e1sti <a href=\"..\/struktura-vysledku\">struktura v\u00fdsledku<\/a>.\t<\/div>\n<\/div>\n\n\n\n<div id=\"ii-hmmbiqu4\" class=\"interactive-image-item\">\n\t<strong class=\"interactive-image-circle\" data-anchor=\"ii-hmmbiqu4\">5<\/strong>\n\t<div class=\"interactive-image-item__content\">\n\t\t<strong>Souvisej\u00edc\u00ed dotazy<\/strong>\n\t\t <span>&ndash;<\/span> <a href=\"..\/prubeh-vyhledavani\/#souvisejici-dotazy\" data-type=\"page\" data-id=\"331\">souvisej\u00edc\u00ed dotazy<\/a> v\u00e1m mohou pomoci zp\u0159esnit v\u00e1\u0161 dotaz. Pokud prokliknete n\u011bkter\u00fd z v\u00fdledk\u016f a pot\u00e9 se tla\u010d\u00edtkem zp\u011bt vr\u00e1t\u00edte zp\u011bt do v\u00fdsledk\u016f vyhled\u00e1v\u00e1n\u00ed, zobraz\u00ed se v\u00e1m p\u0159\u00edmo pod n\u00edm tak\u00e9 nab\u00eddka souvisej\u00edc\u00edch dotaz\u016f.\t<\/div>\n<\/div>\n\n\t<\/div>\n\n\t<span class=\"interactive-image__breakpoint\"><\/span>\n\n<\/div>\n\n\n<div class=\"interactive-image has-border-default wp-block-seznam-interactive-image\">\n\n\t\t\t<div class=\"interactive-image__area interactive-image__area--desktop\">\n\t\t\t<img loading=\"lazy\" decoding=\"async\" width=\"1200\" height=\"923\" src=\"https:\/\/o-seznam.cz\/napoveda\/vyhledavani\/wp-content\/uploads\/sites\/13\/2025\/08\/vysledky-vyhledavani-ii.png\" class=\"attachment-full size-full\" alt=\"\" srcset=\"https:\/\/o-seznam.cz\/napoveda\/vyhledavani\/wp-content\/uploads\/sites\/13\/2025\/08\/vysledky-vyhledavani-ii.png 1200w, https:\/\/o-seznam.cz\/napoveda\/vyhledavani\/wp-content\/uploads\/sites\/13\/2025\/08\/vysledky-vyhledavani-ii-992x763.png 992w, https:\/\/o-seznam.cz\/napoveda\/vyhledavani\/wp-content\/uploads\/sites\/13\/2025\/08\/vysledky-vyhledavani-ii-320x246.png 320w, https:\/\/o-seznam.cz\/napoveda\/vyhledavani\/wp-content\/uploads\/sites\/13\/2025\/08\/vysledky-vyhledavani-ii-768x591.png 768w\" sizes=\"auto, (max-width: 1200px) 100vw, 1200px\" \/>\t\t\t<div class=\"interactive-image__points\">\n\t\t\t\t<span class=\"interactive-image__point\" style=\"left:28.48%;top:19.71%;\"><a class=\"interactive-image-circle\" href=\"#ii-h5lapoof\" data-anchor=\"ii-h5lapoof\">1<\/a><\/span><span class=\"interactive-image__point\" style=\"left:81.97%;top:15.31%;\"><a class=\"interactive-image-circle\" href=\"#ii-5v2y952j\" data-anchor=\"ii-5v2y952j\">2<\/a><\/span><span class=\"interactive-image__point\" style=\"left:52.15%;top:91.48%;\"><a class=\"interactive-image-circle\" href=\"#ii-sjrbb4iv\" data-anchor=\"ii-sjrbb4iv\">3<\/a><\/span>\t\t\t\t<div class=\"interactive-image-bouble\" style=\"display:none\"><\/div>\n\t\t\t<\/div>\n\t\t<\/div>\n\t\n\t\n\t<div class=\"interactive-image__items\">\n\t\t\n\n<div id=\"ii-h5lapoof\" class=\"interactive-image-item\">\n\t<strong class=\"interactive-image-circle\" data-anchor=\"ii-h5lapoof\">1<\/strong>\n\t<div class=\"interactive-image-item__content\">\n\t\t<strong>Reklama Sklik <\/strong>\n\t\t <span>&ndash;<\/span> v\u00fdsledky, u kter\u00fdch si klient zaplatil zobrazov\u00e1n\u00ed na ur\u010ditou mno\u017einu dotaz\u016f. V\u017edy jsou ozna\u010den\u00e9 n\u00e1pisem <span style=\"font-family: 'Arial CE',Arial,'Helvetica CE',Helvetica,sans-serif; font-weight: 400; margin: 0; color: #59946b; font-size: .8em; display: inline-block; padding: .3em .5em; line-height: 1; border: 1px solid #59946b; border-radius: .2em; background: #fff;\">Reklama<\/span>. Reklama Sklik se m\u016f\u017ee zobrazit i pod p\u0159irozen\u00fdmi v\u00fdsledky vyhled\u00e1v\u00e1n\u00ed. Dal\u0161\u00ed informace naleznete na <a class=\"is-style-link-external\" href=\"http:\/\/napoveda.sklik.cz\/\">str\u00e1nce n\u00e1pov\u011bdy Skliku<\/a>.\t<\/div>\n<\/div>\n\n\n\n<div id=\"ii-5v2y952j\" class=\"interactive-image-item\">\n\t<strong class=\"interactive-image-circle\" data-anchor=\"ii-5v2y952j\">2<\/strong>\n\t<div class=\"interactive-image-item__content\">\n\t\t<strong>Produktov\u00e1 karta Zbo\u017e\u00ed<\/strong>\n\t\t <span>&ndash;<\/span> <a href=\"..\/upoutavky\/#zbozi\" data-type=\"page\" data-id=\"267\">produktov\u00e1 karta Zbo\u017e\u00ed.cz<\/a> vypad\u00e1 podobn\u011b jako v\u00fd\u0161e zm\u00edn\u011bn\u00fd karusel (viz bod 1). Na n\u011bkter\u00e9 dotazy se m\u016f\u017ee zobrazit z\u00e1rove\u0148 s chytrou kartou. V tom p\u0159\u00edpad\u011b je um\u00edst\u011bna v\u017edy v\u00fd\u0161e.\t<\/div>\n<\/div>\n\n\n\n<div id=\"ii-sjrbb4iv\" class=\"interactive-image-item\">\n\t<strong class=\"interactive-image-circle\" data-anchor=\"ii-sjrbb4iv\">3<\/strong>\n\t<div class=\"interactive-image-item__content\">\n\t\t<strong>Upout\u00e1vka<\/strong>\n\t\t <span>&ndash;<\/span> viz v\u00fd\u0161e bod 2.\t<\/div>\n<\/div>\n\n\t<\/div>\n\n\t<span class=\"interactive-image__breakpoint\"><\/span>\n\n<\/div>\n\n\n\n<div class=\"wp-block-seznam-box is-layout-flow wp-block-seznam-box-is-layout-flow\">\n<h2 class=\"wp-block-heading\">Tip<\/h2>\n\n\n\n<p>Str\u00e1nka s v\u00fdsledky vyhled\u00e1v\u00e1n\u00ed&nbsp;vyu\u017e\u00edv\u00e1 responzivn\u00edho zobrazen\u00ed: uzp\u016fsobuje rozvr\u017een\u00ed v\u00fdsledk\u016f podle rozli\u0161en\u00ed obrazovky za\u0159\u00edzen\u00ed, na n\u011bm\u017e se zobrazuje.<\/p>\n<\/div>\n","protected":false},"excerpt":{"rendered":"<p>Po odesl\u00e1n\u00ed dotazu se zobraz\u00ed str\u00e1nka s&nbsp;v\u00fdsledky vyhled\u00e1v\u00e1n\u00ed. Tato str\u00e1nka obsahuje v\u00edce v\u00fdsledk\u016f r\u016fzn\u00e9ho typu. Popis prvk\u016f, kter\u00e9 se mohou na jednotliv\u00fdch pozic\u00edch zobrazovat, najdete pod obr\u00e1zkem.<\/p>\n","protected":false},"author":22,"featured_media":0,"parent":0,"menu_order":2,"comment_status":"closed","ping_status":"closed","template":"page-sidemenu","meta":{"_acf_changed":false,"_relevanssi_hide_post":"","_relevanssi_hide_content":"","_relevanssi_pin_for_all":"","_relevanssi_pin_keywords":"","_relevanssi_unpin_keywords":"","_relevanssi_related_keywords":"","_relevanssi_related_include_ids":"","_relevanssi_related_exclude_ids":"","_relevanssi_related_no_append":"","_relevanssi_related_not_related":"","_relevanssi_related_posts":"","_relevanssi_noindex_reason":"","footnotes":""},"page_category":[14],"page_tag":[],"service_status_category":[],"class_list":["post-260","page","type-page","status-publish","hentry"],"acf":[],"lang":"cs","translations":{"cs":260},"pll_sync_post":[],"_links":{"self":[{"href":"https:\/\/o-seznam.cz\/napoveda\/vyhledavani\/wp-json\/wp\/v2\/pages\/260","targetHints":{"allow":["GET"]}}],"collection":[{"href":"https:\/\/o-seznam.cz\/napoveda\/vyhledavani\/wp-json\/wp\/v2\/pages"}],"about":[{"href":"https:\/\/o-seznam.cz\/napoveda\/vyhledavani\/wp-json\/wp\/v2\/types\/page"}],"author":[{"embeddable":true,"href":"https:\/\/o-seznam.cz\/napoveda\/vyhledavani\/wp-json\/wp\/v2\/users\/22"}],"replies":[{"embeddable":true,"href":"https:\/\/o-seznam.cz\/napoveda\/vyhledavani\/wp-json\/wp\/v2\/comments?post=260"}],"version-history":[{"count":29,"href":"https:\/\/o-seznam.cz\/napoveda\/vyhledavani\/wp-json\/wp\/v2\/pages\/260\/revisions"}],"predecessor-version":[{"id":2106,"href":"https:\/\/o-seznam.cz\/napoveda\/vyhledavani\/wp-json\/wp\/v2\/pages\/260\/revisions\/2106"}],"wp:attachment":[{"href":"https:\/\/o-seznam.cz\/napoveda\/vyhledavani\/wp-json\/wp\/v2\/media?parent=260"}],"wp:term":[{"taxonomy":"page_category","embeddable":true,"href":"https:\/\/o-seznam.cz\/napoveda\/vyhledavani\/wp-json\/wp\/v2\/page_category?post=260"},{"taxonomy":"page_tag","embeddable":true,"href":"https:\/\/o-seznam.cz\/napoveda\/vyhledavani\/wp-json\/wp\/v2\/page_tag?post=260"},{"taxonomy":"service_status_category","embeddable":true,"href":"https:\/\/o-seznam.cz\/napoveda\/vyhledavani\/wp-json\/wp\/v2\/service_status_category?post=260"}],"curies":[{"name":"wp","href":"https:\/\/api.w.org\/{rel}","templated":true}]}}