{"id":152,"date":"2024-09-19T13:49:05","date_gmt":"2024-09-19T11:49:05","guid":{"rendered":"https:\/\/o-seznam.cz\/napoveda\/vyhledavani\/?page_id=152"},"modified":"2026-04-22T11:48:50","modified_gmt":"2026-04-22T09:48:50","slug":"meta-tag-robots","status":"publish","type":"page","link":"https:\/\/o-seznam.cz\/napoveda\/vyhledavani\/seznambot\/meta-tag-robots\/","title":{"rendered":"Meta tag robots"},"content":{"rendered":"\n<div class=\"wp-block-group is-layout-constrained wp-block-group-is-layout-constrained\">\n<p><b>Meta tag robots<\/b> umo\u017e\u0148uje zak\u00e1zat robot\u016fm indexov\u00e1n\u00ed obsahu nebo sledov\u00e1n\u00ed odkaz\u016f. Zapisuje se do hlavi\u010dky str\u00e1nky do tagu <code>&lt;meta&gt;<\/code>.<\/p>\n\n\n\n<pre title=\"Uk\u00e1zka z\u00e1spisu meta tagu robots\" class=\"wp-block-code\"><code lang=\"markup\" class=\"language-markup line-numbers\">&lt;html&gt;\n &lt;head&gt;\n  &lt;meta name=\"robots\" content=\"noindex, nofollow\" \/&gt;\n  &lt;title&gt;Titulek str\u00e1nky&lt;\/title&gt;\n &lt;\/head&gt;\n &lt;body&gt;\n  ...\n &lt;\/body&gt;\n&lt;\/html&gt;<\/code><\/pre>\n<\/div>\n\n\n\n<div class=\"wp-block-group is-layout-constrained wp-block-group-is-layout-constrained\">\n<h2 class=\"wp-block-heading\">P\u0159\u00edpustn\u00e9 hodnoty meta tagu robots<\/h2>\n\n\n\n<figure class=\"wp-block-table\"><table><tbody><tr><td><i>noindex<\/i><\/td><td>obsah str\u00e1nky nebude indexov\u00e1n<\/td><\/tr><tr><td><i>index<\/i><\/td><td>obsah str\u00e1nky bude indexov\u00e1n (v\u00fdchoz\u00ed hodnota)<\/td><\/tr><tr><td><i>nofollow<\/i><\/td><td>viz str\u00e1nka o <a href=\"..\/nofollow\/\" data-type=\"page\" data-id=\"157\">nofollow<\/a><\/td><\/tr><tr><td><i>follow<\/i><\/td><td>odkazy budou indexov\u00e1ny (v\u00fdchoz\u00ed hodnota)<\/td><\/tr><tr><td><i>all<\/i><\/td><td>v\u0161e povoleno (stejn\u00e9 jako index, follow)<\/td><\/tr><\/tbody><\/table><\/figure>\n\n\n\n<div class=\"wp-block-seznam-box is-layout-flow wp-block-seznam-box-is-layout-flow\">\n<h3 class=\"wp-block-heading\">Tip<\/h3>\n\n\n\n<p>Pokud chcete zak\u00e1zat <i>indexov\u00e1n\u00ed<\/i> str\u00e1nky, pou\u017eijte <strong>meta tag robots<\/strong> p\u0159\u00edmo v&nbsp;HTML textu t\u00e9to str\u00e1nky a&nbsp;stahov\u00e1n\u00ed str\u00e1nky SeznamBotem nechte <i>povolen\u00e9<\/i>.<\/p>\n<\/div>\n\n\n\n<div class=\"wp-block-seznam-box is-layout-flow wp-block-seznam-box-is-layout-flow\">\n<h3 class=\"wp-block-heading\">Pozor<\/h3>\n\n\n\n<p>Pokud zak\u00e1\u017eete stahov\u00e1n\u00ed v souboru&nbsp;<a href=\"..\/robots-txt\/\">robots.txt<\/a>, SeznamBot si informaci o z\u00e1kazu indexov\u00e1n\u00ed ji\u017e nep\u0159e\u010dte a&nbsp;m\u016f\u017ee se st\u00e1t, \u017ee se z\u00e1kaz indexace nezaregistruje a&nbsp;neuplatn\u00ed.<\/p>\n<\/div>\n<\/div>\n\n\n\n<div class=\"wp-block-group is-layout-constrained wp-block-group-is-layout-constrained\">\n<h2 class=\"wp-block-heading\">HTTP hlavi\u010dka X-Robots-Tag<\/h2>\n\n\n\n<p>SeznamBot se HTTP hlavi\u010dkou<strong> X-Robots-Tag<\/strong> ne\u0159\u00edd\u00ed. V p\u0159\u00edpad\u011b, \u017ee ji na sv\u00e9m webu pou\u017eijete, robot ji bude ignorovat a st\u00e1hne v\u017edy celou URL.<\/p>\n\n\n\n<div class=\"wp-block-seznam-box is-layout-flow wp-block-seznam-box-is-layout-flow\">\n<h2 class=\"wp-block-heading\">Pozor<\/h2>\n\n\n\n<p>Nepodporujeme z\u00e1pis s <em>meta name=&#8220;SeznamBot&#8220;<\/em>, nap\u0159.: <code>&lt;meta name=\"SeznamBot\" content=\"index\"&gt;<\/code>.<\/p>\n<\/div>\n<\/div>\n","protected":false},"excerpt":{"rendered":"<p>Meta tag robots umo\u017e\u0148uje zak\u00e1zat robot\u016fm indexov\u00e1n\u00ed obsahu nebo sledov\u00e1n\u00ed odkaz\u016f. Zapisuje se do hlavi\u010dky str\u00e1nky do tagu &lt;meta&gt;. P\u0159\u00edpustn\u00e9 hodnoty meta tagu robots noindex obsah str\u00e1nky nebude indexov\u00e1n index obsah str\u00e1nky bude indexov\u00e1n (v\u00fdchoz\u00ed hodnota) nofollow viz str\u00e1nka o nofollow follow odkazy budou indexov\u00e1ny (v\u00fdchoz\u00ed hodnota) all v\u0161e povoleno (stejn\u00e9 jako index, follow) HTTP [&hellip;]<\/p>\n","protected":false},"author":22,"featured_media":0,"parent":54,"menu_order":0,"comment_status":"closed","ping_status":"closed","template":"page-sidemenu","meta":{"_acf_changed":false,"_relevanssi_hide_post":"","_relevanssi_hide_content":"","_relevanssi_pin_for_all":"","_relevanssi_pin_keywords":"","_relevanssi_unpin_keywords":"","_relevanssi_related_keywords":"","_relevanssi_related_include_ids":"","_relevanssi_related_exclude_ids":"","_relevanssi_related_no_append":"","_relevanssi_related_not_related":"","_relevanssi_related_posts":"","_relevanssi_noindex_reason":"","footnotes":""},"page_category":[14],"page_tag":[],"service_status_category":[],"class_list":["post-152","page","type-page","status-publish","hentry"],"acf":[],"lang":"cs","translations":{"cs":152,"en":1711},"pll_sync_post":[],"_links":{"self":[{"href":"https:\/\/o-seznam.cz\/napoveda\/vyhledavani\/wp-json\/wp\/v2\/pages\/152","targetHints":{"allow":["GET"]}}],"collection":[{"href":"https:\/\/o-seznam.cz\/napoveda\/vyhledavani\/wp-json\/wp\/v2\/pages"}],"about":[{"href":"https:\/\/o-seznam.cz\/napoveda\/vyhledavani\/wp-json\/wp\/v2\/types\/page"}],"author":[{"embeddable":true,"href":"https:\/\/o-seznam.cz\/napoveda\/vyhledavani\/wp-json\/wp\/v2\/users\/22"}],"replies":[{"embeddable":true,"href":"https:\/\/o-seznam.cz\/napoveda\/vyhledavani\/wp-json\/wp\/v2\/comments?post=152"}],"version-history":[{"count":22,"href":"https:\/\/o-seznam.cz\/napoveda\/vyhledavani\/wp-json\/wp\/v2\/pages\/152\/revisions"}],"predecessor-version":[{"id":2159,"href":"https:\/\/o-seznam.cz\/napoveda\/vyhledavani\/wp-json\/wp\/v2\/pages\/152\/revisions\/2159"}],"up":[{"embeddable":true,"href":"https:\/\/o-seznam.cz\/napoveda\/vyhledavani\/wp-json\/wp\/v2\/pages\/54"}],"wp:attachment":[{"href":"https:\/\/o-seznam.cz\/napoveda\/vyhledavani\/wp-json\/wp\/v2\/media?parent=152"}],"wp:term":[{"taxonomy":"page_category","embeddable":true,"href":"https:\/\/o-seznam.cz\/napoveda\/vyhledavani\/wp-json\/wp\/v2\/page_category?post=152"},{"taxonomy":"page_tag","embeddable":true,"href":"https:\/\/o-seznam.cz\/napoveda\/vyhledavani\/wp-json\/wp\/v2\/page_tag?post=152"},{"taxonomy":"service_status_category","embeddable":true,"href":"https:\/\/o-seznam.cz\/napoveda\/vyhledavani\/wp-json\/wp\/v2\/service_status_category?post=152"}],"curies":[{"name":"wp","href":"https:\/\/api.w.org\/{rel}","templated":true}]}}