{"id":5,"date":"2025-03-21T15:58:51","date_gmt":"2025-03-21T14:58:51","guid":{"rendered":"https:\/\/o-seznam.cz\/napoveda\/vendorske-spoluprace\/?page_id=5"},"modified":"2026-01-23T13:41:51","modified_gmt":"2026-01-23T12:41:51","slug":"vendorske-spoluprace","status":"publish","type":"page","link":"https:\/\/o-seznam.cz\/napoveda\/vendorske-spoluprace\/","title":{"rendered":"Vendorsk\u00e9 spolupr\u00e1ce"},"content":{"rendered":"\n<div class=\"wp-block-group alignwide is-layout-constrained wp-block-group-is-layout-constrained\">\n<div class=\"wp-block-group alignwide is-layout-constrained wp-block-group-is-layout-constrained\"><div class=\"alignwide alignwide wp-block-seznam-hero\"><div class=\"cover is-hero is-hero-default bg-neutral-40\"><img decoding=\"async\" src=\"https:\/\/o-seznam.cz\/napoveda\/vendorske-spoluprace\/wp-content\/themes\/seznam\/patterns\/images\/seznam-cover.jpg\" class=\"cover__media\" alt=\"\" \/><div class=\"cover__dim\" style=\"opacity:0.45\"><\/div><div class=\"cover__content is-layout-constrained\">\n\n<h1 class=\"wp-block-heading has-text-align-left\">N\u00e1pov\u011bda<br>Vendorsk\u00e9 spolupr\u00e1ce<\/h1>\n\n\n\n<div class=\"wp-block-group is-content-justification-left is-layout-constrained wp-container-core-group-is-layout-59d06cab wp-block-group-is-layout-constrained\">\n<p>Naleznete zde p\u0159ehled v\u0161ech mo\u017enost\u00ed a produkt\u016f vendorsk\u00e9 spolupr\u00e1ce.  Podpo\u0159te svoji zna\u010dku se Seznam.cz.<\/p>\n<\/div>\n\n<\/div><\/div><\/div>\n\n\n<\/div>\n<\/div>\n\n\n\n<div class=\"wp-block-group is-layout-constrained wp-block-group-is-layout-constrained\">\n<h2 class=\"wp-block-heading\">Nej\u010dast\u011bj\u0161\u00ed dotazy<\/h2>\n\n\n\n<div class=\"accordion\">\n\t<div class=\"accordion__items\">\n\n<details class=\"expander is-style-default\">\n\t<summary data-datalayer-name=\"\" data-datalayer-text=\"Pro koho je vendorsk\u00e1 spolupr\u00e1ce ur\u010dena?\">\n\t\t\t\t<strong>Pro koho je vendorsk\u00e1 spolupr\u00e1ce ur\u010dena?<\/strong>\n\t\t\t<\/summary>\n\t<div class=\"inner-blocks\">\n\n<p>Produkty vendorsk\u00e9 spolupr\u00e1ce jsou prim\u00e1rn\u011b ur\u010deny pro zna\u010dky, ofici\u00e1ln\u00ed distributory a e-shopy s priv\u00e1tn\u00edmi zna\u010dkami. <\/p>\n\n<\/div><\/details>\n\n\n\n<details class=\"expander is-style-default\">\n\t<summary data-datalayer-name=\"\" data-datalayer-text=\"Na koho se obracet s dotazy a objedn\u00e1vkami?\">\n\t\t\t\t<strong>Na koho se obracet s dotazy a objedn\u00e1vkami?<\/strong>\n\t\t\t<\/summary>\n\t<div class=\"inner-blocks\">\n\n<p>S objedn\u00e1vkami a dotazy se m\u016f\u017eete obracet na sv\u00e9 obchodn\u00ed z\u00e1stupce v Seznam.cz. Kontaktovat n\u00e1s m\u016f\u017eete tak\u00e9 na e-mailu <a href=\"mailto:vendori@firma.seznam.cz\">vendori@firma.seznam.cz<\/a>.<\/p>\n\n<\/div><\/details>\n\n\n\n<details class=\"expander is-style-default\">\n\t<summary data-datalayer-name=\"\" data-datalayer-text=\"Pro\u010d spolupracovat se Seznam.cz?\">\n\t\t\t\t<strong>Pro\u010d spolupracovat se Seznam.cz?<\/strong>\n\t\t\t<\/summary>\n\t<div class=\"inner-blocks\">\n\n<p>Spoluprac\u00ed se Seznam.cz podpo\u0159\u00edte sv\u00e9 produkty a zna\u010dku nap\u0159\u00ed\u010d na\u0161imi slu\u017ebami. Zas\u00e1hnete tak z\u00e1kazn\u00edky v r\u016fzn\u00fdch f\u00e1z\u00edch jejich n\u00e1kupn\u00edho cyklu. Ke v\u0161em klient\u016fm p\u0159istupujeme individu\u00e1ln\u011b a p\u0159iprav\u00edme v\u00e1m nab\u00eddku na m\u00edru.<\/p>\n\n<\/div><\/details>\n\n\n\n<details class=\"expander is-style-default\">\n\t<summary data-datalayer-name=\"\" data-datalayer-text=\"Jak mohu bezplatn\u011b podpo\u0159it prodeje?\">\n\t\t\t\t<strong>Jak mohu bezplatn\u011b podpo\u0159it prodeje?<\/strong>\n\t\t\t<\/summary>\n\t<div class=\"inner-blocks\">\n\n<p>Bezplatnou mo\u017enost\u00ed pro zlep\u0161en\u00ed prezentace a zv\u00fd\u0161en\u00ed prodeje sv\u00fdch produkt\u016f jsou <a href=\"https:\/\/o-seznam.cz\/napoveda\/vendorske-spoluprace\/datove-spoluprace\/\" data-type=\"page\" data-id=\"31\">datov\u00e9 spolupr\u00e1ce<\/a>. <\/p>\n\n<\/div><\/details>\n\n<\/div><\/div>\n\n<\/div>\n\n\n\n<div class=\"wp-block-group is-layout-constrained wp-block-group-is-layout-constrained\">\n<h2 class=\"wp-block-heading\">N\u00e1pov\u011bda pro Vendorsk\u00e9 spolupr\u00e1ce<\/h2>\n\n\n<div class=\"wp-block-seznam-list-pages\"><div>\n<div style=\"--seznam-tiles--columns:3\" class=\"wp-block-seznam-tiles has-columns-3\"><div class=\"inner-blocks\">\n<div class=\"block-boxlink\"><a class=\"boxlink boxlink--icon-arrow boxlink--align-y-center px-f8 py-f4\" href=\"https:\/\/o-seznam.cz\/napoveda\/vendorske-spoluprace\/cenik\/\"><div class=\"inner-blocks\">Cen\u00edk vendorsk\u00e9 spolupr\u00e1ce<\/div><\/a><\/div><div class=\"block-boxlink\"><a class=\"boxlink boxlink--icon-arrow boxlink--align-y-center px-f8 py-f4\" href=\"https:\/\/o-seznam.cz\/napoveda\/vendorske-spoluprace\/brandove-spoluprace\/\"><div class=\"inner-blocks\">Co-brandov\u00e9 spolupr\u00e1ce<\/div><\/a><\/div><div class=\"block-boxlink\"><a class=\"boxlink boxlink--icon-arrow boxlink--align-y-center px-f8 py-f4\" href=\"https:\/\/o-seznam.cz\/napoveda\/vendorske-spoluprace\/datove-spoluprace\/\"><div class=\"inner-blocks\">Datov\u00e9 spolupr\u00e1ce<\/div><\/a><\/div><div class=\"block-boxlink\"><a class=\"boxlink boxlink--icon-arrow boxlink--align-y-center px-f8 py-f4\" href=\"https:\/\/o-seznam.cz\/napoveda\/vendorske-spoluprace\/faq\/\"><div class=\"inner-blocks\">FAQ &#8211; parametry ve feedech<\/div><\/a><\/div><div class=\"block-boxlink\"><a class=\"boxlink boxlink--icon-arrow boxlink--align-y-center px-f8 py-f4\" href=\"https:\/\/o-seznam.cz\/napoveda\/vendorske-spoluprace\/popis-stranky\/\"><div class=\"inner-blocks\">Popis str\u00e1nky zna\u010dky<\/div><\/a><\/div><div class=\"block-boxlink\"><a class=\"boxlink boxlink--icon-arrow boxlink--align-y-center px-f8 py-f4\" href=\"https:\/\/o-seznam.cz\/napoveda\/vendorske-spoluprace\/podklady\/\"><div class=\"inner-blocks\">Po\u017eadovan\u00e9 podklady<\/div><\/a><\/div><div class=\"block-boxlink\"><a class=\"boxlink boxlink--icon-arrow boxlink--align-y-center px-f8 py-f4\" href=\"https:\/\/o-seznam.cz\/napoveda\/vendorske-spoluprace\/product-ads\/\"><div class=\"inner-blocks\">Product Ads<\/div><\/a><\/div><div class=\"block-boxlink\"><a class=\"boxlink boxlink--icon-arrow boxlink--align-y-center px-f8 py-f4\" href=\"https:\/\/o-seznam.cz\/napoveda\/vendorske-spoluprace\/rich-popis\/\"><div class=\"inner-blocks\">Rich popis produktu<\/div><\/a><\/div><div class=\"block-boxlink\"><a class=\"boxlink boxlink--icon-arrow boxlink--align-y-center px-f8 py-f4\" href=\"https:\/\/o-seznam.cz\/napoveda\/vendorske-spoluprace\/seznamy-prodejcu\/\"><div class=\"inner-blocks\">Seznamy autorizovan\u00fdch prodejc\u016f<\/div><\/a><\/div><div class=\"block-boxlink\"><a class=\"boxlink boxlink--icon-arrow boxlink--align-y-center px-f8 py-f4\" href=\"https:\/\/o-seznam.cz\/napoveda\/vendorske-spoluprace\/bannerove-plochy\/\"><div class=\"inner-blocks\">Vendor bannerov\u00e9 plochy<\/div><\/a><\/div><\/div><\/div>\n\n<\/div><\/div>\n<\/div>\n\n\n\n<div class=\"wp-block-group is-layout-constrained wp-block-group-is-layout-constrained\">\n<h2 class=\"wp-block-heading\">Mohlo by v\u00e1s zaj\u00edmat<\/h2>\n\n\n\n<div class=\"wp-block-seznam-tiles has-columns-3\" style=\"--seznam-tiles--columns:3\"><div class=\"inner-blocks\"><div class=\"block-boxlink\"><a class=\"boxlink boxlink--icon-external px-f8 py-f4\" href=\"https:\/\/napoveda.sklik.cz\/\" target=\"_blank\"><div class=\"inner-blocks\">\n\n<p>N\u00e1pov\u011bda pro Sklik<\/p>\n\n<\/div><\/a><\/div><\/div><\/div>\n<\/div>\n","protected":false},"excerpt":{"rendered":"<p>Nej\u010dast\u011bj\u0161\u00ed dotazy N\u00e1pov\u011bda pro Vendorsk\u00e9 spolupr\u00e1ce Mohlo by v\u00e1s zaj\u00edmat<\/p>\n","protected":false},"author":2,"featured_media":0,"parent":0,"menu_order":0,"comment_status":"closed","ping_status":"closed","template":"page-no-head","meta":{"_acf_changed":false,"_relevanssi_hide_post":"","_relevanssi_hide_content":"","_relevanssi_pin_for_all":"","_relevanssi_pin_keywords":"","_relevanssi_unpin_keywords":"","_relevanssi_related_keywords":"","_relevanssi_related_include_ids":"","_relevanssi_related_exclude_ids":"","_relevanssi_related_no_append":"","_relevanssi_related_not_related":"","_relevanssi_related_posts":"1","_relevanssi_noindex_reason":"","footnotes":""},"page_category":[],"page_tag":[],"service_status_category":[],"class_list":["post-5","page","type-page","status-publish","hentry"],"acf":[],"_links":{"self":[{"href":"https:\/\/o-seznam.cz\/napoveda\/vendorske-spoluprace\/wp-json\/wp\/v2\/pages\/5","targetHints":{"allow":["GET"]}}],"collection":[{"href":"https:\/\/o-seznam.cz\/napoveda\/vendorske-spoluprace\/wp-json\/wp\/v2\/pages"}],"about":[{"href":"https:\/\/o-seznam.cz\/napoveda\/vendorske-spoluprace\/wp-json\/wp\/v2\/types\/page"}],"author":[{"embeddable":true,"href":"https:\/\/o-seznam.cz\/napoveda\/vendorske-spoluprace\/wp-json\/wp\/v2\/users\/2"}],"replies":[{"embeddable":true,"href":"https:\/\/o-seznam.cz\/napoveda\/vendorske-spoluprace\/wp-json\/wp\/v2\/comments?post=5"}],"version-history":[{"count":15,"href":"https:\/\/o-seznam.cz\/napoveda\/vendorske-spoluprace\/wp-json\/wp\/v2\/pages\/5\/revisions"}],"predecessor-version":[{"id":269,"href":"https:\/\/o-seznam.cz\/napoveda\/vendorske-spoluprace\/wp-json\/wp\/v2\/pages\/5\/revisions\/269"}],"wp:attachment":[{"href":"https:\/\/o-seznam.cz\/napoveda\/vendorske-spoluprace\/wp-json\/wp\/v2\/media?parent=5"}],"wp:term":[{"taxonomy":"page_category","embeddable":true,"href":"https:\/\/o-seznam.cz\/napoveda\/vendorske-spoluprace\/wp-json\/wp\/v2\/page_category?post=5"},{"taxonomy":"page_tag","embeddable":true,"href":"https:\/\/o-seznam.cz\/napoveda\/vendorske-spoluprace\/wp-json\/wp\/v2\/page_tag?post=5"},{"taxonomy":"service_status_category","embeddable":true,"href":"https:\/\/o-seznam.cz\/napoveda\/vendorske-spoluprace\/wp-json\/wp\/v2\/service_status_category?post=5"}],"curies":[{"name":"wp","href":"https:\/\/api.w.org\/{rel}","templated":true}]}}