{"id":33,"date":"2025-03-24T08:12:41","date_gmt":"2025-03-24T07:12:41","guid":{"rendered":"https:\/\/o-seznam.cz\/napoveda\/vendorske-spoluprace\/?page_id=33"},"modified":"2026-04-02T11:31:24","modified_gmt":"2026-04-02T09:31:24","slug":"cenik","status":"publish","type":"page","link":"https:\/\/o-seznam.cz\/napoveda\/vendorske-spoluprace\/cenik\/","title":{"rendered":"Cen\u00edk vendorsk\u00e9 spolupr\u00e1ce"},"content":{"rendered":"\n<figure class=\"wp-block-table\"><table class=\"has-fixed-layout\"><tbody><tr><td>Rich popis produktu<\/td><td>1 000 K\u010d bez DPH<\/td><\/tr><tr><td>Varianta rich popisu<\/td><td>300 K\u010d bez DPH<\/td><\/tr><tr><td>Popis str\u00e1nky zna\u010dky<\/td><td>5 000 K\u010d bez DPH<\/td><\/tr><tr><td>Product Ads<\/td><td>Od 500 K\u010d bez DPH \/ 1 t\u00fdden (PO-NE)<br>Cen\u00edk k dispozici <a href=\"https:\/\/o-seznam.cz\/napoveda\/vendorske-spoluprace\/wp-content\/uploads\/sites\/25\/2026\/01\/Cenik-Product-Ads-od-23.-1.-2026.pdf\" target=\"_blank\" rel=\"noreferrer noopener\">zde<\/a><\/td><\/tr><tr><td>\u0160t\u00edtek autorizovan\u00fd prodejce<\/td><td>ZDARMA<\/td><\/tr><tr><td>Co-brandov\u00e1 spolupr\u00e1ce<\/td><td>Individu\u00e1ln\u011b<\/td><\/tr><tr><td>Vendor bannerov\u00e9 plochy<\/td><td>Od 15 000 K\u010d bez DPH \/ m\u011bs\u00edc<br>Cen\u00edk k dispozici <a href=\"https:\/\/o-seznam.cz\/napoveda\/vendorske-spoluprace\/bannerove-plochy\/\" data-type=\"page\" data-id=\"23\">zde<\/a><\/td><\/tr><\/tbody><\/table><\/figure>\n\n\n\n<div class=\"wp-block-seznam-box is-layout-flow wp-block-seznam-box-is-layout-flow\">\n<p class=\"has-text-align-center\">S objedn\u00e1vkami nebo dotazy se obracejte na <a href=\"mailto:vendori@firma.seznam.cz\">vendori@firma.seznam.cz<\/a>.<\/p>\n<\/div>\n\n\n\n<p class=\"is-style-default\"><\/p>\n\n\n\n<p><\/p>\n","protected":false},"excerpt":{"rendered":"<p>Rich popis produktu 1 000 K\u010d bez DPH Varianta rich popisu 300 K\u010d bez DPH Popis str\u00e1nky zna\u010dky 5 000 K\u010d bez DPH Product Ads Od 500 K\u010d bez DPH \/ 1 t\u00fdden (PO-NE)Cen\u00edk k dispozici zde \u0160t\u00edtek autorizovan\u00fd prodejce ZDARMA Co-brandov\u00e1 spolupr\u00e1ce Individu\u00e1ln\u011b Vendor bannerov\u00e9 plochy Od 15 000 K\u010d bez DPH \/ m\u011bs\u00edcCen\u00edk [&hellip;]<\/p>\n","protected":false},"author":2,"featured_media":0,"parent":0,"menu_order":0,"comment_status":"closed","ping_status":"closed","template":"page-sidemenu","meta":{"_acf_changed":false,"_relevanssi_hide_post":"","_relevanssi_hide_content":"","_relevanssi_pin_for_all":"","_relevanssi_pin_keywords":"","_relevanssi_unpin_keywords":"","_relevanssi_related_keywords":"","_relevanssi_related_include_ids":"","_relevanssi_related_exclude_ids":"","_relevanssi_related_no_append":"","_relevanssi_related_not_related":"","_relevanssi_related_posts":"","_relevanssi_noindex_reason":"","footnotes":""},"page_category":[31],"page_tag":[],"service_status_category":[],"class_list":["post-33","page","type-page","status-publish","hentry"],"acf":[],"_links":{"self":[{"href":"https:\/\/o-seznam.cz\/napoveda\/vendorske-spoluprace\/wp-json\/wp\/v2\/pages\/33","targetHints":{"allow":["GET"]}}],"collection":[{"href":"https:\/\/o-seznam.cz\/napoveda\/vendorske-spoluprace\/wp-json\/wp\/v2\/pages"}],"about":[{"href":"https:\/\/o-seznam.cz\/napoveda\/vendorske-spoluprace\/wp-json\/wp\/v2\/types\/page"}],"author":[{"embeddable":true,"href":"https:\/\/o-seznam.cz\/napoveda\/vendorske-spoluprace\/wp-json\/wp\/v2\/users\/2"}],"replies":[{"embeddable":true,"href":"https:\/\/o-seznam.cz\/napoveda\/vendorske-spoluprace\/wp-json\/wp\/v2\/comments?post=33"}],"version-history":[{"count":10,"href":"https:\/\/o-seznam.cz\/napoveda\/vendorske-spoluprace\/wp-json\/wp\/v2\/pages\/33\/revisions"}],"predecessor-version":[{"id":277,"href":"https:\/\/o-seznam.cz\/napoveda\/vendorske-spoluprace\/wp-json\/wp\/v2\/pages\/33\/revisions\/277"}],"wp:attachment":[{"href":"https:\/\/o-seznam.cz\/napoveda\/vendorske-spoluprace\/wp-json\/wp\/v2\/media?parent=33"}],"wp:term":[{"taxonomy":"page_category","embeddable":true,"href":"https:\/\/o-seznam.cz\/napoveda\/vendorske-spoluprace\/wp-json\/wp\/v2\/page_category?post=33"},{"taxonomy":"page_tag","embeddable":true,"href":"https:\/\/o-seznam.cz\/napoveda\/vendorske-spoluprace\/wp-json\/wp\/v2\/page_tag?post=33"},{"taxonomy":"service_status_category","embeddable":true,"href":"https:\/\/o-seznam.cz\/napoveda\/vendorske-spoluprace\/wp-json\/wp\/v2\/service_status_category?post=33"}],"curies":[{"name":"wp","href":"https:\/\/api.w.org\/{rel}","templated":true}]}}