{"id":769,"date":"2024-10-21T00:03:29","date_gmt":"2024-10-20T22:03:29","guid":{"rendered":"https:\/\/o-seznam.cz\/napoveda\/ucet\/?page_id=769"},"modified":"2025-11-12T10:56:02","modified_gmt":"2025-11-12T09:56:02","slug":"propojeni-google-microsoft-ucet","status":"publish","type":"page","link":"https:\/\/o-seznam.cz\/napoveda\/ucet\/registrace\/propojeni-google-microsoft-ucet\/","title":{"rendered":"Propojen\u00ed s Google\/MojeID\/BankiD\/Microsoft\/Apple \u00fa\u010dtem"},"content":{"rendered":"\n<div class=\"wp-block-group is-layout-constrained wp-block-group-is-layout-constrained\">\n<p>N\u00ed\u017ee naleznete postup pro registraci nov\u00e9ho u\u017eivatelsk\u00e9ho \u00fa\u010dtu v p\u0159\u00edpad\u011b, kdy ji\u017e m\u00e1te vlastn\u00ed Google, MojeID, BankiD, Microsoft \u010di Apple \u00fa\u010det a chcete vyu\u017e\u00edvat v\u0161echny slu\u017eby a aplikace Seznam.cz krom\u011b e-mailov\u00e9 schr\u00e1nky Email.cz.<\/p>\n\n\n\n<div class=\"wp-block-seznam-box is-layout-flow wp-block-seznam-box-is-layout-flow\">\n<p>E-mailovou schr\u00e1nku u Seznamu nelze po registraci s vlastn\u00ed adresou nijak dodate\u010dn\u011b zapnout.<\/p>\n\n\n\n<p>Zva\u017ete tedy mo\u017enost <a href=\"https:\/\/o-seznam.cz\/napoveda\/ucet\/registrace\/ucet-s-novou-emailovou-schrankou\/\" data-type=\"link\" data-id=\"https:\/\/o-seznam.cz\/napoveda\/ucet\/registrace\/ucet-s-novou-emailovou-schrankou\/\">registrace nov\u00e9ho \u00fa\u010dtu i se schr\u00e1nkou na Seznamu<\/a>.<\/p>\n<\/div>\n\n\n\n<p class=\"is-style-link-external\">Pro zah\u00e1jen\u00ed registrace nav\u0161tivte tuto <a href=\"https:\/\/registrace.seznam.cz\" data-type=\"link\" data-id=\"https:\/\/registrace.seznam.cz\" target=\"_blank\" rel=\"noreferrer noopener\">adresu<\/a>.<\/p>\n\n\n\n<p>V zobrazen\u00e9m formul\u00e1\u0159i klikn\u011bte na ikonu dle \u00fa\u010dtu, kter\u00fd chcete pou\u017e\u00edt. Vyjma klasick\u00e9ho formul\u00e1\u0159e se m\u016f\u017eete setkat i s upraven\u00fdm &#8222;zelen\u00fdm&#8220; formul\u00e1\u0159em Mapy.com.<\/p>\n\n\n\n<figure class=\"wp-block-gallery has-nested-images columns-default is-cropped wp-block-gallery-1 is-layout-flex wp-block-gallery-is-layout-flex\">\n<figure class=\"wp-block-image size-full\"><img loading=\"lazy\" decoding=\"async\" width=\"518\" height=\"597\" data-id=\"2629\" src=\"https:\/\/o-seznam.cz\/napoveda\/ucet\/wp-content\/uploads\/sites\/10\/2025\/11\/registrace-ucet.png\" alt=\"\" class=\"wp-image-2629\" srcset=\"https:\/\/o-seznam.cz\/napoveda\/ucet\/wp-content\/uploads\/sites\/10\/2025\/11\/registrace-ucet.png 518w, https:\/\/o-seznam.cz\/napoveda\/ucet\/wp-content\/uploads\/sites\/10\/2025\/11\/registrace-ucet-278x320.png 278w\" sizes=\"auto, (max-width: 518px) 100vw, 518px\" \/><\/figure>\n\n\n\n<figure class=\"wp-block-image size-full\"><img loading=\"lazy\" decoding=\"async\" width=\"522\" height=\"482\" data-id=\"2630\" src=\"https:\/\/o-seznam.cz\/napoveda\/ucet\/wp-content\/uploads\/sites\/10\/2025\/11\/registrace-mapy.png\" alt=\"\" class=\"wp-image-2630\" srcset=\"https:\/\/o-seznam.cz\/napoveda\/ucet\/wp-content\/uploads\/sites\/10\/2025\/11\/registrace-mapy.png 522w, https:\/\/o-seznam.cz\/napoveda\/ucet\/wp-content\/uploads\/sites\/10\/2025\/11\/registrace-mapy-320x295.png 320w\" sizes=\"auto, (max-width: 522px) 100vw, 522px\" \/><\/figure>\n<\/figure>\n\n\n\n<p>V tuto chv\u00edli budete p\u0159esm\u011brov\u00e1ni na p\u0159ihla\u0161ovac\u00ed str\u00e1nku Google, MojeID, BankiD, Microsoft nebo Apple&nbsp;\u00fa\u010dtu. Pro p\u0159\u00edklad uv\u00e1d\u00edme propojen\u00ed s Google \u00fa\u010dtem.<\/p>\n\n\n\n<figure class=\"wp-block-image size-full\"><img loading=\"lazy\" decoding=\"async\" width=\"501\" height=\"553\" src=\"https:\/\/o-seznam.cz\/napoveda\/ucet\/wp-content\/uploads\/sites\/10\/2025\/04\/google-new.png\" alt=\"\" class=\"wp-image-1495\" srcset=\"https:\/\/o-seznam.cz\/napoveda\/ucet\/wp-content\/uploads\/sites\/10\/2025\/04\/google-new.png 501w, https:\/\/o-seznam.cz\/napoveda\/ucet\/wp-content\/uploads\/sites\/10\/2025\/04\/google-new-290x320.png 290w\" sizes=\"auto, (max-width: 501px) 100vw, 501px\" \/><\/figure>\n\n\n\n<figure class=\"wp-block-image size-full\"><img loading=\"lazy\" decoding=\"async\" width=\"502\" height=\"551\" src=\"https:\/\/o-seznam.cz\/napoveda\/ucet\/wp-content\/uploads\/sites\/10\/2025\/04\/google2-new.png\" alt=\"\" class=\"wp-image-1496\" srcset=\"https:\/\/o-seznam.cz\/napoveda\/ucet\/wp-content\/uploads\/sites\/10\/2025\/04\/google2-new.png 502w, https:\/\/o-seznam.cz\/napoveda\/ucet\/wp-content\/uploads\/sites\/10\/2025\/04\/google2-new-292x320.png 292w\" sizes=\"auto, (max-width: 502px) 100vw, 502px\" \/><\/figure>\n\n\n\n<p>Po zad\u00e1n\u00ed hesla v r\u00e1mci p\u0159ihl\u00e1\u0161en\u00ed do Google, MojeID, BankiD, Microsoft \u010di Apple \u00fa\u010dtu budete p\u0159esm\u011brov\u00e1ni zp\u011bt.<\/p>\n\n\n\n<p>Pro \u00fasp\u011b\u0161n\u00e9 dokon\u010den\u00ed je t\u0159eba kliknout na tla\u010d\u00edtko Dokon\u010dit zalo\u017een\u00ed \u00fa\u010dtu. <\/p>\n\n\n\n<figure class=\"wp-block-image size-full is-resized\"><img loading=\"lazy\" decoding=\"async\" width=\"540\" height=\"495\" src=\"https:\/\/o-seznam.cz\/napoveda\/ucet\/wp-content\/uploads\/sites\/10\/2025\/07\/zalozeni-uctu-gmail.png\" alt=\"\" class=\"wp-image-2275\" style=\"width:479px;height:auto\" srcset=\"https:\/\/o-seznam.cz\/napoveda\/ucet\/wp-content\/uploads\/sites\/10\/2025\/07\/zalozeni-uctu-gmail.png 540w, https:\/\/o-seznam.cz\/napoveda\/ucet\/wp-content\/uploads\/sites\/10\/2025\/07\/zalozeni-uctu-gmail-320x293.png 320w\" sizes=\"auto, (max-width: 540px) 100vw, 540px\" \/><\/figure>\n\n\n\n<p><strong>V\u00fdborn\u011b! V\u00e1\u0161 \u00fa\u010det je t\u00edmto zaregistrov\u00e1n.<\/strong><\/p>\n\n\n\n<p>Na posledn\u00ed obrazovce naleznete potvrzen\u00ed o vytvo\u0159en\u00ed \u00fa\u010dtu a m\u016f\u017eete pokra\u010dovat na slu\u017eby Seznamu, \u010di si v <a href=\"https:\/\/o-seznam.cz\/napoveda\/ucet\/registrace\/nastaveni-personalizace-v-ramci-registrace-seznam-uctu\/\" data-type=\"link\" data-id=\"https:\/\/o-seznam.cz\/napoveda\/ucet\/registrace\/nastaveni-personalizace-v-ramci-registrace-seznam-uctu\/\">p\u00e1r kroc\u00edch p\u0159izp\u016fsobit obsah p\u0159\u00edmo na m\u00edru.<\/a><\/p>\n\n\n\n<figure class=\"wp-block-image size-full\"><img loading=\"lazy\" decoding=\"async\" width=\"388\" height=\"556\" src=\"https:\/\/o-seznam.cz\/napoveda\/ucet\/wp-content\/uploads\/sites\/10\/2025\/11\/final-registrace.png\" alt=\"\" class=\"wp-image-2723\" srcset=\"https:\/\/o-seznam.cz\/napoveda\/ucet\/wp-content\/uploads\/sites\/10\/2025\/11\/final-registrace.png 388w, https:\/\/o-seznam.cz\/napoveda\/ucet\/wp-content\/uploads\/sites\/10\/2025\/11\/final-registrace-223x320.png 223w\" sizes=\"auto, (max-width: 388px) 100vw, 388px\" \/><\/figure>\n\n\n\n<div class=\"wp-block-seznam-box is-layout-flow wp-block-seznam-box-is-layout-flow\">\n<p>Po registraci a p\u0159ihl\u00e1\u0161en\u00ed doporu\u010dujeme zv\u00e1\u017eit zv\u00fd\u0161en\u00ed zabezpe\u010den\u00ed \u00fa\u010dtu, kter\u00e9 m\u016f\u017eete prov\u00e9st nastaven\u00edm&nbsp;<a href=\"https:\/\/o-seznam.cz\/napoveda\/ucet\/zabezpeceni-uctu\/zachranny-email\/\">z\u00e1chrann\u00e9ho e-mailu<\/a>,&nbsp;<a href=\"https:\/\/o-seznam.cz\/napoveda\/ucet\/zabezpeceni-uctu\/zachranne-telefonni-cislo\/\">z\u00e1chrann\u00e9ho telefonn\u00edho \u010d\u00edsla<\/a>, <a href=\"https:\/\/o-seznam.cz\/napoveda\/ucet\/dvoufazove-overeni\/co-to-je\/\">dvouf\u00e1zov\u00e9ho ov\u011b\u0159en\u00ed<\/a> \u010di ov\u011b\u0159en\u00edm pomoc\u00ed <a href=\"https:\/\/o-seznam.cz\/napoveda\/ucet\/overeni-uctu\/bankovni-identita\/\">bankovn\u00ed identity<\/a> nebo pomoc\u00ed <a href=\"https:\/\/o-seznam.cz\/napoveda\/ucet\/overeni-uctu\/mojeid\/\">MojeID<\/a>.<\/p>\n<\/div>\n<\/div>\n","protected":false},"excerpt":{"rendered":"<p>N\u00ed\u017ee naleznete postup pro registraci nov\u00e9ho u\u017eivatelsk\u00e9ho \u00fa\u010dtu v p\u0159\u00edpad\u011b, kdy ji\u017e m\u00e1te vlastn\u00ed Google, MojeID, BankiD, Microsoft \u010di Apple \u00fa\u010det a chcete vyu\u017e\u00edvat v\u0161echny slu\u017eby a aplikace Seznam.cz krom\u011b e-mailov\u00e9 schr\u00e1nky Email.cz. Pro zah\u00e1jen\u00ed registrace nav\u0161tivte tuto adresu. V zobrazen\u00e9m formul\u00e1\u0159i klikn\u011bte na ikonu dle \u00fa\u010dtu, kter\u00fd chcete pou\u017e\u00edt. Vyjma klasick\u00e9ho formul\u00e1\u0159e se m\u016f\u017eete [&hellip;]<\/p>\n","protected":false},"author":6,"featured_media":0,"parent":82,"menu_order":0,"comment_status":"closed","ping_status":"closed","template":"page-sidemenu","meta":{"_acf_changed":false,"_relevanssi_hide_post":"","_relevanssi_hide_content":"","_relevanssi_pin_for_all":"","_relevanssi_pin_keywords":"","_relevanssi_unpin_keywords":"","_relevanssi_related_keywords":"","_relevanssi_related_include_ids":"","_relevanssi_related_exclude_ids":"","_relevanssi_related_no_append":"","_relevanssi_related_not_related":"","_relevanssi_related_posts":"","_relevanssi_noindex_reason":"","footnotes":""},"page_category":[24],"page_tag":[],"service_status_category":[],"class_list":["post-769","page","type-page","status-publish","hentry"],"acf":[],"lang":"cs","translations":{"cs":769,"en":1320},"pll_sync_post":[],"_links":{"self":[{"href":"https:\/\/o-seznam.cz\/napoveda\/ucet\/wp-json\/wp\/v2\/pages\/769","targetHints":{"allow":["GET"]}}],"collection":[{"href":"https:\/\/o-seznam.cz\/napoveda\/ucet\/wp-json\/wp\/v2\/pages"}],"about":[{"href":"https:\/\/o-seznam.cz\/napoveda\/ucet\/wp-json\/wp\/v2\/types\/page"}],"author":[{"embeddable":true,"href":"https:\/\/o-seznam.cz\/napoveda\/ucet\/wp-json\/wp\/v2\/users\/6"}],"replies":[{"embeddable":true,"href":"https:\/\/o-seznam.cz\/napoveda\/ucet\/wp-json\/wp\/v2\/comments?post=769"}],"version-history":[{"count":21,"href":"https:\/\/o-seznam.cz\/napoveda\/ucet\/wp-json\/wp\/v2\/pages\/769\/revisions"}],"predecessor-version":[{"id":2726,"href":"https:\/\/o-seznam.cz\/napoveda\/ucet\/wp-json\/wp\/v2\/pages\/769\/revisions\/2726"}],"up":[{"embeddable":true,"href":"https:\/\/o-seznam.cz\/napoveda\/ucet\/wp-json\/wp\/v2\/pages\/82"}],"wp:attachment":[{"href":"https:\/\/o-seznam.cz\/napoveda\/ucet\/wp-json\/wp\/v2\/media?parent=769"}],"wp:term":[{"taxonomy":"page_category","embeddable":true,"href":"https:\/\/o-seznam.cz\/napoveda\/ucet\/wp-json\/wp\/v2\/page_category?post=769"},{"taxonomy":"page_tag","embeddable":true,"href":"https:\/\/o-seznam.cz\/napoveda\/ucet\/wp-json\/wp\/v2\/page_tag?post=769"},{"taxonomy":"service_status_category","embeddable":true,"href":"https:\/\/o-seznam.cz\/napoveda\/ucet\/wp-json\/wp\/v2\/service_status_category?post=769"}],"curies":[{"name":"wp","href":"https:\/\/api.w.org\/{rel}","templated":true}]}}