{"id":635,"date":"2024-10-20T13:17:59","date_gmt":"2024-10-20T11:17:59","guid":{"rendered":"https:\/\/o-seznam.cz\/napoveda\/ucet\/?page_id=635"},"modified":"2025-07-22T11:31:14","modified_gmt":"2025-07-22T09:31:14","slug":"obnova-bankid","status":"publish","type":"page","link":"https:\/\/o-seznam.cz\/napoveda\/ucet\/zapomenute-heslo\/jak-na-to\/obnova-bankid\/","title":{"rendered":"Obnova hesla pomoc\u00ed bankovn\u00ed identity"},"content":{"rendered":"\n<div class=\"wp-block-group is-layout-constrained wp-block-group-is-layout-constrained\">\n<p>Tato volba je dostupn\u00e1, pokud je \u00fa\u010det ov\u011b\u0159en\u00fd pomoc\u00ed bankovn\u00ed identity. Ov\u011b\u0159en\u00ed \u00fa\u010dtu bylo mo\u017en\u00e9 prov\u00e9st, dokud jste do \u00fa\u010dtu m\u011bli p\u0159\u00edstup. Abyste mohli tuto mo\u017enost vyu\u017e\u00edt, mus\u00edte m\u00edt nad\u00e1le platnou bankovn\u00ed identitu, kterou jste sv\u016fj \u00fa\u010det ov\u011b\u0159ili, a zn\u00e1t p\u0159ihla\u0161ovac\u00ed \u00fadaje k t\u00e9to identit\u011b.<\/p>\n\n\n\n<p>V\u017edy je nutn\u00e9 vyu\u017e\u00edt bankovn\u00ed identitu vydanou stejnou bankou, kterou jste pou\u017eili k ov\u011b\u0159en\u00ed \u00fa\u010dtu, jinak nebude mo\u017en\u00e9 \u00fa\u010det t\u00edmto zp\u016fsobem zp\u0159\u00edstupnit.<\/p>\n\n\n\n<div class=\"wp-block-seznam-tiles has-columns-2\" style=\"--seznam-tiles--columns:2\"><div class=\"inner-blocks\"><div class=\"block-boxlink\"><a class=\"boxlink boxlink--icon-arrow px-f8 py-f4\" href=\"https:\/\/o-seznam.cz\/napoveda\/ucet\/zapomenute-heslo\/jak-na-to\/\"><div class=\"inner-blocks\">\n\n<p>Zp\u011bt na kroky 1\u20133<\/p>\n\n<\/div><\/a><\/div><\/div><\/div>\n<\/div>\n\n\n\n<div class=\"wp-block-group is-layout-constrained wp-block-group-is-layout-constrained\">\n<h2 class=\"wp-block-heading\">4. Po\u017e\u00e1dejte o ov\u011b\u0159en\u00ed pomoc\u00ed bankovn\u00ed identity<\/h2>\n\n\n\n<ul class=\"wp-block-list\">\n<li>Vyberte zp\u016fsob obnovy p\u0159\u00edstupu Bankovn\u00ed identita.<\/li>\n\n\n\n<li>Klikn\u011bte na tla\u010d\u00edtko Bank ID se dostanete do prost\u0159ed\u00ed BankID, kde se m\u016f\u017eete ov\u011b\u0159it.<\/li>\n<\/ul>\n\n\n\n<div class=\"wp-block-seznam-box is-layout-flow wp-block-seznam-box-is-layout-flow\">\n<p>Pokud je u \u00fa\u010dtu ov\u011b\u0159en\u00e1 bankovn\u00ed identita, ale nem\u016f\u017eete nebo nechcete ji z n\u011bjak\u00e9ho d\u016fvodu vyu\u017e\u00edt, zva\u017ete ostatn\u00ed dostupn\u00e9 zp\u016fsoby obnovy p\u0159\u00edstup k \u00fa\u010dtu, obnovu hesla pomoc\u00ed e-mailu nebo obnovu hesla pomoc\u00ed ov\u011b\u0159en\u00e9ho telefonu, je-li volba p\u0159\u00edtomna. Pokud tuto mo\u017enost nevid\u00edte, bohu\u017eel jin\u00fdm zp\u016fsobem u \u00fa\u010dtu nebude mo\u017en\u00e9 obnovit heslo.<\/p>\n<\/div>\n<\/div>\n\n\n\n<div class=\"wp-block-group is-layout-constrained wp-block-group-is-layout-constrained\">\n<h2 class=\"wp-block-heading\">5. P\u0159ihlaste se svou bankovn\u00ed identitou<\/h2>\n\n\n\n<figure class=\"wp-block-image size-full\"><img decoding=\"async\" src=\"https:\/\/o-seznam.cz\/napoveda\/ucet\/wp-content\/uploads\/sites\/10\/2024\/10\/bank-id-vyber-banky.png\" alt=\"\" class=\"wp-image-568\"\/><\/figure>\n\n\n\n<ul class=\"wp-block-list\">\n<li>V prost\u0159ed\u00ed BankID vyberte banku, kterou chcete ov\u011b\u0159en\u00ed prov\u00e9st<\/li>\n\n\n\n<li>N\u00e1sledn\u011b pokra\u010dujte procesem p\u0159ihl\u00e1\u0161en\u00ed, jak jste u sv\u00e9 banky zvykl\u00ed<\/li>\n\n\n\n<li>B\u011bhem ov\u011b\u0159ov\u00e1n\u00ed v\u00e1s bude va\u0161e banka informovat o \u00fadaj\u00edch, kter\u00e9 spole\u010dnosti Seznam.cz p\u0159ed\u00e1 v r\u00e1mci procesu ov\u011b\u0159en\u00ed \u2013 tato data byla p\u0159ed\u00e1na ji\u017e p\u0159i prvn\u00edm ov\u011b\u0159en\u00ed \u00fa\u010dtu. Pokud nyn\u00ed p\u0159ed\u00e1n\u00ed dat odm\u00edtnete, nebude mo\u017en\u00e9 ov\u011b\u0159en\u00ed dokon\u010dit a p\u0159\u00edstup k \u00fa\u010dtu obnovit<\/li>\n\n\n\n<li>Pokud ov\u011b\u0159en\u00ed potvrd\u00edte a dokon\u010d\u00edte, p\u0159esm\u011bruje v\u00e1s poskytovatel slu\u017eby BankID zp\u011bt na str\u00e1nky Seznamu, kde ji\u017e budete moci nastavit nov\u00e9 heslo<\/li>\n<\/ul>\n<\/div>\n\n\n\n<div class=\"wp-block-group is-layout-constrained wp-block-group-is-layout-constrained\">\n<h2 class=\"wp-block-heading\">6. Nastavte si nov\u00e9 heslo<\/h2>\n\n\n\n<ul class=\"wp-block-list\">\n<li>Nyn\u00ed si m\u016f\u017eete nastavit nov\u00e9 heslo. Dbejte na to, aby bylo dostate\u010dn\u011b siln\u00e9. Doporu\u010dujeme si proj\u00edt z\u00e1sady bezpe\u010dn\u00e9ho hesla<\/li>\n\n\n\n<li>Po\u017eadovan\u00e9 heslo vepi\u0161te dvakr\u00e1t za sebou a ulo\u017ete tla\u010d\u00edtkem Vytvo\u0159it nov\u00e9 heslo<\/li>\n\n\n\n<li>Mo\u017enost \u201eP\u0159ihl\u00e1sit se bez zm\u011bny hesla\u201c slou\u017e\u00ed pro v\u00fdjime\u010dn\u00e9 p\u0159\u00edpady, kdy jste si naprosto jist\u00ed \u017ee heslo zn\u00e1te (nap\u0159. jej m\u00e1te ulo\u017eeno ve spr\u00e1vci hesel) a nem\u016f\u017ee b\u00fdt zneu\u017eito. V ka\u017ed\u00e9m p\u0159\u00edpad\u011b d\u016frazn\u011b doporu\u010dujeme v\u017edy po obnov\u011b p\u0159\u00edstupu heslo zm\u011bnit a udr\u017eet tak \u00fa\u010det chr\u00e1n\u011bn\u00fd p\u0159ed neopr\u00e1vn\u011bn\u00fdm p\u0159\u00edstupem<\/li>\n\n\n\n<li>T\u00edmto je va\u0161e nov\u00e9 heslo ulo\u017eeno. Tla\u010d\u00edtkem P\u0159ej\u00edt na p\u0159ihl\u00e1\u0161en\u00ed se p\u0159esunete do p\u0159ihla\u0161ovac\u00edho formul\u00e1\u0159e, kde se m\u016f\u017eete p\u0159ihl\u00e1sit pr\u00e1v\u011b vytvo\u0159en\u00fdm heslem<\/li>\n<\/ul>\n\n\n\n<figure class=\"wp-block-image size-full is-resized\"><img loading=\"lazy\" decoding=\"async\" width=\"429\" height=\"387\" src=\"https:\/\/o-seznam.cz\/napoveda\/ucet\/wp-content\/uploads\/sites\/10\/2025\/07\/obnova-email-step3-1.png\" alt=\"\" class=\"wp-image-2292\" style=\"width:318px;height:auto\" srcset=\"https:\/\/o-seznam.cz\/napoveda\/ucet\/wp-content\/uploads\/sites\/10\/2025\/07\/obnova-email-step3-1.png 429w, https:\/\/o-seznam.cz\/napoveda\/ucet\/wp-content\/uploads\/sites\/10\/2025\/07\/obnova-email-step3-1-320x289.png 320w\" sizes=\"auto, (max-width: 429px) 100vw, 429px\" \/><\/figure>\n<\/div>\n\n\n\n<div class=\"wp-block-group is-layout-constrained wp-block-group-is-layout-constrained\">\n<h2 class=\"wp-block-heading\">U\u017eite\u010dn\u00e9 odkazy<\/h2>\n\n\n\n<div class=\"wp-block-columns is-layout-flex wp-container-core-columns-is-layout-28f84493 wp-block-columns-is-layout-flex\">\n<div class=\"wp-block-column is-layout-flow wp-block-column-is-layout-flow\">\n<div class=\"wp-block-seznam-tiles has-columns-2\" style=\"--seznam-tiles--columns:2\"><div class=\"inner-blocks\"><div class=\"block-boxlink\"><a class=\"boxlink boxlink--icon-arrow px-f8 py-f4\" href=\"https:\/\/o-seznam.cz\/napoveda\/ucet\/zabezpeceni-uctu\/bezpecne-heslo\/\"><div class=\"inner-blocks\">\n\n<p>Bezpe\u010dn\u00e9 heslo k \u00fa\u010dtu<\/p>\n\n<\/div><\/a><\/div><\/div><\/div>\n<\/div>\n\n\n\n<div class=\"wp-block-column is-layout-flow wp-block-column-is-layout-flow\">\n<div class=\"wp-block-seznam-tiles has-columns-2\" style=\"--seznam-tiles--columns:2\"><div class=\"inner-blocks\"><div class=\"block-boxlink\"><a class=\"boxlink boxlink--icon-arrow px-f8 py-f4\" href=\"https:\/\/o-seznam.cz\/napoveda\/ucet\/zasady-bezpecnosti\/bezpecne-chovani\/\"><div class=\"inner-blocks\">\n\n<p>Bezpe\u010dn\u00e9 chov\u00e1n\u00ed na internetu<\/p>\n\n<\/div><\/a><\/div><\/div><\/div>\n<\/div>\n<\/div>\n\n\n\n<div class=\"wp-block-seznam-tiles has-columns-2\" style=\"--seznam-tiles--columns:2\"><div class=\"inner-blocks\"><div class=\"block-boxlink\"><a class=\"boxlink boxlink--icon-arrow px-f8 py-f4\" href=\"https:\/\/o-seznam.cz\/napoveda\/ucet\/overeni-uctu\/bankovni-identita\/\"><div class=\"inner-blocks\">\n\n<p>Ov\u011b\u0159en\u00ed \u00fa\u010dtu bankovn\u00ed identitou<\/p>\n\n<\/div><\/a><\/div><\/div><\/div>\n<\/div>\n","protected":false},"excerpt":{"rendered":"<p>Tato volba je dostupn\u00e1, pokud je \u00fa\u010det ov\u011b\u0159en\u00fd pomoc\u00ed bankovn\u00ed identity. Ov\u011b\u0159en\u00ed \u00fa\u010dtu bylo mo\u017en\u00e9 prov\u00e9st, dokud jste do \u00fa\u010dtu m\u011bli p\u0159\u00edstup. Abyste mohli tuto mo\u017enost vyu\u017e\u00edt, mus\u00edte m\u00edt nad\u00e1le platnou bankovn\u00ed identitu, kterou jste sv\u016fj \u00fa\u010det ov\u011b\u0159ili, a zn\u00e1t p\u0159ihla\u0161ovac\u00ed \u00fadaje k t\u00e9to identit\u011b. V\u017edy je nutn\u00e9 vyu\u017e\u00edt bankovn\u00ed identitu vydanou stejnou bankou, kterou [&hellip;]<\/p>\n","protected":false},"author":6,"featured_media":0,"parent":153,"menu_order":0,"comment_status":"closed","ping_status":"closed","template":"page-sidemenu","meta":{"_acf_changed":false,"_relevanssi_hide_post":"","_relevanssi_hide_content":"","_relevanssi_pin_for_all":"","_relevanssi_pin_keywords":"","_relevanssi_unpin_keywords":"","_relevanssi_related_keywords":"","_relevanssi_related_include_ids":"","_relevanssi_related_exclude_ids":"","_relevanssi_related_no_append":"","_relevanssi_related_not_related":"","_relevanssi_related_posts":"","_relevanssi_noindex_reason":"","footnotes":""},"page_category":[24],"page_tag":[],"service_status_category":[],"class_list":["post-635","page","type-page","status-publish","hentry"],"acf":[],"lang":"cs","translations":{"cs":635,"en":2011},"pll_sync_post":[],"_links":{"self":[{"href":"https:\/\/o-seznam.cz\/napoveda\/ucet\/wp-json\/wp\/v2\/pages\/635","targetHints":{"allow":["GET"]}}],"collection":[{"href":"https:\/\/o-seznam.cz\/napoveda\/ucet\/wp-json\/wp\/v2\/pages"}],"about":[{"href":"https:\/\/o-seznam.cz\/napoveda\/ucet\/wp-json\/wp\/v2\/types\/page"}],"author":[{"embeddable":true,"href":"https:\/\/o-seznam.cz\/napoveda\/ucet\/wp-json\/wp\/v2\/users\/6"}],"replies":[{"embeddable":true,"href":"https:\/\/o-seznam.cz\/napoveda\/ucet\/wp-json\/wp\/v2\/comments?post=635"}],"version-history":[{"count":4,"href":"https:\/\/o-seznam.cz\/napoveda\/ucet\/wp-json\/wp\/v2\/pages\/635\/revisions"}],"predecessor-version":[{"id":2293,"href":"https:\/\/o-seznam.cz\/napoveda\/ucet\/wp-json\/wp\/v2\/pages\/635\/revisions\/2293"}],"up":[{"embeddable":true,"href":"https:\/\/o-seznam.cz\/napoveda\/ucet\/wp-json\/wp\/v2\/pages\/153"}],"wp:attachment":[{"href":"https:\/\/o-seznam.cz\/napoveda\/ucet\/wp-json\/wp\/v2\/media?parent=635"}],"wp:term":[{"taxonomy":"page_category","embeddable":true,"href":"https:\/\/o-seznam.cz\/napoveda\/ucet\/wp-json\/wp\/v2\/page_category?post=635"},{"taxonomy":"page_tag","embeddable":true,"href":"https:\/\/o-seznam.cz\/napoveda\/ucet\/wp-json\/wp\/v2\/page_tag?post=635"},{"taxonomy":"service_status_category","embeddable":true,"href":"https:\/\/o-seznam.cz\/napoveda\/ucet\/wp-json\/wp\/v2\/service_status_category?post=635"}],"curies":[{"name":"wp","href":"https:\/\/api.w.org\/{rel}","templated":true}]}}