{"id":629,"date":"2024-10-20T13:19:56","date_gmt":"2024-10-20T11:19:56","guid":{"rendered":"https:\/\/o-seznam.cz\/napoveda\/ucet\/?page_id=629"},"modified":"2025-12-01T11:48:10","modified_gmt":"2025-12-01T10:48:10","slug":"obnova-telefon","status":"publish","type":"page","link":"https:\/\/o-seznam.cz\/napoveda\/ucet\/zapomenute-heslo\/jak-na-to\/obnova-telefon\/","title":{"rendered":"Obnova hesla pomoc\u00ed telefonu"},"content":{"rendered":"\n<div class=\"wp-block-group is-layout-constrained wp-block-group-is-layout-constrained\">\n<p>Tato volba je dostupn\u00e1, pokud m\u00e1 \u00fa\u010det nastavenou ov\u011b\u0159enou z\u00e1chrann\u00e9 telefonn\u00ed \u010d\u00edslo. To bylo mo\u017en\u00e9 nastavit v \u00da\u010dtu, dokud jste do \u00fa\u010dtu m\u011bli p\u0159\u00edstup. Abyste mohli tuto mo\u017enost vyu\u017e\u00edt, mus\u00edte m\u00edt mo\u017enost na tomto telefonn\u00edm \u010d\u00edslo p\u0159ijmout a p\u0159e\u010d\u00edst SMS \u2013 za\u0161leme v\u00e1m na n\u011bj PIN pro ov\u011b\u0159en\u00ed.<\/p>\n\n\n\n<div class=\"wp-block-seznam-tiles has-columns-2\" style=\"--seznam-tiles--columns:2\"><div class=\"inner-blocks\"><div class=\"block-boxlink\"><a class=\"boxlink boxlink--icon-arrow px-f8 py-f4\" href=\"https:\/\/o-seznam.cz\/napoveda\/ucet\/zapomenute-heslo\/jak-na-to\/\"><div class=\"inner-blocks\">\n\n<p>Zp\u011bt na kroky 1\u20133<\/p>\n\n<\/div><\/a><\/div><\/div><\/div>\n<\/div>\n\n\n\n<div class=\"wp-block-group is-layout-constrained wp-block-group-is-layout-constrained\">\n<h2 class=\"wp-block-heading\">4. Po\u017e\u00e1dejte o zasl\u00e1n\u00ed SMS pro obnovu hesla na ov\u011b\u0159en\u00fd telefon<\/h2>\n\n\n\n<ul class=\"wp-block-list\">\n<li>Vyberte zp\u016fsob obnovy p\u0159\u00edstupu telefonem<\/li>\n\n\n\n<li>V dal\u0161\u00edm kroku je v\u00e1m napov\u011bzen konec telefonn\u00edho \u010d\u00edsla, kam v\u00e1m po\u0161leme SMS s PIN k\u00f3dem. Do pr\u00e1zdn\u00e9ho pole zadejte prvn\u00edch 6 \u010d\u00edslic tohoto \u010d\u00edsla<\/li>\n\n\n\n<li>Klikn\u011bte na tla\u010d\u00edtko \u201ePokra\u010dovat\u201c. Dostanete se na dal\u0161\u00ed str\u00e1nku<\/li>\n<\/ul>\n\n\n\n<figure class=\"wp-block-image size-full\"><img loading=\"lazy\" decoding=\"async\" width=\"428\" height=\"394\" src=\"https:\/\/o-seznam.cz\/napoveda\/ucet\/wp-content\/uploads\/sites\/10\/2025\/07\/obnova-cislo-step1.png\" alt=\"\" class=\"wp-image-2298\" srcset=\"https:\/\/o-seznam.cz\/napoveda\/ucet\/wp-content\/uploads\/sites\/10\/2025\/07\/obnova-cislo-step1.png 428w, https:\/\/o-seznam.cz\/napoveda\/ucet\/wp-content\/uploads\/sites\/10\/2025\/07\/obnova-cislo-step1-320x295.png 320w\" sizes=\"auto, (max-width: 428px) 100vw, 428px\" \/><\/figure>\n\n\n\n<div class=\"wp-block-seznam-box is-layout-flow wp-block-seznam-box-is-layout-flow\">\n<p>Zobrazujeme \u010d\u00edslo, kter\u00e9 je u \u00fa\u010dtu nastaven\u00e9 jako ov\u011b\u0159en\u00e9. Na jin\u00e9 telefonn\u00ed \u010d\u00edslo SMS nelze odeslat. Nem\u00e1te-li toto \u010d\u00edslo, p\u0159epn\u011bte se na obnovu hesla pomoc\u00ed e-mailu nebo obnovu hesla pomoc\u00ed bankovn\u00ed identity, je-li volba p\u0159\u00edtomna. Pokud tuto mo\u017enost nevid\u00edte, bohu\u017eel u \u00fa\u010dtu nebude mo\u017en\u00e9 obnovit heslo.<\/p>\n<\/div>\n<\/div>\n\n\n\n<div class=\"wp-block-group is-layout-constrained wp-block-group-is-layout-constrained\">\n<h2 class=\"wp-block-heading\">&nbsp;5. Opi\u0161te PIN k\u00f3d z SMS<\/h2>\n\n\n\n<figure class=\"wp-block-image size-full\"><img loading=\"lazy\" decoding=\"async\" width=\"400\" height=\"191\" src=\"https:\/\/o-seznam.cz\/napoveda\/ucet\/wp-content\/uploads\/sites\/10\/2024\/10\/3-obnova-telefonem-sms.png\" alt=\"\" class=\"wp-image-631\" srcset=\"https:\/\/o-seznam.cz\/napoveda\/ucet\/wp-content\/uploads\/sites\/10\/2024\/10\/3-obnova-telefonem-sms.png 400w, https:\/\/o-seznam.cz\/napoveda\/ucet\/wp-content\/uploads\/sites\/10\/2024\/10\/3-obnova-telefonem-sms-320x153.png 320w\" sizes=\"auto, (max-width: 400px) 100vw, 400px\" \/><\/figure>\n\n\n\n<ul class=\"wp-block-list\">\n<li>Na uveden\u00e9 telefonn\u00ed \u010d\u00edslo za chv\u00edli doraz\u00ed SMS s autoriza\u010dn\u00edm PIN k\u00f3dem<\/li>\n\n\n\n<li>Opi\u0161te autoriza\u010dn\u00ed k\u00f3d z SMS zpr\u00e1vy do formul\u00e1\u0159e pro obnovu hesla<\/li>\n\n\n\n<li>Potvr\u010fte tla\u010d\u00edtkem \u201eOdeslat\u201c<\/li>\n<\/ul>\n\n\n\n<figure class=\"wp-block-image size-full is-resized\"><img loading=\"lazy\" decoding=\"async\" width=\"493\" height=\"388\" src=\"https:\/\/o-seznam.cz\/napoveda\/ucet\/wp-content\/uploads\/sites\/10\/2025\/11\/ziskat-kod-recover-1.png\" alt=\"\" class=\"wp-image-2684\" style=\"width:391px;height:auto\" srcset=\"https:\/\/o-seznam.cz\/napoveda\/ucet\/wp-content\/uploads\/sites\/10\/2025\/11\/ziskat-kod-recover-1.png 493w, https:\/\/o-seznam.cz\/napoveda\/ucet\/wp-content\/uploads\/sites\/10\/2025\/11\/ziskat-kod-recover-1-320x252.png 320w\" sizes=\"auto, (max-width: 493px) 100vw, 493px\" \/><\/figure>\n\n\n\n<div class=\"wp-block-seznam-box is-layout-flow wp-block-seznam-box-is-layout-flow\">\n<p>Na konci SMS zpr\u00e1vy m\u016f\u017eete vid\u011bt PIN k\u00f3d znovu i se znakem #. Znak # (k\u0159\u00ed\u017eku) <strong>nen\u00ed<\/strong> sou\u010d\u00e1st\u00ed autoriza\u010dn\u00edho PIN k\u00f3du, opi\u0161te pros\u00edm pouze \u010d\u00e1st s p\u00edsmeny a \u010d\u00edslicemi.  <\/p>\n<\/div>\n<\/div>\n\n\n\n<div class=\"wp-block-group is-layout-constrained wp-block-group-is-layout-constrained\">\n<h2 class=\"wp-block-heading\">&nbsp;6. Nastavte si nov\u00e9 heslo<\/h2>\n\n\n\n<ul class=\"wp-block-list\">\n<li>Pokud jste zadali k\u00f3d spr\u00e1vn\u011b, m\u016f\u017eete si nastavit nov\u00e9 heslo. Dbejte na to, aby bylo dostate\u010dn\u011b siln\u00e9. Doporu\u010dujeme si proj\u00edt z\u00e1sady bezpe\u010dn\u00e9ho hesla<\/li>\n\n\n\n<li>Po\u017eadovan\u00e9 heslo vepi\u0161te dvakr\u00e1t za sebou a ulo\u017ete tla\u010d\u00edtkem Vytvo\u0159it nov\u00e9 heslo<\/li>\n\n\n\n<li>Mo\u017enost \u201eP\u0159ihl\u00e1sit bez zm\u011bny hesla\u201c slou\u017e\u00ed pro v\u00fdjime\u010dn\u00e9 p\u0159\u00edpady, kdy jste si naprosto jist\u00ed \u017ee heslo zn\u00e1te (nap\u0159. jej m\u00e1te ulo\u017eeno ve spr\u00e1vci hesel) a nem\u016f\u017ee b\u00fdt zneu\u017eito. D\u016frazn\u011b doporu\u010dujeme v\u017edy po obnov\u011b p\u0159\u00edstupu heslo zm\u011bnit a dr\u017eet tak \u00fa\u010det chr\u00e1n\u011bn\u00fd p\u0159ed neopr\u00e1vn\u011bn\u00fdm p\u0159\u00edstupem.\n<ul class=\"wp-block-list\">\n<li>p\u0159i vyu\u017e\u00edt\u00ed &#8222;P\u0159ihl\u00e1\u0161it bez zm\u011bny hesla&#8220; v\u00e1m za\u0161leme email o t\u00e9to akci s informacemi o za\u0159\u00edzen\u00ed, \u010dasu a m\u00edst\u011b tohoto p\u0159ihl\u00e1\u0161en\u00ed<\/li>\n<\/ul>\n<\/li>\n\n\n\n<li>T\u00edmto je va\u0161e nov\u00e9 heslo ulo\u017eeno. Tla\u010d\u00edtkem P\u0159ej\u00edt na p\u0159ihl\u00e1\u0161en\u00ed se p\u0159esunete do p\u0159ihla\u0161ovac\u00edho formul\u00e1\u0159e, kde se m\u016f\u017eete p\u0159ihl\u00e1sit pr\u00e1v\u011b vytvo\u0159en\u00fdm heslem<\/li>\n<\/ul>\n\n\n\n<figure class=\"wp-block-image size-full is-resized\"><img loading=\"lazy\" decoding=\"async\" width=\"429\" height=\"387\" src=\"https:\/\/o-seznam.cz\/napoveda\/ucet\/wp-content\/uploads\/sites\/10\/2025\/07\/obnova-email-step3-4.png\" alt=\"\" class=\"wp-image-2300\" style=\"width:379px;height:auto\" srcset=\"https:\/\/o-seznam.cz\/napoveda\/ucet\/wp-content\/uploads\/sites\/10\/2025\/07\/obnova-email-step3-4.png 429w, https:\/\/o-seznam.cz\/napoveda\/ucet\/wp-content\/uploads\/sites\/10\/2025\/07\/obnova-email-step3-4-320x289.png 320w\" sizes=\"auto, (max-width: 429px) 100vw, 429px\" \/><\/figure>\n<\/div>\n\n\n\n<div class=\"wp-block-group is-layout-constrained wp-block-group-is-layout-constrained\">\n<h2 class=\"wp-block-heading\">U\u017eite\u010dn\u00e9 odkazy<\/h2>\n\n\n\n<div class=\"wp-block-columns is-layout-flex wp-container-core-columns-is-layout-28f84493 wp-block-columns-is-layout-flex\">\n<div class=\"wp-block-column is-layout-flow wp-block-column-is-layout-flow\">\n<div class=\"wp-block-seznam-tiles has-columns-2\" style=\"--seznam-tiles--columns:2\"><div class=\"inner-blocks\"><div class=\"block-boxlink\"><a class=\"boxlink boxlink--icon-arrow px-f8 py-f4\" href=\"https:\/\/o-seznam.cz\/napoveda\/ucet\/zabezpeceni-uctu\/bezpecne-heslo\/\"><div class=\"inner-blocks\">\n\n<p>Bezpe\u010dn\u00e9 heslo k \u00fa\u010dtu<\/p>\n\n<\/div><\/a><\/div><\/div><\/div>\n<\/div>\n\n\n\n<div class=\"wp-block-column is-layout-flow wp-block-column-is-layout-flow\">\n<div class=\"wp-block-seznam-tiles has-columns-2\" style=\"--seznam-tiles--columns:2\"><div class=\"inner-blocks\"><div class=\"block-boxlink\"><a class=\"boxlink boxlink--icon-arrow px-f8 py-f4\" href=\"https:\/\/o-seznam.cz\/napoveda\/ucet\/zasady-bezpecnosti\/bezpecne-chovani\/\"><div class=\"inner-blocks\">\n\n<p>Bezpe\u010dn\u00e9 chov\u00e1n\u00ed na internetu<\/p>\n\n<\/div><\/a><\/div><\/div><\/div>\n<\/div>\n<\/div>\n<\/div>\n","protected":false},"excerpt":{"rendered":"<p>Tato volba je dostupn\u00e1, pokud m\u00e1 \u00fa\u010det nastavenou ov\u011b\u0159enou z\u00e1chrann\u00e9 telefonn\u00ed \u010d\u00edslo. To bylo mo\u017en\u00e9 nastavit v \u00da\u010dtu, dokud jste do \u00fa\u010dtu m\u011bli p\u0159\u00edstup. Abyste mohli tuto mo\u017enost vyu\u017e\u00edt, mus\u00edte m\u00edt mo\u017enost na tomto telefonn\u00edm \u010d\u00edslo p\u0159ijmout a p\u0159e\u010d\u00edst SMS \u2013 za\u0161leme v\u00e1m na n\u011bj PIN pro ov\u011b\u0159en\u00ed. 4. Po\u017e\u00e1dejte o zasl\u00e1n\u00ed SMS pro obnovu [&hellip;]<\/p>\n","protected":false},"author":6,"featured_media":0,"parent":153,"menu_order":0,"comment_status":"closed","ping_status":"closed","template":"page-sidemenu","meta":{"_acf_changed":false,"_relevanssi_hide_post":"","_relevanssi_hide_content":"","_relevanssi_pin_for_all":"","_relevanssi_pin_keywords":"","_relevanssi_unpin_keywords":"","_relevanssi_related_keywords":"","_relevanssi_related_include_ids":"","_relevanssi_related_exclude_ids":"","_relevanssi_related_no_append":"","_relevanssi_related_not_related":"","_relevanssi_related_posts":"","_relevanssi_noindex_reason":"","footnotes":""},"page_category":[24],"page_tag":[],"service_status_category":[],"class_list":["post-629","page","type-page","status-publish","hentry"],"acf":[],"lang":"cs","translations":{"cs":629,"en":2018},"pll_sync_post":[],"_links":{"self":[{"href":"https:\/\/o-seznam.cz\/napoveda\/ucet\/wp-json\/wp\/v2\/pages\/629","targetHints":{"allow":["GET"]}}],"collection":[{"href":"https:\/\/o-seznam.cz\/napoveda\/ucet\/wp-json\/wp\/v2\/pages"}],"about":[{"href":"https:\/\/o-seznam.cz\/napoveda\/ucet\/wp-json\/wp\/v2\/types\/page"}],"author":[{"embeddable":true,"href":"https:\/\/o-seznam.cz\/napoveda\/ucet\/wp-json\/wp\/v2\/users\/6"}],"replies":[{"embeddable":true,"href":"https:\/\/o-seznam.cz\/napoveda\/ucet\/wp-json\/wp\/v2\/comments?post=629"}],"version-history":[{"count":5,"href":"https:\/\/o-seznam.cz\/napoveda\/ucet\/wp-json\/wp\/v2\/pages\/629\/revisions"}],"predecessor-version":[{"id":2756,"href":"https:\/\/o-seznam.cz\/napoveda\/ucet\/wp-json\/wp\/v2\/pages\/629\/revisions\/2756"}],"up":[{"embeddable":true,"href":"https:\/\/o-seznam.cz\/napoveda\/ucet\/wp-json\/wp\/v2\/pages\/153"}],"wp:attachment":[{"href":"https:\/\/o-seznam.cz\/napoveda\/ucet\/wp-json\/wp\/v2\/media?parent=629"}],"wp:term":[{"taxonomy":"page_category","embeddable":true,"href":"https:\/\/o-seznam.cz\/napoveda\/ucet\/wp-json\/wp\/v2\/page_category?post=629"},{"taxonomy":"page_tag","embeddable":true,"href":"https:\/\/o-seznam.cz\/napoveda\/ucet\/wp-json\/wp\/v2\/page_tag?post=629"},{"taxonomy":"service_status_category","embeddable":true,"href":"https:\/\/o-seznam.cz\/napoveda\/ucet\/wp-json\/wp\/v2\/service_status_category?post=629"}],"curies":[{"name":"wp","href":"https:\/\/api.w.org\/{rel}","templated":true}]}}