{"id":623,"date":"2024-10-20T13:21:07","date_gmt":"2024-10-20T11:21:07","guid":{"rendered":"https:\/\/o-seznam.cz\/napoveda\/ucet\/?page_id=623"},"modified":"2025-07-17T15:53:29","modified_gmt":"2025-07-17T13:53:29","slug":"obnova-email","status":"publish","type":"page","link":"https:\/\/o-seznam.cz\/napoveda\/ucet\/zapomenute-heslo\/jak-na-to\/obnova-email\/","title":{"rendered":"Obnova hesla pomoc\u00ed e-mailu"},"content":{"rendered":"\n<div class=\"wp-block-group is-layout-constrained wp-block-group-is-layout-constrained\">\n<p>Tato volba je dostupn\u00e1, pokud byla u \u00fa\u010dtu v minulosti nastavena <a href=\"https:\/\/o-seznam.cz\/napoveda\/ucet\/zabezpeceni-uctu\/zachranny-email\/\" data-type=\"page\" data-id=\"141\">ov\u011b\u0159en\u00e1 z\u00e1chrann\u00e1 e-mailov\u00e1 adresa<\/a>.<\/p>\n\n\n\n<p>Abyste mohli tuto mo\u017enost obnovy p\u0159\u00edstupu vyu\u017e\u00edt, mus\u00edte m\u00edt k z\u00e1chrann\u00e9 e-mailov\u00e9 adrese p\u0159\u00edstup \u2013 za\u0161leme v\u00e1m na ni autoriza\u010dn\u00ed k\u00f3d pro nastaven\u00ed nov\u00e9ho hesla.<\/p>\n\n\n\n<div class=\"wp-block-seznam-tiles has-columns-2\" style=\"--seznam-tiles--columns:2\"><div class=\"inner-blocks\"><div class=\"block-boxlink\"><a class=\"boxlink boxlink--icon-arrow px-f8 py-f4\" href=\"https:\/\/o-seznam.cz\/napoveda\/ucet\/zapomenute-heslo\/jak-na-to\/\"><div class=\"inner-blocks\">\n\n<p>Zp\u011bt na kroky 1\u20133<\/p>\n\n<\/div><\/a><\/div><\/div><\/div>\n<\/div>\n\n\n\n<div class=\"wp-block-group is-layout-constrained wp-block-group-is-layout-constrained\">\n<h2 class=\"wp-block-heading\">4. Nechte si zaslat k\u00f3d pro obnovu hesla na z\u00e1chrann\u00fd e-mail<\/h2>\n\n\n\n<ul class=\"wp-block-list\">\n<li>Vyberte zp\u016fsob obnovy p\u0159\u00edstupu e-mailem<\/li>\n\n\n\n<li>V dal\u0161\u00edm kroku je v\u00e1m napov\u011bzena e-mailov\u00e1 adresa, na kterou za\u0161leme k\u00f3d pro nastaven\u00ed nov\u00e9ho hesla. Pr\u00e1v\u011b tuto adresu m\u00e1 \u00fa\u010det nastavenou jako ov\u011b\u0159enou, jinou nelze pou\u017e\u00edt<\/li>\n\n\n\n<li>Klikn\u011bte na tla\u010d\u00edtko \u201ePokra\u010dovat\u201c<\/li>\n\n\n\n<li>Za chv\u00edli na uvedenou e-mailovou adresu doraz\u00ed zpr\u00e1va \u201eAutoriza\u010dn\u00ed k\u00f3d pro\u2026\u201c<\/li>\n<\/ul>\n\n\n\n<figure class=\"wp-block-image size-full is-resized\"><img loading=\"lazy\" decoding=\"async\" width=\"443\" height=\"348\" src=\"https:\/\/o-seznam.cz\/napoveda\/ucet\/wp-content\/uploads\/sites\/10\/2025\/07\/obnova-email.png\" alt=\"\" class=\"wp-image-2229\" style=\"width:328px;height:auto\" srcset=\"https:\/\/o-seznam.cz\/napoveda\/ucet\/wp-content\/uploads\/sites\/10\/2025\/07\/obnova-email.png 443w, https:\/\/o-seznam.cz\/napoveda\/ucet\/wp-content\/uploads\/sites\/10\/2025\/07\/obnova-email-320x251.png 320w\" sizes=\"auto, (max-width: 443px) 100vw, 443px\" \/><\/figure>\n\n\n\n<div class=\"wp-block-seznam-box is-layout-flow wp-block-seznam-box-is-layout-flow\">\n<p>Nem\u016f\u017eete adresu poznat? Nem\u00e1te k n\u00ed p\u0159\u00edstup?&nbsp;<\/p>\n\n\n\n<p>Bohu\u017eel v takov\u00e9m p\u0159\u00edpad\u011b e-mailem heslo neobnov\u00edte. Vid\u00edte-li mo\u017enost p\u0159epnout na obnovu&nbsp;pomoc\u00ed telefonu&nbsp;nebo&nbsp;bankovn\u00ed identity, vyzkou\u0161ejte tyto varianty&nbsp;s obnovou hesla p\u0159es SMS nebo pomoc\u00ed BankID. Pokud obnovu p\u0159es telefon nevid\u00edte, \u00fa\u010det nem\u00e1 nastaven\u00e9 ov\u011b\u0159en\u00e9 telefonn\u00ed \u010d\u00edslo ani ov\u011b\u0159enou bankovn\u00ed identitu a heslo&nbsp;bohu\u017eel nep\u016fjde obnovit.<br><\/p>\n<\/div>\n<\/div>\n\n\n\n<div class=\"wp-block-group is-layout-constrained wp-block-group-is-layout-constrained\">\n<h2 class=\"wp-block-heading\">5. Otev\u0159ete e-mail pro obnovu hesla, kter\u00fd v\u00e1m p\u0159i\u0161el<\/h2>\n\n\n\n<ul class=\"wp-block-list\">\n<li>Neopou\u0161t\u011bjte str\u00e1nku s obnovovac\u00edm formul\u00e1\u0159em <\/li>\n\n\n\n<li>Schr\u00e1nku, kterou jste identifikovali jako svou ov\u011b\u0159enou a kam jsme v\u00e1m poslali e-mail, si pros\u00edm otev\u0159ete v nov\u00e9 z\u00e1lo\u017ece prohl\u00ed\u017ee\u010de nebo na jin\u00e9m za\u0159\u00edzen\u00ed<\/li>\n\n\n\n<li>Otev\u0159ete si do\u0161l\u00fd e-mail \u201eAutoriza\u010dn\u00ed k\u00f3d pro\u2026\u201c<\/li>\n<\/ul>\n\n\n\n<figure class=\"wp-block-image size-full is-resized\"><img loading=\"lazy\" decoding=\"async\" width=\"1101\" height=\"339\" src=\"https:\/\/o-seznam.cz\/napoveda\/ucet\/wp-content\/uploads\/sites\/10\/2025\/03\/recovery-email.png\" alt=\"\" class=\"wp-image-1286\" style=\"width:828px;height:auto\" srcset=\"https:\/\/o-seznam.cz\/napoveda\/ucet\/wp-content\/uploads\/sites\/10\/2025\/03\/recovery-email.png 1101w, https:\/\/o-seznam.cz\/napoveda\/ucet\/wp-content\/uploads\/sites\/10\/2025\/03\/recovery-email-992x305.png 992w, https:\/\/o-seznam.cz\/napoveda\/ucet\/wp-content\/uploads\/sites\/10\/2025\/03\/recovery-email-320x99.png 320w, https:\/\/o-seznam.cz\/napoveda\/ucet\/wp-content\/uploads\/sites\/10\/2025\/03\/recovery-email-768x236.png 768w\" sizes=\"auto, (max-width: 1101px) 100vw, 1101px\" \/><\/figure>\n<\/div>\n\n\n\n<ul class=\"wp-block-list\">\n<li>Zkop\u00edrujte \u010di opi\u0161te zaslan\u00fd k\u00f3d do pole Autoriza\u010dn\u00ed k\u00f3d na str\u00e1nce s obnovovac\u00edm formul\u00e1\u0159em a stiskn\u011bte Pokra\u010dovat<\/li>\n<\/ul>\n\n\n\n<figure class=\"wp-block-image size-full is-resized\"><img loading=\"lazy\" decoding=\"async\" width=\"509\" height=\"401\" src=\"https:\/\/o-seznam.cz\/napoveda\/ucet\/wp-content\/uploads\/sites\/10\/2025\/07\/obnova-email-step2.png\" alt=\"\" class=\"wp-image-2256\" style=\"width:278px;height:auto\" srcset=\"https:\/\/o-seznam.cz\/napoveda\/ucet\/wp-content\/uploads\/sites\/10\/2025\/07\/obnova-email-step2.png 509w, https:\/\/o-seznam.cz\/napoveda\/ucet\/wp-content\/uploads\/sites\/10\/2025\/07\/obnova-email-step2-320x252.png 320w\" sizes=\"auto, (max-width: 509px) 100vw, 509px\" \/><\/figure>\n\n\n\n<div class=\"wp-block-group is-layout-constrained wp-block-group-is-layout-constrained\">\n<h2 class=\"wp-block-heading\">&nbsp;6. Nastavte si nov\u00e9 heslo<\/h2>\n\n\n\n<ul class=\"wp-block-list\">\n<li>Po stisknut\u00ed tla\u010d\u00edtka Pokra\u010dovat se na str\u00e1nce zobraz\u00ed pole, kde si m\u016f\u017eete nastavit sv\u00e9 nov\u00e9 heslo. Dbejte na to, aby bylo dostate\u010dn\u011b siln\u00e9. Doporu\u010dujeme si proj\u00edt <a href=\"https:\/\/o-seznam.cz\/napoveda\/ucet\/zasady-bezpecnosti\/bezpecne-heslo\/\" data-type=\"page\" data-id=\"237\">z\u00e1sady bezpe\u010dn\u00e9ho hesla<\/a><\/li>\n\n\n\n<li>Po\u017eadovan\u00e9 heslo vepi\u0161te dvakr\u00e1t za sebou a ulo\u017ete tla\u010d\u00edtkem Vytvo\u0159it nov\u00e9 heslo<\/li>\n\n\n\n<li>Mo\u017enost \u201eP\u0159ihl\u00e1sit se bez zm\u011bny hesla\u201c slou\u017e\u00ed pro v\u00fdjime\u010dn\u00e9 p\u0159\u00edpady, kdy jste si naprosto jist\u00ed \u017ee heslo zn\u00e1te (nap\u0159. jej m\u00e1te ulo\u017eeno ve spr\u00e1vci hesel) a nem\u016f\u017ee b\u00fdt zneu\u017eito. V ka\u017ed\u00e9m p\u0159\u00edpad\u011b d\u016frazn\u011b doporu\u010dujeme v\u017edy po obnov\u011b p\u0159\u00edstupu heslo zm\u011bnit a udr\u017eet tak \u00fa\u010det chr\u00e1n\u011bn\u00fd p\u0159ed neopr\u00e1vn\u011bn\u00fdm p\u0159\u00edstupem<\/li>\n\n\n\n<li>T\u00edm je nov\u00e9 heslo nastaveno. Tla\u010d\u00edtkem P\u0159ej\u00edt na p\u0159ihl\u00e1\u0161en\u00ed se p\u0159esunete do p\u0159ihla\u0161ovac\u00edho formul\u00e1\u0159e, kde se m\u016f\u017eete p\u0159ihl\u00e1sit pr\u00e1v\u011b vytvo\u0159en\u00fdm heslem<\/li>\n<\/ul>\n\n\n\n<figure class=\"wp-block-image size-full is-resized\"><img loading=\"lazy\" decoding=\"async\" width=\"429\" height=\"387\" src=\"https:\/\/o-seznam.cz\/napoveda\/ucet\/wp-content\/uploads\/sites\/10\/2025\/07\/obnova-email-step3.png\" alt=\"\" class=\"wp-image-2255\" style=\"width:301px;height:auto\" srcset=\"https:\/\/o-seznam.cz\/napoveda\/ucet\/wp-content\/uploads\/sites\/10\/2025\/07\/obnova-email-step3.png 429w, https:\/\/o-seznam.cz\/napoveda\/ucet\/wp-content\/uploads\/sites\/10\/2025\/07\/obnova-email-step3-320x289.png 320w\" sizes=\"auto, (max-width: 429px) 100vw, 429px\" \/><\/figure>\n<\/div>\n\n\n\n<div class=\"wp-block-group is-layout-constrained wp-block-group-is-layout-constrained\">\n<h2 class=\"wp-block-heading\">U\u017eite\u010dn\u00e9 odkazy<\/h2>\n\n\n\n<div class=\"wp-block-columns is-layout-flex wp-container-core-columns-is-layout-28f84493 wp-block-columns-is-layout-flex\">\n<div class=\"wp-block-column is-layout-flow wp-block-column-is-layout-flow\">\n<div class=\"wp-block-seznam-tiles has-columns-2\" style=\"--seznam-tiles--columns:2\"><div class=\"inner-blocks\"><\/div><\/div>\n\n\n<div class=\"block-boxlink\"><a class=\"boxlink boxlink--icon-arrow px-f8 py-f4\" href=\"https:\/\/o-seznam.cz\/napoveda\/ucet\/zabezpeceni-uctu\/bezpecne-heslo\/\"><div class=\"inner-blocks\">\n\n<p>Bezpe\u010dn\u00e9 heslo k \u00fa\u010dtu<\/p>\n\n<\/div><\/a><\/div><\/div>\n\n\n\n<div class=\"wp-block-column is-layout-flow wp-block-column-is-layout-flow\"><div class=\"block-boxlink\"><a class=\"boxlink boxlink--icon-arrow px-f8 py-f4\" href=\"https:\/\/o-seznam.cz\/napoveda\/ucet\/zasady-bezpecnosti\/bezpecne-chovani\/\"><div class=\"inner-blocks\">\n\n<p>Bezpe\u010dn\u00e9 chov\u00e1n\u00ed na internetu<\/p>\n\n<\/div><\/a><\/div><\/div>\n<\/div>\n<\/div>\n","protected":false},"excerpt":{"rendered":"<p>Tato volba je dostupn\u00e1, pokud byla u \u00fa\u010dtu v minulosti nastavena ov\u011b\u0159en\u00e1 z\u00e1chrann\u00e1 e-mailov\u00e1 adresa. Abyste mohli tuto mo\u017enost obnovy p\u0159\u00edstupu vyu\u017e\u00edt, mus\u00edte m\u00edt k z\u00e1chrann\u00e9 e-mailov\u00e9 adrese p\u0159\u00edstup \u2013 za\u0161leme v\u00e1m na ni autoriza\u010dn\u00ed k\u00f3d pro nastaven\u00ed nov\u00e9ho hesla. 4. Nechte si zaslat k\u00f3d pro obnovu hesla na z\u00e1chrann\u00fd e-mail 5. Otev\u0159ete e-mail pro [&hellip;]<\/p>\n","protected":false},"author":6,"featured_media":0,"parent":153,"menu_order":0,"comment_status":"closed","ping_status":"closed","template":"page-sidemenu","meta":{"_acf_changed":false,"_relevanssi_hide_post":"","_relevanssi_hide_content":"","_relevanssi_pin_for_all":"","_relevanssi_pin_keywords":"","_relevanssi_unpin_keywords":"","_relevanssi_related_keywords":"","_relevanssi_related_include_ids":"","_relevanssi_related_exclude_ids":"","_relevanssi_related_no_append":"","_relevanssi_related_not_related":"","_relevanssi_related_posts":"","_relevanssi_noindex_reason":"","footnotes":""},"page_category":[24],"page_tag":[],"service_status_category":[],"class_list":["post-623","page","type-page","status-publish","hentry"],"acf":[],"lang":"cs","translations":{"cs":623,"en":1994},"pll_sync_post":[],"_links":{"self":[{"href":"https:\/\/o-seznam.cz\/napoveda\/ucet\/wp-json\/wp\/v2\/pages\/623","targetHints":{"allow":["GET"]}}],"collection":[{"href":"https:\/\/o-seznam.cz\/napoveda\/ucet\/wp-json\/wp\/v2\/pages"}],"about":[{"href":"https:\/\/o-seznam.cz\/napoveda\/ucet\/wp-json\/wp\/v2\/types\/page"}],"author":[{"embeddable":true,"href":"https:\/\/o-seznam.cz\/napoveda\/ucet\/wp-json\/wp\/v2\/users\/6"}],"replies":[{"embeddable":true,"href":"https:\/\/o-seznam.cz\/napoveda\/ucet\/wp-json\/wp\/v2\/comments?post=623"}],"version-history":[{"count":6,"href":"https:\/\/o-seznam.cz\/napoveda\/ucet\/wp-json\/wp\/v2\/pages\/623\/revisions"}],"predecessor-version":[{"id":2257,"href":"https:\/\/o-seznam.cz\/napoveda\/ucet\/wp-json\/wp\/v2\/pages\/623\/revisions\/2257"}],"up":[{"embeddable":true,"href":"https:\/\/o-seznam.cz\/napoveda\/ucet\/wp-json\/wp\/v2\/pages\/153"}],"wp:attachment":[{"href":"https:\/\/o-seznam.cz\/napoveda\/ucet\/wp-json\/wp\/v2\/media?parent=623"}],"wp:term":[{"taxonomy":"page_category","embeddable":true,"href":"https:\/\/o-seznam.cz\/napoveda\/ucet\/wp-json\/wp\/v2\/page_category?post=623"},{"taxonomy":"page_tag","embeddable":true,"href":"https:\/\/o-seznam.cz\/napoveda\/ucet\/wp-json\/wp\/v2\/page_tag?post=623"},{"taxonomy":"service_status_category","embeddable":true,"href":"https:\/\/o-seznam.cz\/napoveda\/ucet\/wp-json\/wp\/v2\/service_status_category?post=623"}],"curies":[{"name":"wp","href":"https:\/\/api.w.org\/{rel}","templated":true}]}}