{"id":1773,"date":"2025-05-20T17:19:01","date_gmt":"2025-05-20T15:19:01","guid":{"rendered":"https:\/\/o-seznam.cz\/napoveda\/ucet\/?page_id=1773"},"modified":"2025-06-17T13:03:10","modified_gmt":"2025-06-17T11:03:10","slug":"zmena-zabezpeceni-a-dulezitych-udaju-v-uctu","status":"publish","type":"page","link":"https:\/\/o-seznam.cz\/napoveda\/ucet\/zmena-zabezpeceni-a-dulezitych-udaju-v-uctu\/","title":{"rendered":"Zm\u011bna zabezpe\u010den\u00ed a d\u016fle\u017eit\u00fdch \u00fadaj\u016f v \u00fa\u010dtu"},"content":{"rendered":"\n<p>P\u0159i zm\u011bn\u00e1ch v nastaven\u00ed zabezpe\u010den\u00ed nebo d\u016fle\u017eit\u00fdch \u00fadaj\u016f v \u00fa\u010dtu, m\u016f\u017eeme v n\u011bkter\u00fdch p\u0159\u00edpadech vy\u017eadovat ov\u011b\u0159en\u00ed, \u017ee dan\u00fd \u00fa\u010det pat\u0159\u00ed skute\u010dn\u011b v\u00e1m. <\/p>\n\n\n\n<p>Takov\u00e9 ov\u011b\u0159en\u00ed je mo\u017en\u00e9 prov\u00e9st heslem, PINem ze SMS nebo ops\u00e1n\u00edm autoriza\u010dn\u00edho k\u00f3du z e-mailu. Zp\u016fsob ov\u011b\u0159en\u00ed z\u00e1vis\u00ed na aktu\u00e1ln\u00edm nastaven\u00ed va\u0161eho \u00fa\u010dtu. <\/p>\n\n\n\n<figure class=\"wp-block-image size-full\"><img loading=\"lazy\" decoding=\"async\" width=\"328\" height=\"507\" src=\"https:\/\/o-seznam.cz\/napoveda\/ucet\/wp-content\/uploads\/sites\/10\/2025\/05\/reautentizacni-stranka.png\" alt=\"\" class=\"wp-image-1774\" srcset=\"https:\/\/o-seznam.cz\/napoveda\/ucet\/wp-content\/uploads\/sites\/10\/2025\/05\/reautentizacni-stranka.png 328w, https:\/\/o-seznam.cz\/napoveda\/ucet\/wp-content\/uploads\/sites\/10\/2025\/05\/reautentizacni-stranka-207x320.png 207w\" sizes=\"auto, (max-width: 328px) 100vw, 328px\" \/><\/figure>\n\n\n\n<p><\/p>\n","protected":false},"excerpt":{"rendered":"<p>P\u0159i zm\u011bn\u00e1ch v nastaven\u00ed zabezpe\u010den\u00ed nebo d\u016fle\u017eit\u00fdch \u00fadaj\u016f v \u00fa\u010dtu, m\u016f\u017eeme v n\u011bkter\u00fdch p\u0159\u00edpadech vy\u017eadovat ov\u011b\u0159en\u00ed, \u017ee dan\u00fd \u00fa\u010det pat\u0159\u00ed skute\u010dn\u011b v\u00e1m. Takov\u00e9 ov\u011b\u0159en\u00ed je mo\u017en\u00e9 prov\u00e9st heslem, PINem ze SMS nebo ops\u00e1n\u00edm autoriza\u010dn\u00edho k\u00f3du z e-mailu. Zp\u016fsob ov\u011b\u0159en\u00ed z\u00e1vis\u00ed na aktu\u00e1ln\u00edm nastaven\u00ed va\u0161eho \u00fa\u010dtu.<\/p>\n","protected":false},"author":35,"featured_media":0,"parent":0,"menu_order":0,"comment_status":"closed","ping_status":"closed","template":"","meta":{"_acf_changed":false,"_relevanssi_hide_post":"","_relevanssi_hide_content":"","_relevanssi_pin_for_all":"","_relevanssi_pin_keywords":"","_relevanssi_unpin_keywords":"","_relevanssi_related_keywords":"","_relevanssi_related_include_ids":"","_relevanssi_related_exclude_ids":"","_relevanssi_related_no_append":"","_relevanssi_related_not_related":"","_relevanssi_related_posts":"","_relevanssi_noindex_reason":"","footnotes":""},"page_category":[24],"page_tag":[],"service_status_category":[],"class_list":["post-1773","page","type-page","status-publish","hentry"],"acf":[],"lang":"cs","translations":{"cs":1773,"en":1915},"pll_sync_post":[],"_links":{"self":[{"href":"https:\/\/o-seznam.cz\/napoveda\/ucet\/wp-json\/wp\/v2\/pages\/1773","targetHints":{"allow":["GET"]}}],"collection":[{"href":"https:\/\/o-seznam.cz\/napoveda\/ucet\/wp-json\/wp\/v2\/pages"}],"about":[{"href":"https:\/\/o-seznam.cz\/napoveda\/ucet\/wp-json\/wp\/v2\/types\/page"}],"author":[{"embeddable":true,"href":"https:\/\/o-seznam.cz\/napoveda\/ucet\/wp-json\/wp\/v2\/users\/35"}],"replies":[{"embeddable":true,"href":"https:\/\/o-seznam.cz\/napoveda\/ucet\/wp-json\/wp\/v2\/comments?post=1773"}],"version-history":[{"count":3,"href":"https:\/\/o-seznam.cz\/napoveda\/ucet\/wp-json\/wp\/v2\/pages\/1773\/revisions"}],"predecessor-version":[{"id":1792,"href":"https:\/\/o-seznam.cz\/napoveda\/ucet\/wp-json\/wp\/v2\/pages\/1773\/revisions\/1792"}],"wp:attachment":[{"href":"https:\/\/o-seznam.cz\/napoveda\/ucet\/wp-json\/wp\/v2\/media?parent=1773"}],"wp:term":[{"taxonomy":"page_category","embeddable":true,"href":"https:\/\/o-seznam.cz\/napoveda\/ucet\/wp-json\/wp\/v2\/page_category?post=1773"},{"taxonomy":"page_tag","embeddable":true,"href":"https:\/\/o-seznam.cz\/napoveda\/ucet\/wp-json\/wp\/v2\/page_tag?post=1773"},{"taxonomy":"service_status_category","embeddable":true,"href":"https:\/\/o-seznam.cz\/napoveda\/ucet\/wp-json\/wp\/v2\/service_status_category?post=1773"}],"curies":[{"name":"wp","href":"https:\/\/api.w.org\/{rel}","templated":true}]}}