{"id":175,"date":"2024-10-13T00:45:54","date_gmt":"2024-10-12T22:45:54","guid":{"rendered":"https:\/\/o-seznam.cz\/napoveda\/ucet\/?page_id=175"},"modified":"2026-03-26T09:21:20","modified_gmt":"2026-03-26T08:21:20","slug":"platby-a-predplatna","status":"publish","type":"page","link":"https:\/\/o-seznam.cz\/napoveda\/ucet\/platby-a-predplatna\/","title":{"rendered":"Platby a p\u0159edplatn\u00e1"},"content":{"rendered":"<nav class=\"menu-anchors\">\n<ul>\n\t<li><a href=\"#zmena-platebni-karty\">Zm\u011bna platebn\u00ed karty<\/a><\/li>\n<li><a href=\"#zmena-frekvence-predplatneho\">Zm\u011bna frekvence p\u0159edplatn\u00e9ho<\/a><\/li>\n<li><a href=\"#zruseni-a-obnova-predplatneho\">Zru\u0161en\u00ed a obnova p\u0159edplatn\u00e9ho<\/a><\/li>\n<li><a href=\"#transakce-v-historii-plateb\">Transakce v Historii plateb<\/a><\/li>\n<\/ul>\n\n<\/nav>\n\n\n\n<div class=\"wp-block-group is-layout-constrained wp-block-group-is-layout-constrained\">\n<p>Ve sv\u00e9m Seznam \u00fa\u010dtu naleznete historii plateb proveden\u00fdch v&nbsp;r\u00e1mci va\u0161eho \u00fa\u010dtu na vybran\u00fdch slu\u017eb\u00e1ch Seznamu a p\u0159ehled sv\u00fdch pravideln\u00fdch p\u0159edplatn\u00fdch.<\/p>\n\n\n\n<ul class=\"wp-block-list\">\n<li>Pravideln\u00e1 p\u0159edplatn\u00e1 (nap\u0159. Seznam bez reklam, P\u0159edplatn\u00e9 autora)<\/li>\n\n\n\n<li>Jednor\u00e1zov\u00e9 platby (nap\u0159. zv\u00fdhodn\u011bn\u00ed inzer\u00e1t\u016f, p\u0159\u00edsp\u011bvek autor\u016fm)<\/li>\n<\/ul>\n\n\n\n<p>Platby za reklamu a dobit\u00ed Pen\u011b\u017eenky naleznete p\u0159ehledn\u011b v&nbsp;Seznam Pen\u011b\u017eence v&nbsp;<a href=\"https:\/\/klient.seznam.cz\/\" data-type=\"link\" data-id=\"https:\/\/klient.seznam.cz\/\">Klientsk\u00e9 z\u00f3n\u011b.<\/a><\/p>\n<\/div>\n\n\n\n<div class=\"wp-block-group is-layout-constrained wp-block-group-is-layout-constrained\">\n<h2 class=\"wp-block-heading\" id=\"zmena-platebni-karty\">Zm\u011bna platebn\u00ed karty<\/h2>\n\n\n\n<p>Platebn\u00ed kartu m\u016f\u017eete zm\u011bnit u aktivn\u00edho p\u0159edplatn\u00e9ho p\u0159\u00edmo v sekci Platby a p\u0159edplatn\u00e1:<\/p>\n\n\n\n<ul class=\"wp-block-list\">\n<li>U aktivn\u00edho p\u0159edplatn\u00e9ho klikn\u011bte na Zm\u011bnit<\/li>\n\n\n\n<li>Po p\u0159esm\u011brov\u00e1n\u00ed na platebn\u00ed br\u00e1nu vypl\u0148te nov\u00e9 \u00fadaje k&nbsp;platebn\u00ed kart\u011b<\/li>\n\n\n\n<li>Po dokon\u010den\u00ed zm\u011bny se v\u00e1m zobraz\u00ed dialog s&nbsp;informac\u00ed \u00fasp\u011b\u0161n\u00e9\/ne\u00fasp\u011b\u0161n\u00e9 zm\u011bn\u011b karty<\/li>\n<\/ul>\n\n\n\n<div class=\"wp-block-group is-nowrap is-layout-flex wp-container-core-group-is-layout-6c531013 wp-block-group-is-layout-flex\">\n<figure class=\"wp-block-image size-full is-resized\"><img loading=\"lazy\" decoding=\"async\" width=\"898\" height=\"308\" src=\"https:\/\/o-seznam.cz\/napoveda\/ucet\/wp-content\/uploads\/sites\/10\/2025\/02\/uspesna-zmena-karty.png\" alt=\"\" class=\"wp-image-1120\" style=\"width:490px;height:auto\" srcset=\"https:\/\/o-seznam.cz\/napoveda\/ucet\/wp-content\/uploads\/sites\/10\/2025\/02\/uspesna-zmena-karty.png 898w, https:\/\/o-seznam.cz\/napoveda\/ucet\/wp-content\/uploads\/sites\/10\/2025\/02\/uspesna-zmena-karty-320x110.png 320w, https:\/\/o-seznam.cz\/napoveda\/ucet\/wp-content\/uploads\/sites\/10\/2025\/02\/uspesna-zmena-karty-768x263.png 768w\" sizes=\"auto, (max-width: 898px) 100vw, 898px\" \/><\/figure>\n\n\n\n<figure class=\"wp-block-image size-full is-resized\"><img loading=\"lazy\" decoding=\"async\" width=\"663\" height=\"317\" src=\"https:\/\/o-seznam.cz\/napoveda\/ucet\/wp-content\/uploads\/sites\/10\/2025\/02\/snimek-obrazovky-2025-02-03-v100744.png\" alt=\"\" class=\"wp-image-1118\" style=\"width:347px;height:auto\" srcset=\"https:\/\/o-seznam.cz\/napoveda\/ucet\/wp-content\/uploads\/sites\/10\/2025\/02\/snimek-obrazovky-2025-02-03-v100744.png 663w, https:\/\/o-seznam.cz\/napoveda\/ucet\/wp-content\/uploads\/sites\/10\/2025\/02\/snimek-obrazovky-2025-02-03-v100744-320x153.png 320w\" sizes=\"auto, (max-width: 663px) 100vw, 663px\" \/><\/figure>\n\n\n\n<p><\/p>\n<\/div>\n<\/div>\n\n\n\n<div class=\"wp-block-group is-layout-constrained wp-block-group-is-layout-constrained\">\n<h2 class=\"wp-block-heading\" id=\"zmena-frekvence-predplatneho\">Zm\u011bna frekvence p\u0159edplatn\u00e9ho<\/h2>\n\n\n\n<p>U n\u011bkter\u00fdch produkt\u016f je mo\u017en\u00e9 si zvolit ro\u010dn\u00ed p\u0159edplatn\u00e9. Pokud je takov\u00e1 mo\u017enost u produktu k dispozici, klikn\u011bte v&nbsp;\u0159\u00e1dku \u201eDal\u0161\u00ed platba ve v\u00fd\u0161i\u2026\u201c na Zm\u011bnit, n\u00e1sledn\u011b na tla\u010d\u00edtko P\u0159ej\u00edt na ro\u010dn\u00ed p\u0159edplatn\u00e9 a zm\u011bnu potvr\u010fte.<\/p>\n\n\n\n<figure class=\"wp-block-image size-full\"><img loading=\"lazy\" decoding=\"async\" width=\"1600\" height=\"664\" src=\"https:\/\/o-seznam.cz\/napoveda\/ucet\/wp-content\/uploads\/sites\/10\/2025\/02\/image-1.png\" alt=\"\" class=\"wp-image-1119\" srcset=\"https:\/\/o-seznam.cz\/napoveda\/ucet\/wp-content\/uploads\/sites\/10\/2025\/02\/image-1.png 1600w, https:\/\/o-seznam.cz\/napoveda\/ucet\/wp-content\/uploads\/sites\/10\/2025\/02\/image-1-992x412.png 992w, https:\/\/o-seznam.cz\/napoveda\/ucet\/wp-content\/uploads\/sites\/10\/2025\/02\/image-1-320x133.png 320w, https:\/\/o-seznam.cz\/napoveda\/ucet\/wp-content\/uploads\/sites\/10\/2025\/02\/image-1-768x319.png 768w, https:\/\/o-seznam.cz\/napoveda\/ucet\/wp-content\/uploads\/sites\/10\/2025\/02\/image-1-1536x637.png 1536w\" sizes=\"auto, (max-width: 1600px) 100vw, 1600px\" \/><\/figure>\n<\/div>\n\n\n\n<div class=\"wp-block-group is-layout-constrained wp-block-group-is-layout-constrained\">\n<h2 class=\"wp-block-heading\" id=\"zruseni-a-obnova-predplatneho\">Zru\u0161en\u00ed a obnova p\u0159edplatn\u00e9ho<\/h2>\n\n\n\n<p class=\"is-style-default\">Zru\u0161en\u00ed a obnovu p\u0159edplatn\u00e9ho provedete kliknut\u00edm na Zm\u011bnit v&nbsp;\u0159\u00e1dku \u201eDal\u0161\u00ed platba ve v\u00fd\u0161i\u2026\u201c<\/p>\n\n\n\n<ul class=\"wp-block-list\">\n<li>U aktivn\u00edho p\u0159edplatn\u00e9ho klikn\u011bte na Zm\u011bnit \u010di Zru\u0161it obnovu<\/li>\n\n\n\n<li>U neaktivn\u00edho p\u0159edplatn\u00e9ho klikn\u011bte na Obnovit p\u0159edplatn\u00e9 (dojde k&nbsp;automatick\u00e9 obnov\u011b p\u0159edplatn\u00e9ho)<\/li>\n<\/ul>\n<\/div>\n\n\n\n<div class=\"wp-block-group is-layout-constrained wp-block-group-is-layout-constrained\">\n<h2 class=\"wp-block-heading\" id=\"transakce-v-historii-plateb\">Transakce v Historii plateb<\/h2>\n\n\n\n<p>V p\u0159ehledu vid\u00edte platby za posledn\u00edch 18 m\u011bs\u00edc\u016f:<\/p>\n\n\n\n<ul class=\"wp-block-list\">\n<li>platby jsou zobrazen\u00e9 jednotliv\u011b<\/li>\n\n\n\n<li>\u010d\u00e1stky jsou v\u010detn\u011b DPH (tedy to, co jste skute\u010dn\u011b zaplatili)<\/li>\n\n\n\n<li>ke ka\u017ed\u00e9 platb\u011b si m\u016f\u017eete st\u00e1hnout doklad \u010di po\u017e\u00e1dat autora o jeho vystaven\u00ed<\/li>\n<\/ul>\n<\/div>\n\n\n\n<figure class=\"wp-block-image size-full is-resized\"><img loading=\"lazy\" decoding=\"async\" width=\"723\" height=\"599\" src=\"https:\/\/o-seznam.cz\/napoveda\/ucet\/wp-content\/uploads\/sites\/10\/2025\/10\/historie-plateb.png\" alt=\"\" class=\"wp-image-2617\" style=\"width:507px;height:auto\" srcset=\"https:\/\/o-seznam.cz\/napoveda\/ucet\/wp-content\/uploads\/sites\/10\/2025\/10\/historie-plateb.png 723w, https:\/\/o-seznam.cz\/napoveda\/ucet\/wp-content\/uploads\/sites\/10\/2025\/10\/historie-plateb-320x265.png 320w\" sizes=\"auto, (max-width: 723px) 100vw, 723px\" \/><\/figure>\n\n\n\n<p>Pokud se domn\u00edv\u00e1te, \u017ee jste v posledn\u00edch 18 m\u011bs\u00edc\u00edch platby za slu\u017eby Seznamu uskute\u010dnili, ale v Seznam \u00fa\u010dtu se v\u00e1m nezobrazuj\u00ed, m\u016f\u017eete je zkontrolovat tak\u00e9 ve v\u00fdpisu transakc\u00ed v <a href=\"https:\/\/klient.seznam.cz\" data-type=\"link\" data-id=\"https:\/\/klient.seznam.cz\">Pen\u011b\u017eence v Klientsk\u00e9 z\u00f3n\u011b<\/a>, kde uvid\u00edte i sv\u00e9 platby za reklamn\u00ed slu\u017eby nebo dobit\u00ed Pen\u011b\u017eenky.<\/p>\n\n\n\n<div class=\"wp-block-group is-layout-constrained wp-block-group-is-layout-constrained\">\n<figure class=\"wp-block-image size-full is-resized\"><img loading=\"lazy\" decoding=\"async\" width=\"854\" height=\"157\" src=\"https:\/\/o-seznam.cz\/napoveda\/ucet\/wp-content\/uploads\/sites\/10\/2025\/02\/snimek-obrazovky-2025-02-12-v80037.png\" alt=\"\" class=\"wp-image-1163\" style=\"width:561px;height:auto\" srcset=\"https:\/\/o-seznam.cz\/napoveda\/ucet\/wp-content\/uploads\/sites\/10\/2025\/02\/snimek-obrazovky-2025-02-12-v80037.png 854w, https:\/\/o-seznam.cz\/napoveda\/ucet\/wp-content\/uploads\/sites\/10\/2025\/02\/snimek-obrazovky-2025-02-12-v80037-320x59.png 320w, https:\/\/o-seznam.cz\/napoveda\/ucet\/wp-content\/uploads\/sites\/10\/2025\/02\/snimek-obrazovky-2025-02-12-v80037-768x141.png 768w\" sizes=\"auto, (max-width: 854px) 100vw, 854px\" \/><\/figure>\n<\/div>\n","protected":false},"excerpt":{"rendered":"<p>Ve sv\u00e9m Seznam \u00fa\u010dtu naleznete historii plateb proveden\u00fdch v&nbsp;r\u00e1mci va\u0161eho \u00fa\u010dtu na vybran\u00fdch slu\u017eb\u00e1ch Seznamu a p\u0159ehled sv\u00fdch pravideln\u00fdch p\u0159edplatn\u00fdch. Platby za reklamu a dobit\u00ed Pen\u011b\u017eenky naleznete p\u0159ehledn\u011b v&nbsp;Seznam Pen\u011b\u017eence v&nbsp;Klientsk\u00e9 z\u00f3n\u011b. Zm\u011bna platebn\u00ed karty Platebn\u00ed kartu m\u016f\u017eete zm\u011bnit u aktivn\u00edho p\u0159edplatn\u00e9ho p\u0159\u00edmo v sekci Platby a p\u0159edplatn\u00e1: Zm\u011bna frekvence p\u0159edplatn\u00e9ho U n\u011bkter\u00fdch produkt\u016f je [&hellip;]<\/p>\n","protected":false},"author":6,"featured_media":0,"parent":0,"menu_order":80,"comment_status":"closed","ping_status":"closed","template":"page-sidemenu","meta":{"_acf_changed":false,"_relevanssi_hide_post":"","_relevanssi_hide_content":"","_relevanssi_pin_for_all":"","_relevanssi_pin_keywords":"","_relevanssi_unpin_keywords":"","_relevanssi_related_keywords":"","_relevanssi_related_include_ids":"","_relevanssi_related_exclude_ids":"","_relevanssi_related_no_append":"","_relevanssi_related_not_related":"","_relevanssi_related_posts":"","_relevanssi_noindex_reason":"","footnotes":""},"page_category":[24],"page_tag":[],"service_status_category":[],"class_list":["post-175","page","type-page","status-publish","hentry"],"acf":[],"lang":"cs","translations":{"cs":175},"pll_sync_post":[],"_links":{"self":[{"href":"https:\/\/o-seznam.cz\/napoveda\/ucet\/wp-json\/wp\/v2\/pages\/175","targetHints":{"allow":["GET"]}}],"collection":[{"href":"https:\/\/o-seznam.cz\/napoveda\/ucet\/wp-json\/wp\/v2\/pages"}],"about":[{"href":"https:\/\/o-seznam.cz\/napoveda\/ucet\/wp-json\/wp\/v2\/types\/page"}],"author":[{"embeddable":true,"href":"https:\/\/o-seznam.cz\/napoveda\/ucet\/wp-json\/wp\/v2\/users\/6"}],"replies":[{"embeddable":true,"href":"https:\/\/o-seznam.cz\/napoveda\/ucet\/wp-json\/wp\/v2\/comments?post=175"}],"version-history":[{"count":15,"href":"https:\/\/o-seznam.cz\/napoveda\/ucet\/wp-json\/wp\/v2\/pages\/175\/revisions"}],"predecessor-version":[{"id":2902,"href":"https:\/\/o-seznam.cz\/napoveda\/ucet\/wp-json\/wp\/v2\/pages\/175\/revisions\/2902"}],"wp:attachment":[{"href":"https:\/\/o-seznam.cz\/napoveda\/ucet\/wp-json\/wp\/v2\/media?parent=175"}],"wp:term":[{"taxonomy":"page_category","embeddable":true,"href":"https:\/\/o-seznam.cz\/napoveda\/ucet\/wp-json\/wp\/v2\/page_category?post=175"},{"taxonomy":"page_tag","embeddable":true,"href":"https:\/\/o-seznam.cz\/napoveda\/ucet\/wp-json\/wp\/v2\/page_tag?post=175"},{"taxonomy":"service_status_category","embeddable":true,"href":"https:\/\/o-seznam.cz\/napoveda\/ucet\/wp-json\/wp\/v2\/service_status_category?post=175"}],"curies":[{"name":"wp","href":"https:\/\/api.w.org\/{rel}","templated":true}]}}