{"id":761,"date":"2024-12-07T12:33:03","date_gmt":"2024-12-07T11:33:03","guid":{"rendered":"https:\/\/o-seznam.cz\/napoveda\/tv-program\/?page_id=761"},"modified":"2024-12-12T08:35:30","modified_gmt":"2024-12-12T07:35:30","slug":"podporovana-zarizeni","status":"publish","type":"page","link":"https:\/\/o-seznam.cz\/napoveda\/tv-program\/podporovana-zarizeni\/","title":{"rendered":"Podporovan\u00e1 za\u0159\u00edzen\u00ed"},"content":{"rendered":"\n<div class=\"wp-block-group is-layout-constrained wp-block-group-is-layout-constrained\"><nav class=\"menu-anchors\">\n<ul>\n\t<li><a href=\"#aplikace\">Mobiln\u00ed aplikace<\/a><\/li>\n<li><a href=\"#prehled-prohlizecu\">P\u0159ehled podporovan\u00fdch prohl\u00ed\u017ee\u010d\u016f<\/a><\/li>\n<\/ul>\n\n<\/nav>\n<\/div>\n\n\n\n<div class=\"wp-block-group is-layout-constrained wp-block-group-is-layout-constrained\">\n<h2 class=\"wp-block-heading\" id=\"aplikace\">Mobiln\u00ed aplikace<\/h2>\n\n\n\n<div class=\"wp-block-columns is-layout-flex wp-container-core-columns-is-layout-28f84493 wp-block-columns-is-layout-flex\">\n<div class=\"wp-block-column is-layout-flow wp-block-column-is-layout-flow\"><div class=\"block-boxlink\"><a class=\"boxlink boxlink--icon-none px-f4 py-f4\" href=\"https:\/\/o-seznam.cz\/napoveda\/tv-program\/aplikace\/instalace-android\/\"> <div class=\"inner-blocks\">\n<div class=\"boxlink-logo\">\n\t<img loading=\"lazy\" decoding=\"async\" width=\"920\" height=\"400\" src=\"https:\/\/o-seznam.cz\/napoveda\/tv-program\/wp-content\/uploads\/sites\/15\/2024\/12\/tv-program-android.svg\" class=\"attachment-full size-full\" alt=\"\" \/><\/div>\n\n\t<div class=\"flex flex-wrap gap-2\">\n\t\t<strong class=\"flex-auto ml-f4\">Android aplikace<\/strong>\n\t\t<div class=\"flex-none flex gap-x-2\">\n\t\t\t<div class=\"service-status-badge service-status-badge--info flex items-center max-w-fit px-3 py-1 text-xs rounded-full\">\n\t<span class=\"service-status-icon block w-4 h-4 bg-center bg-no-repeat bg-contain flex-none mr-1\"><\/span>\n\tNovinky<\/div>\t\t<\/div>\n\t<\/div>\n\n <\/div> <\/a><\/div><\/div>\n\n\n\n<div class=\"wp-block-column is-layout-flow wp-block-column-is-layout-flow\"><div class=\"block-boxlink\"><a class=\"boxlink boxlink--icon-none px-f4 py-f4\" href=\"https:\/\/o-seznam.cz\/napoveda\/tv-program\/aplikace\/instalace-ios\/\"> <div class=\"inner-blocks\">\n<div class=\"boxlink-logo\">\n\t<img loading=\"lazy\" decoding=\"async\" width=\"920\" height=\"400\" src=\"https:\/\/o-seznam.cz\/napoveda\/tv-program\/wp-content\/uploads\/sites\/15\/2024\/12\/tv-program-ios.svg\" class=\"attachment-full size-full\" alt=\"\" \/><\/div>\n\n\t<div class=\"flex flex-wrap gap-2\">\n\t\t<strong class=\"flex-auto ml-f4\">iOS aplikace<\/strong>\n\t\t<div class=\"flex-none flex gap-x-2\">\n\t\t\t<div class=\"service-status-badge service-status-badge--info flex items-center max-w-fit px-3 py-1 text-xs rounded-full\">\n\t<span class=\"service-status-icon block w-4 h-4 bg-center bg-no-repeat bg-contain flex-none mr-1\"><\/span>\n\tNovinky<\/div>\t\t<\/div>\n\t<\/div>\n\n <\/div> <\/a><\/div><\/div>\n<\/div>\n<\/div>\n\n\n\n<div class=\"wp-block-group is-layout-constrained wp-block-group-is-layout-constrained\">\n<h2 class=\"wp-block-heading\" id=\"prehled-prohlizecu\">P\u0159ehled podporovan\u00fdch prohl\u00ed\u017ee\u010d\u016f<\/h2>\n\n\n\n<figure class=\"wp-block-table\"><table class=\"has-fixed-layout\"><thead><tr><th><\/th><th class=\"has-text-align-center\" data-align=\"center\">Po\u010d\u00edta\u010d<\/th><th class=\"has-text-align-center\" data-align=\"center\">Mobil\/Tablet<\/th><\/tr><\/thead><tbody><tr><td>Seznam.cz<\/td><td class=\"has-text-align-center\" data-align=\"center\"><span class=\"charicon charicon--checked\">\u2713<\/span><\/td><td class=\"has-text-align-center\" data-align=\"center\"><span class=\"charicon charicon--checked\">\u2713<\/span><\/td><\/tr><tr><td>Google Chrome<\/td><td class=\"has-text-align-center\" data-align=\"center\"><span class=\"charicon charicon--checked\">\u2713<\/span><\/td><td class=\"has-text-align-center\" data-align=\"center\"><span class=\"charicon charicon--checked\">\u2713<\/span><\/td><\/tr><tr><td>Mozilla Firefox<\/td><td class=\"has-text-align-center\" data-align=\"center\"><span class=\"charicon charicon--checked\">\u2713<\/span><\/td><td class=\"has-text-align-center\" data-align=\"center\"><span class=\"charicon charicon--checked\">\u2713<\/span><\/td><\/tr><tr><td>Safari<\/td><td class=\"has-text-align-center\" data-align=\"center\"><span class=\"charicon charicon--checked\">\u2713<\/span><\/td><td class=\"has-text-align-center\" data-align=\"center\"><span class=\"charicon charicon--checked\">\u2713<\/span><\/td><\/tr><tr><td>Microsoft Edge<\/td><td class=\"has-text-align-center\" data-align=\"center\"><span class=\"charicon charicon--checked\">\u2713<\/span><\/td><td class=\"has-text-align-center\" data-align=\"center\"><\/td><\/tr><tr><td>Samsung Browser<\/td><td class=\"has-text-align-center\" data-align=\"center\"><\/td><td class=\"has-text-align-center\" data-align=\"center\"><span class=\"charicon charicon--checked\">\u2713<\/span><\/td><\/tr><\/tbody><\/table><\/figure>\n<\/div>\n","protected":false},"excerpt":{"rendered":"<p>Mobiln\u00ed aplikace P\u0159ehled podporovan\u00fdch prohl\u00ed\u017ee\u010d\u016f Po\u010d\u00edta\u010d Mobil\/Tablet Seznam.cz \u2713 \u2713 Google Chrome \u2713 \u2713 Mozilla Firefox \u2713 \u2713 Safari \u2713 \u2713 Microsoft Edge \u2713 Samsung Browser \u2713<\/p>\n","protected":false},"author":2,"featured_media":0,"parent":0,"menu_order":40,"comment_status":"closed","ping_status":"closed","template":"page-sidemenu","meta":{"_acf_changed":false,"_relevanssi_hide_post":"","_relevanssi_hide_content":"","_relevanssi_pin_for_all":"","_relevanssi_pin_keywords":"","_relevanssi_unpin_keywords":"","_relevanssi_related_keywords":"","_relevanssi_related_include_ids":"","_relevanssi_related_exclude_ids":"","_relevanssi_related_no_append":"","_relevanssi_related_not_related":"","_relevanssi_related_posts":"","_relevanssi_noindex_reason":"","footnotes":""},"page_category":[4],"page_tag":[],"service_status_category":[22],"class_list":["post-761","page","type-page","status-publish","hentry"],"acf":[],"_links":{"self":[{"href":"https:\/\/o-seznam.cz\/napoveda\/tv-program\/wp-json\/wp\/v2\/pages\/761","targetHints":{"allow":["GET"]}}],"collection":[{"href":"https:\/\/o-seznam.cz\/napoveda\/tv-program\/wp-json\/wp\/v2\/pages"}],"about":[{"href":"https:\/\/o-seznam.cz\/napoveda\/tv-program\/wp-json\/wp\/v2\/types\/page"}],"author":[{"embeddable":true,"href":"https:\/\/o-seznam.cz\/napoveda\/tv-program\/wp-json\/wp\/v2\/users\/2"}],"replies":[{"embeddable":true,"href":"https:\/\/o-seznam.cz\/napoveda\/tv-program\/wp-json\/wp\/v2\/comments?post=761"}],"version-history":[{"count":21,"href":"https:\/\/o-seznam.cz\/napoveda\/tv-program\/wp-json\/wp\/v2\/pages\/761\/revisions"}],"predecessor-version":[{"id":972,"href":"https:\/\/o-seznam.cz\/napoveda\/tv-program\/wp-json\/wp\/v2\/pages\/761\/revisions\/972"}],"wp:attachment":[{"href":"https:\/\/o-seznam.cz\/napoveda\/tv-program\/wp-json\/wp\/v2\/media?parent=761"}],"wp:term":[{"taxonomy":"page_category","embeddable":true,"href":"https:\/\/o-seznam.cz\/napoveda\/tv-program\/wp-json\/wp\/v2\/page_category?post=761"},{"taxonomy":"page_tag","embeddable":true,"href":"https:\/\/o-seznam.cz\/napoveda\/tv-program\/wp-json\/wp\/v2\/page_tag?post=761"},{"taxonomy":"service_status_category","embeddable":true,"href":"https:\/\/o-seznam.cz\/napoveda\/tv-program\/wp-json\/wp\/v2\/service_status_category?post=761"}],"curies":[{"name":"wp","href":"https:\/\/api.w.org\/{rel}","templated":true}]}}