{"id":738,"date":"2024-12-07T11:57:41","date_gmt":"2024-12-07T10:57:41","guid":{"rendered":"https:\/\/o-seznam.cz\/napoveda\/tv-program\/?page_id=738"},"modified":"2025-12-12T17:20:27","modified_gmt":"2025-12-12T16:20:27","slug":"nejcastejsi-potize","status":"publish","type":"page","link":"https:\/\/o-seznam.cz\/napoveda\/tv-program\/nejcastejsi-potize\/","title":{"rendered":"Nej\u010dast\u011bj\u0161\u00ed technick\u00e9 pot\u00ed\u017ee"},"content":{"rendered":"\n<div class=\"wp-block-group is-layout-constrained wp-block-group-is-layout-constrained\"><nav class=\"menu-anchors\">\n<ul>\n\t<li><a href=\"#obsah-a-informace\">Obsah a informace u po\u0159ad\u016f<\/a><\/li>\n<li><a href=\"#chybejici-stanice\">Chyb\u00ed v\u00e1m stanice?<\/a><\/li>\n<\/ul>\n\n<\/nav>\n<\/div>\n\n\n\n<div class=\"wp-block-group is-layout-constrained wp-block-group-is-layout-constrained\">\n<div class=\"accordion\">\n\t<div class=\"accordion__items\">\n\n<details class=\"expander is-style-default\">\n\t<summary data-datalayer-name=\"\" data-datalayer-text=\"\u010cas vys\u00edl\u00e1n\u00ed neodpov\u00edd\u00e1\">\n\t\t\t\t<strong>\u010cas vys\u00edl\u00e1n\u00ed neodpov\u00edd\u00e1<\/strong>\n\t\t\t<\/summary>\n\t<div class=\"inner-blocks\">\n\n<p>\u010cas vys\u00edl\u00e1n\u00ed se zobrazuje podle \u010dasu, kter\u00fd m\u00e1te nastaven\u00fd ve va\u0161em po\u010d\u00edta\u010di. Zkontrolujte si pomoc\u00ed jin\u00e9ho za\u0159\u00edzen\u00ed (nap\u0159\u00edklad pomoc\u00ed mobiln\u00edho telefonu), zda m\u00e1te \u010das nastaven\u00fd spr\u00e1vn\u011b a p\u0159\u00edpadn\u011b si ho opravte v nastaven\u00ed va\u0161eho syst\u00e9mu.<\/p>\n\n<\/div><\/details>\n\n\n\n<details class=\"expander is-style-default\">\n\t<summary data-datalayer-name=\"\" data-datalayer-text=\"Neukl\u00e1d\u00e1n\u00ed nastaven\u00ed a seznamu stanic\">\n\t\t\t\t<strong>Neukl\u00e1d\u00e1n\u00ed nastaven\u00ed a seznamu stanic<\/strong>\n\t\t\t<\/summary>\n\t<div class=\"inner-blocks\">\n\n<p>U nep\u0159ihl\u00e1\u0161en\u00fdch u\u017eivatel\u016f m\u016f\u017ee doch\u00e1zet k resetov\u00e1n\u00ed nastaven\u00fdch stanic a nastaven\u00ed str\u00e1nek. Ob\u011b tato nastaven\u00ed se ukl\u00e1daj\u00ed do soubor\u016f cookies a p\u0159i jejich smaz\u00e1n\u00ed se automaticky resetuj\u00ed. Pokud se v\u00e1m tento probl\u00e9m \u010dasto objevuje, zkontrolujte si \u017ee:<\/p>\n\n\n\n<ul class=\"wp-block-list\">\n<li>Nevyu\u017e\u00edv\u00e1te anonymn\u00ed prohl\u00ed\u017ee\u010d<\/li>\n\n\n\n<li>M\u00e1te povolen\u00e9 soubory cookies<\/li>\n\n\n\n<li>Nevyu\u017e\u00edv\u00e1te program, kter\u00fd by soubory pravideln\u011b mazal<\/li>\n<\/ul>\n\n<\/div><\/details>\n\n\n\n<details class=\"expander is-style-default\">\n\t<summary data-datalayer-name=\"\" data-datalayer-text=\"Tmav\u00fd re\u017eim\">\n\t\t\t\t<strong>Tmav\u00fd re\u017eim<\/strong>\n\t\t\t<\/summary>\n\t<div class=\"inner-blocks\">\n\n<p>N\u00e1\u0161 web p\u0159ep\u00edn\u00e1n\u00ed do tmav\u00e9ho re\u017eimu aktu\u00e1ln\u011b nenab\u00edz\u00ed. Existuj\u00ed extern\u00ed \u0159e\u0161en\u00ed, jejich\u017e postup na pou\u017eit\u00ed v\u00e1m m\u016f\u017eeme na vy\u017e\u00e1d\u00e1n\u00ed zaslat. V p\u0159\u00edpad\u011b z\u00e1jmu n\u00e1m zanechte kontakt skrze <a href=\"https:\/\/o-seznam.cz\/napoveda\/tv-program\/co-zlepsit\/\" data-type=\"link\" data-id=\"https:\/\/o-seznam.cz\/napoveda\/tv-program\/co-zlepsit\/\">formul\u00e1\u0159<\/a>.<\/p>\n\n\n\n<p><\/p>\n\n<\/div><\/details>\n\n<\/div><\/div>\n\n<\/div>\n\n\n\n<div class=\"wp-block-group is-layout-constrained wp-block-group-is-layout-constrained\">\n<h2 class=\"wp-block-heading\" id=\"obsah-a-informace\">Obsah a informace u po\u0159ad\u016f<\/h2>\n\n\n\n<p>M\u016f\u017ee se st\u00e1t, \u017ee n\u011bkter\u00e9 informace nejsou spr\u00e1vn\u011b, jsou od jin\u00e9ho po\u0159adu nebo chyb\u00ed. Pokud naraz\u00edte na nesed\u00edc\u00ed informace, budeme r\u00e1di, kdy\u017e n\u00e1m je nahl\u00e1s\u00edte.<\/p>\n\n\n\n<p class=\"is-style-next\"><a href=\"https:\/\/o-seznam.cz\/napoveda\/tv-program\/chyba\/\">Nahl\u00e1sit chybu<\/a><\/p>\n<\/div>\n\n\n\n<div class=\"wp-block-group is-layout-constrained wp-block-group-is-layout-constrained\">\n<h2 class=\"wp-block-heading\" id=\"chybejici-stanice\">Chyb\u00ed v\u00e1m stanice?<\/h2>\n\n\n\n<p class=\"is-style-link-external\">Nena\u0161li jste v nab\u00eddce va\u0161i obl\u00edbenou televizn\u00ed stanici? O jej\u00ed p\u0159id\u00e1n\u00ed m\u016f\u017eete za\u017e\u00e1dat.<\/p>\n\n\n\n<p class=\"is-style-next\"><a href=\"https:\/\/o-seznam.cz\/napoveda\/tv-program\/pridani-stanice\/\">Po\u017e\u00e1dat o p\u0159id\u00e1n\u00ed stanice<\/a><\/p>\n<\/div>\n","protected":false},"excerpt":{"rendered":"<p>Obsah a informace u po\u0159ad\u016f M\u016f\u017ee se st\u00e1t, \u017ee n\u011bkter\u00e9 informace nejsou spr\u00e1vn\u011b, jsou od jin\u00e9ho po\u0159adu nebo chyb\u00ed. Pokud naraz\u00edte na nesed\u00edc\u00ed informace, budeme r\u00e1di, kdy\u017e n\u00e1m je nahl\u00e1s\u00edte. Nahl\u00e1sit chybu Chyb\u00ed v\u00e1m stanice? Nena\u0161li jste v nab\u00eddce va\u0161i obl\u00edbenou televizn\u00ed stanici? O jej\u00ed p\u0159id\u00e1n\u00ed m\u016f\u017eete za\u017e\u00e1dat. Po\u017e\u00e1dat o p\u0159id\u00e1n\u00ed stanice<\/p>\n","protected":false},"author":2,"featured_media":0,"parent":0,"menu_order":50,"comment_status":"closed","ping_status":"closed","template":"page-sidemenu","meta":{"_acf_changed":false,"_relevanssi_hide_post":"","_relevanssi_hide_content":"","_relevanssi_pin_for_all":"","_relevanssi_pin_keywords":"","_relevanssi_unpin_keywords":"","_relevanssi_related_keywords":"","_relevanssi_related_include_ids":"","_relevanssi_related_exclude_ids":"","_relevanssi_related_no_append":"","_relevanssi_related_not_related":"","_relevanssi_related_posts":"","_relevanssi_noindex_reason":"","footnotes":""},"page_category":[4],"page_tag":[],"service_status_category":[22],"class_list":["post-738","page","type-page","status-publish","hentry"],"acf":[],"_links":{"self":[{"href":"https:\/\/o-seznam.cz\/napoveda\/tv-program\/wp-json\/wp\/v2\/pages\/738","targetHints":{"allow":["GET"]}}],"collection":[{"href":"https:\/\/o-seznam.cz\/napoveda\/tv-program\/wp-json\/wp\/v2\/pages"}],"about":[{"href":"https:\/\/o-seznam.cz\/napoveda\/tv-program\/wp-json\/wp\/v2\/types\/page"}],"author":[{"embeddable":true,"href":"https:\/\/o-seznam.cz\/napoveda\/tv-program\/wp-json\/wp\/v2\/users\/2"}],"replies":[{"embeddable":true,"href":"https:\/\/o-seznam.cz\/napoveda\/tv-program\/wp-json\/wp\/v2\/comments?post=738"}],"version-history":[{"count":22,"href":"https:\/\/o-seznam.cz\/napoveda\/tv-program\/wp-json\/wp\/v2\/pages\/738\/revisions"}],"predecessor-version":[{"id":1132,"href":"https:\/\/o-seznam.cz\/napoveda\/tv-program\/wp-json\/wp\/v2\/pages\/738\/revisions\/1132"}],"wp:attachment":[{"href":"https:\/\/o-seznam.cz\/napoveda\/tv-program\/wp-json\/wp\/v2\/media?parent=738"}],"wp:term":[{"taxonomy":"page_category","embeddable":true,"href":"https:\/\/o-seznam.cz\/napoveda\/tv-program\/wp-json\/wp\/v2\/page_category?post=738"},{"taxonomy":"page_tag","embeddable":true,"href":"https:\/\/o-seznam.cz\/napoveda\/tv-program\/wp-json\/wp\/v2\/page_tag?post=738"},{"taxonomy":"service_status_category","embeddable":true,"href":"https:\/\/o-seznam.cz\/napoveda\/tv-program\/wp-json\/wp\/v2\/service_status_category?post=738"}],"curies":[{"name":"wp","href":"https:\/\/api.w.org\/{rel}","templated":true}]}}