{"id":808,"date":"2024-10-04T02:04:01","date_gmt":"2024-10-04T00:04:01","guid":{"rendered":"https:\/\/o-seznam.cz\/napoveda\/sreality\/?page_id=808"},"modified":"2024-10-06T13:30:40","modified_gmt":"2024-10-06T11:30:40","slug":"gdpr-na-sreality-cz","status":"publish","type":"page","link":"https:\/\/o-seznam.cz\/napoveda\/sreality\/uzitecne-informace\/gdpr-na-sreality-cz\/","title":{"rendered":"GDPR na Sreality.cz"},"content":{"rendered":"\n<div class=\"wp-block-group is-layout-constrained wp-block-group-is-layout-constrained\">\n<p>Na\u0159\u00edzen\u00ed o ochran\u011b osobn\u00edch \u00fadaj\u016f, d\u00e1le GDPR, vejde v platnost 25. kv\u011btna 2018. Oborov\u00e9 slu\u017eby Seznamu, jako nap\u0159\u00edklad Sreality, se na n\u011bj u\u017e intenzivn\u011b p\u0159ipravuj\u00ed. Jak\u00e9 zm\u011bny GDPR p\u0159in\u00e1\u0161\u00ed a co to bude znamenat pro inzerenty i realitn\u00ed kancel\u00e1\u0159e?\u00a0<\/p>\n\n\n\n<p>P\u0159esto\u017ee GDPR p\u0159in\u00e1\u0161\u00ed a zp\u0159\u00eds\u0148uje pravidla pro nakl\u00e1d\u00e1n\u00ed s osobn\u00edmi daty fyzick\u00fdch osob, v jejich zpracov\u00e1n\u00ed se u n\u00e1s v Seznam.cz nic z\u00e1sadn\u00edho nem\u011bn\u00ed. S daty klient\u016f ji\u017e dnes nakl\u00e1d\u00e1me v rozsahu a za \u00fa\u010delem definovan\u00fdm v uzav\u0159en\u00e9 obchodn\u00ed smlouv\u011b. Dal\u0161\u00edm diskutovan\u00fdm t\u00e9matem je ot\u00e1zka p\u0159ed\u00e1v\u00e1n\u00ed dat t\u0159et\u00edm osob\u00e1m. My data na\u0161ich klient\u016f \u017e\u00e1dn\u00fdm t\u0159et\u00edm osob\u00e1m neposkytujeme a bez jejich po\u017eadavku ani nad\u00e1le poskytovat nebudeme.&nbsp;<\/p>\n\n\n\n<p>K GDPR maj\u00ed ale spoustu dotaz\u016f i realitn\u00ed kancel\u00e1\u0159e, kter\u00fdch se toto na\u0159\u00edzen\u00ed dot\u00fdk\u00e1. Ned\u00e1 se \u0159\u00edci, \u017ee by se jich pravidla dot\u00fdkala jinak ne\u017e ostatn\u00ed podnikatele, ale je t\u0159eba situaci nepodcenit.\u00a0\u201ePokud firma m\u00e1 z\u00e1kazn\u00edky, p\u0159edev\u0161\u00edm fyzick\u00e9 osoby, a data o nich uchov\u00e1v\u00e1, pou\u017e\u00edv\u00e1 CRM a intern\u00ed datab\u00e1zi kontakt\u016f (nap\u0159\u00edklad realitn\u00ed software apod.), je spr\u00e1vcem osobn\u00edch \u00fadaj\u016f. V\u0161echny zm\u00edn\u011bn\u00e9 \u010dinnosti spadaj\u00ed do pole p\u016fsobnosti GDPR, proto je nutn\u00e9, aby se ka\u017ed\u00e1 realitn\u00ed kancel\u00e1\u0159 v\u010das p\u0159ipravila na aplikaci nov\u00fdch pravidel,\u201c\u00a0\u0159\u00edk\u00e1 Jan Bor\u016fvka, gener\u00e1ln\u00ed sekret\u00e1\u0159 Asociace realitn\u00edch kancel\u00e1\u0159\u00ed \u010cesk\u00e9 republiky. Ta po\u0159\u00e1d\u00e1 pravideln\u00e1 \u0161kolen\u00ed, na kter\u00fdch je \u00fa\u010dastn\u00edk\u016fm vysv\u011btleno\u00a0v\u0161e, co se nov\u00fdch p\u0159edpis\u016f GDRP t\u00fdk\u00e1. \u201eZjednodu\u0161en\u011b lze \u0159\u00edci, \u017ee ka\u017ed\u00e1 firma si mus\u00ed zpracovat \u201eanal\u00fdzu \u010dinnosti\u201c sv\u00e9 firmy a podle v\u00fdsledku t\u00e9to anal\u00fdzy si bu\u010f sama, nebo za pomoci sjednan\u00e9ho specialisty p\u0159iprav\u00ed postupy, jak nov\u00fdm p\u0159edpis\u016fm GDPR vyhov\u011bt.\u201c\u00a0<\/p>\n\n\n\n<p>Realitn\u00edm kancel\u00e1\u0159\u00edm m\u016f\u017ee pomoci v ot\u00e1zk\u00e1ch ochrany osobn\u00edch \u00fadaj\u016f realitn\u00ed software Realman. Ten pom\u00e1h\u00e1 sv\u00fdm klient\u016fm \u0159e\u0161it ot\u00e1zky ohledn\u011b bezpe\u010dnosti dat ji\u017e 10 let.\u00a0\u201eSoftware bezplatn\u011b roz\u0161\u00ed\u0159\u00ed mo\u017enost vkl\u00e1d\u00e1n\u00ed souhlas\u016f do syst\u00e9mu tak, aby pozd\u011bji realitn\u00ed kancel\u00e1\u0159e mohli tento souhlas dolo\u017eit, v p\u0159\u00edpad\u011b \u017ee budou vyzv\u00e1n\u00ed ze strany kontroln\u00edch org\u00e1n\u016f,\u201c\u00a0komentuje\u00a0Martin Kroupa, marketingov\u00fd a obchodn\u00ed mana\u017eer Realman s.r.o.\u201eUr\u010dit\u011b na\u0161e klienty nestra\u0161\u00edme sankc\u00ed, kter\u00e1 hroz\u00ed p\u0159i poru\u0161en\u00ed na\u0159\u00edzen\u00ed o GDPR. Na\u0161i klienti jsou zvykl\u00ed, \u017ee tyto v\u011bci \u0159e\u0161\u00edme za n\u011b,\u201c\u00a0dod\u00e1v\u00e1. Co mus\u00ed realitn\u00ed kancel\u00e1\u0159 zvl\u00e1dnout sama, je vy\u0159e\u0161it v\u017edy ot\u00e1zku nastaven\u00ed opr\u00e1vn\u011bn\u00ed v r\u00e1mci bezpe\u010dnosti dat a fungov\u00e1n\u00ed syst\u00e9mu na z\u00e1klad\u011b intern\u00edch pravidel \u010di sm\u011brnic dan\u00e9 spole\u010dnosti.\u00a0<\/p>\n<\/div>\n","protected":false},"excerpt":{"rendered":"<p>Na\u0159\u00edzen\u00ed o ochran\u011b osobn\u00edch \u00fadaj\u016f, d\u00e1le GDPR, vejde v platnost 25. kv\u011btna 2018. Oborov\u00e9 slu\u017eby Seznamu, jako nap\u0159\u00edklad Sreality, se na n\u011bj u\u017e intenzivn\u011b p\u0159ipravuj\u00ed. Jak\u00e9 zm\u011bny GDPR p\u0159in\u00e1\u0161\u00ed a co to bude znamenat pro inzerenty i realitn\u00ed kancel\u00e1\u0159e?\u00a0 P\u0159esto\u017ee GDPR p\u0159in\u00e1\u0161\u00ed a zp\u0159\u00eds\u0148uje pravidla pro nakl\u00e1d\u00e1n\u00ed s osobn\u00edmi daty fyzick\u00fdch osob, v jejich zpracov\u00e1n\u00ed [&hellip;]<\/p>\n","protected":false},"author":6,"featured_media":0,"parent":922,"menu_order":0,"comment_status":"closed","ping_status":"closed","template":"page-sidemenu","meta":{"_acf_changed":false,"_relevanssi_hide_post":"","_relevanssi_hide_content":"","_relevanssi_pin_for_all":"","_relevanssi_pin_keywords":"","_relevanssi_unpin_keywords":"","_relevanssi_related_keywords":"","_relevanssi_related_include_ids":"","_relevanssi_related_exclude_ids":"","_relevanssi_related_no_append":"","_relevanssi_related_not_related":"","_relevanssi_related_posts":"","_relevanssi_noindex_reason":"","footnotes":""},"page_category":[9],"page_tag":[],"service_status_category":[],"class_list":["post-808","page","type-page","status-publish","hentry"],"acf":[],"_links":{"self":[{"href":"https:\/\/o-seznam.cz\/napoveda\/sreality\/wp-json\/wp\/v2\/pages\/808","targetHints":{"allow":["GET"]}}],"collection":[{"href":"https:\/\/o-seznam.cz\/napoveda\/sreality\/wp-json\/wp\/v2\/pages"}],"about":[{"href":"https:\/\/o-seznam.cz\/napoveda\/sreality\/wp-json\/wp\/v2\/types\/page"}],"author":[{"embeddable":true,"href":"https:\/\/o-seznam.cz\/napoveda\/sreality\/wp-json\/wp\/v2\/users\/6"}],"replies":[{"embeddable":true,"href":"https:\/\/o-seznam.cz\/napoveda\/sreality\/wp-json\/wp\/v2\/comments?post=808"}],"version-history":[{"count":1,"href":"https:\/\/o-seznam.cz\/napoveda\/sreality\/wp-json\/wp\/v2\/pages\/808\/revisions"}],"predecessor-version":[{"id":809,"href":"https:\/\/o-seznam.cz\/napoveda\/sreality\/wp-json\/wp\/v2\/pages\/808\/revisions\/809"}],"up":[{"embeddable":true,"href":"https:\/\/o-seznam.cz\/napoveda\/sreality\/wp-json\/wp\/v2\/pages\/922"}],"wp:attachment":[{"href":"https:\/\/o-seznam.cz\/napoveda\/sreality\/wp-json\/wp\/v2\/media?parent=808"}],"wp:term":[{"taxonomy":"page_category","embeddable":true,"href":"https:\/\/o-seznam.cz\/napoveda\/sreality\/wp-json\/wp\/v2\/page_category?post=808"},{"taxonomy":"page_tag","embeddable":true,"href":"https:\/\/o-seznam.cz\/napoveda\/sreality\/wp-json\/wp\/v2\/page_tag?post=808"},{"taxonomy":"service_status_category","embeddable":true,"href":"https:\/\/o-seznam.cz\/napoveda\/sreality\/wp-json\/wp\/v2\/service_status_category?post=808"}],"curies":[{"name":"wp","href":"https:\/\/api.w.org\/{rel}","templated":true}]}}