{"id":746,"date":"2024-10-03T17:14:56","date_gmt":"2024-10-03T15:14:56","guid":{"rendered":"https:\/\/o-seznam.cz\/napoveda\/sreality\/?page_id=746"},"modified":"2025-05-23T16:00:16","modified_gmt":"2025-05-23T14:00:16","slug":"o-sluzbe-sreality-cz","status":"publish","type":"page","link":"https:\/\/o-seznam.cz\/napoveda\/sreality\/o-sluzbe-sreality-cz\/","title":{"rendered":"O slu\u017eb\u011b Sreality.cz"},"content":{"rendered":"\n<div class=\"wp-block-group is-layout-constrained wp-block-group-is-layout-constrained\">\n<p>Sreality.cz se staly obl\u00edbenou volbou mezi u\u017eivateli, kte\u0159\u00ed hledaj\u00ed sv\u00e9 vysn\u011bn\u00e9 bydlen\u00ed. S nab\u00eddkou v\u00edce ne\u017e 100 000 nemovitost\u00ed od v\u00edce ne\u017e 3 000 realitn\u00edch kancel\u00e1\u0159\u00ed a jednotlivc\u016f je ide\u00e1ln\u00edm m\u00edstem pro hled\u00e1n\u00ed domova.<\/p>\n\n\n\n<p>Sreality.cz poskytuj\u00ed prostor pro v\u0161echny, kdo nab\u00edz\u00ed nebo hled\u00e1 nemovitost.<\/p>\n\n\n\n<div class=\"wp-block-group is-layout-constrained wp-block-group-is-layout-constrained\">\n<p>Prezentac\u00ed nemovitost\u00ed na serveru Sreality.cz jako realitn\u00ed kancel\u00e1\u0159 \u010di developer z\u00edsk\u00e1te:<\/p>\n\n\n\n<ul class=\"wp-block-list\">\n<li>Garanci dlouhodob\u011b vysok\u00e9 n\u00e1v\u0161t\u011bvnosti (nez\u00e1visle auditov\u00e1no Netmonitor.cz) a nov\u00e9 z\u00e1kazn\u00edky z cel\u00e9 \u010cesk\u00e9 republiky a zahrani\u010d\u00ed<\/li>\n\n\n\n<li>Jednoduch\u00e9 zad\u00e1v\u00e1n\u00ed cel\u00e9ho portfolia nemovitost\u00ed do jednotn\u00e9 komplexn\u00ed datab\u00e1ze<\/li>\n\n\n\n<li>Profesion\u00e1ln\u00ed prezentaci nab\u00eddek nemovitost\u00ed s mo\u017enost\u00ed jednoduch\u00e9ho strukturovan\u00e9ho vyhled\u00e1v\u00e1n\u00ed (v\u010detn\u011b mobiln\u00ed a anglick\u00e9 \u010di rusk\u00e9 verze str\u00e1nek)<\/li>\n\n\n\n<li>Podrobn\u00fd p\u0159ehled o n\u00e1v\u0161t\u011bvnosti a zobrazen\u00ed publikovan\u00fdch inzer\u00e1t\u016f<\/li>\n\n\n\n<li>Mo\u017enost unik\u00e1tn\u00edho zv\u00fdhodn\u011bn\u00ed inzer\u00e1t\u016f pomoc\u00ed atraktivn\u00edch form\u00e1t\u016f (Topov\u00e1n\u00ed, p\u0159ednostn\u00ed v\u00fdpis \u2013 Tip regionu, Tip makl\u00e9\u0159e, bannerov\u00e9 plochy)<\/li>\n<\/ul>\n<\/div>\n\n\n\n<p>Datab\u00e1ze realitn\u00edho serveru shroma\u017e\u010fuje nab\u00eddky nemovitost\u00ed z \u010desk\u00e9ho realitn\u00edho trhu p\u0159\u00edmo od majitel\u016f nemovitost\u00ed nebo realitn\u00edch kancel\u00e1\u0159\u00ed. Z\u00e1jemc\u016fm o koupi \u010di pron\u00e1jem nemovitosti zaru\u010duje 24 hodin denn\u011b aktu\u00e1ln\u00ed \u00fadaje a rychl\u00e9 vyhled\u00e1v\u00e1n\u00ed pomoc\u00ed filtr\u016f. Prezentace jednotliv\u00fdch inzer\u00e1t\u016f obsahuje detailn\u00ed popisy nemovitost\u00ed v\u010detn\u011b fotografi\u00ed, videoprohl\u00eddek, st\u00e1le v\u00edce se roz\u0161i\u0159uj\u00edc\u00edch virtu\u00e1ln\u00edch prohl\u00eddek a mapy okol\u00ed.<\/p>\n\n\n\n<p>V sou\u010dasn\u00e9 dob\u011b pat\u0159\u00ed Sreality.cz mezi nejvyhled\u00e1van\u011bj\u0161\u00ed a nejnav\u0161t\u011bvovan\u011bj\u0161\u00ed realitn\u00ed adresy na \u010desk\u00e9m internetu.<\/p>\n\n\n\n<p>Sreality.cz podporuj\u00ed rozvoj realitn\u00edho trhu, \u010dinnost realitn\u00edch kancel\u00e1\u0159\u00ed a v\u0161echny aktivity, kter\u00e9 sm\u011b\u0159uj\u00ed ke konsolidaci a dodr\u017eov\u00e1n\u00ed etick\u00e9ho kodexu prodeje. Poskytuj\u00ed snadno ovladateln\u00fd n\u00e1stroj na vyhled\u00e1v\u00e1n\u00ed konkr\u00e9tn\u00edch nemovitost\u00ed. Nab\u00eddky nemovitost\u00ed jsou rozd\u011blen\u00e9 do sekc\u00ed a je mo\u017en\u00e9 je t\u0159\u00eddit podle regionu, typu, ceny, formy vlastnictv\u00ed, velikosti a dal\u0161\u00edch parametr\u016f.<\/p>\n\n\n\n<p class=\"is-style-link-external\">Sreality.cz jsou aktu\u00e1ln\u00ed a garantuj\u00ed vysokou n\u00e1v\u0161t\u011bvnost. Zpoplatn\u011bn\u00edm inzer\u00e1t\u016f a kontrolou obsahu dosahuje server maxim\u00e1ln\u00edho zkvalitn\u011bn\u00ed obsa\u017een\u00fdch nab\u00eddek. <\/p>\n<\/div>\n","protected":false},"excerpt":{"rendered":"<p>Sreality.cz se staly obl\u00edbenou volbou mezi u\u017eivateli, kte\u0159\u00ed hledaj\u00ed sv\u00e9 vysn\u011bn\u00e9 bydlen\u00ed. S nab\u00eddkou v\u00edce ne\u017e 100 000 nemovitost\u00ed od v\u00edce ne\u017e 3 000 realitn\u00edch kancel\u00e1\u0159\u00ed a jednotlivc\u016f je ide\u00e1ln\u00edm m\u00edstem pro hled\u00e1n\u00ed domova. Sreality.cz poskytuj\u00ed prostor pro v\u0161echny, kdo nab\u00edz\u00ed nebo hled\u00e1 nemovitost. Prezentac\u00ed nemovitost\u00ed na serveru Sreality.cz jako realitn\u00ed kancel\u00e1\u0159 \u010di developer z\u00edsk\u00e1te: [&hellip;]<\/p>\n","protected":false},"author":6,"featured_media":0,"parent":0,"menu_order":0,"comment_status":"closed","ping_status":"closed","template":"page-sidemenu","meta":{"_acf_changed":false,"_relevanssi_hide_post":"","_relevanssi_hide_content":"","_relevanssi_pin_for_all":"","_relevanssi_pin_keywords":"","_relevanssi_unpin_keywords":"","_relevanssi_related_keywords":"","_relevanssi_related_include_ids":"","_relevanssi_related_exclude_ids":"","_relevanssi_related_no_append":"","_relevanssi_related_not_related":"","_relevanssi_related_posts":"","_relevanssi_noindex_reason":"","footnotes":""},"page_category":[10],"page_tag":[],"service_status_category":[],"class_list":["post-746","page","type-page","status-publish","hentry"],"acf":[],"_links":{"self":[{"href":"https:\/\/o-seznam.cz\/napoveda\/sreality\/wp-json\/wp\/v2\/pages\/746","targetHints":{"allow":["GET"]}}],"collection":[{"href":"https:\/\/o-seznam.cz\/napoveda\/sreality\/wp-json\/wp\/v2\/pages"}],"about":[{"href":"https:\/\/o-seznam.cz\/napoveda\/sreality\/wp-json\/wp\/v2\/types\/page"}],"author":[{"embeddable":true,"href":"https:\/\/o-seznam.cz\/napoveda\/sreality\/wp-json\/wp\/v2\/users\/6"}],"replies":[{"embeddable":true,"href":"https:\/\/o-seznam.cz\/napoveda\/sreality\/wp-json\/wp\/v2\/comments?post=746"}],"version-history":[{"count":6,"href":"https:\/\/o-seznam.cz\/napoveda\/sreality\/wp-json\/wp\/v2\/pages\/746\/revisions"}],"predecessor-version":[{"id":1396,"href":"https:\/\/o-seznam.cz\/napoveda\/sreality\/wp-json\/wp\/v2\/pages\/746\/revisions\/1396"}],"wp:attachment":[{"href":"https:\/\/o-seznam.cz\/napoveda\/sreality\/wp-json\/wp\/v2\/media?parent=746"}],"wp:term":[{"taxonomy":"page_category","embeddable":true,"href":"https:\/\/o-seznam.cz\/napoveda\/sreality\/wp-json\/wp\/v2\/page_category?post=746"},{"taxonomy":"page_tag","embeddable":true,"href":"https:\/\/o-seznam.cz\/napoveda\/sreality\/wp-json\/wp\/v2\/page_tag?post=746"},{"taxonomy":"service_status_category","embeddable":true,"href":"https:\/\/o-seznam.cz\/napoveda\/sreality\/wp-json\/wp\/v2\/service_status_category?post=746"}],"curies":[{"name":"wp","href":"https:\/\/api.w.org\/{rel}","templated":true}]}}