{"id":49,"date":"2024-09-05T01:50:32","date_gmt":"2024-09-04T23:50:32","guid":{"rendered":"https:\/\/o-seznam.cz\/napoveda\/sreality\/?page_id=49"},"modified":"2025-05-23T10:35:52","modified_gmt":"2025-05-23T08:35:52","slug":"dobiti-kreditu","status":"publish","type":"page","link":"https:\/\/o-seznam.cz\/napoveda\/sreality\/pro-realitni-kancelare\/dobiti-kreditu\/","title":{"rendered":"Dobit\u00ed kreditu"},"content":{"rendered":"\n<div class=\"wp-block-group is-layout-constrained wp-block-group-is-layout-constrained\">\n<p>D\u016fvodem nulov\u00e9ho kreditu m\u016f\u017ee b\u00fdt:<\/p>\n\n\n\n<ul class=\"wp-block-list\">\n<li>Vy\u010derp\u00e1n\u00ed kreditu za platbu inzerce<\/li>\n\n\n\n<li>Nep\u00e1rov\u00e1n\u00ed pen\u011b\u017e p\u0159i nab\u00edjen\u00ed kreditu p\u0159evodem z \u00fa\u010dtu<\/li>\n\n\n\n<li>Nabit\u00ed p\u0159i p\u0159ihl\u00e1\u0161en\u00ed jin\u00fdm e-mailem, ne\u017e kter\u00fd pou\u017e\u00edv\u00e1te pro inzerci na Sreality.cz<\/li>\n<\/ul>\n\n\n\n<p>Kredit m\u016f\u017eete dob\u00edt po p\u0159ihl\u00e1\u0161en\u00ed do administra\u010dn\u00edho rozhran\u00ed\u00a0Pen\u011b\u017eenky\u00a0(viz\u00a0nab\u00edt pen\u011b\u017eenku\u00a0v Sreality.cz administraci).<\/p>\n<\/div>\n\n\n\n<div class=\"wp-block-group is-layout-constrained wp-block-group-is-layout-constrained\">\n<h2 class=\"wp-block-heading\" id=\"prostednictvim-obchodnika\">Prost\u0159ednictv\u00edm obchodn\u00edka<\/h2>\n\n\n\n<p>Pokud dob\u00edj\u00edte kredit\u00a0prost\u0159ednictv\u00edm obchodn\u00edka, po zaplacen\u00ed proforma faktury je nutn\u00e9 vy\u010dkat cca 3 pracovn\u00ed dny, ne\u017e se pen\u00edze p\u0159ip\u00ed\u0161\u00ed na n\u00e1\u0161 \u00fa\u010det a platba bude zpracov\u00e1na.\u00a0Pokud nebude kredit ani po t\u00e9to dob\u011b nav\u00fd\u0161en, kontaktujte na\u0161e obchodn\u00edky.<\/p>\n<\/div>\n\n\n\n<div class=\"wp-block-group is-layout-constrained wp-block-group-is-layout-constrained\">\n<h2 class=\"wp-block-heading\" id=\"prevodem-z-uctu\">P\u0159evodem z \u00fa\u010dtu<\/h2>\n\n\n\n<p>Pokud jste dob\u00edjeli kredit\u00a0p\u0159evodem z \u00fa\u010dtu, je nutn\u00e9 po\u010dkat 2\u20133 pracovn\u00ed dny, ne\u017e prob\u011bhne p\u0159evod pen\u011bz na n\u00e1\u0161 \u00fa\u010det. Jestli\u017ee ani po t\u00e9to dob\u011b nebude kredit nav\u00fd\u0161en, zkontrolujte, kterou \u010d\u00e1st pen\u011b\u017eenky jste si dobili, nebo kontaktujte na\u0161e obchodn\u00edky.<\/p>\n<\/div>\n\n\n\n<div class=\"wp-block-group is-layout-constrained wp-block-group-is-layout-constrained\">\n<h2 class=\"wp-block-heading\" id=\"online-platbou\">Online platbou<\/h2>\n\n\n\n<p>V p\u0159\u00edpad\u011b, \u017ee dob\u00edj\u00edte kredit metodou online platby, kredit se do administra\u010dn\u00edho rozhran\u00ed na\u010dte nejpozd\u011bji do 30 minut po ulo\u017een\u00ed zm\u011bn.<\/p>\n<\/div>\n","protected":false},"excerpt":{"rendered":"<p>D\u016fvodem nulov\u00e9ho kreditu m\u016f\u017ee b\u00fdt: Kredit m\u016f\u017eete dob\u00edt po p\u0159ihl\u00e1\u0161en\u00ed do administra\u010dn\u00edho rozhran\u00ed\u00a0Pen\u011b\u017eenky\u00a0(viz\u00a0nab\u00edt pen\u011b\u017eenku\u00a0v Sreality.cz administraci). Prost\u0159ednictv\u00edm obchodn\u00edka Pokud dob\u00edj\u00edte kredit\u00a0prost\u0159ednictv\u00edm obchodn\u00edka, po zaplacen\u00ed proforma faktury je nutn\u00e9 vy\u010dkat cca 3 pracovn\u00ed dny, ne\u017e se pen\u00edze p\u0159ip\u00ed\u0161\u00ed na n\u00e1\u0161 \u00fa\u010det a platba bude zpracov\u00e1na.\u00a0Pokud nebude kredit ani po t\u00e9to dob\u011b nav\u00fd\u0161en, kontaktujte na\u0161e obchodn\u00edky. P\u0159evodem [&hellip;]<\/p>\n","protected":false},"author":6,"featured_media":0,"parent":97,"menu_order":2,"comment_status":"closed","ping_status":"closed","template":"page-sidemenu","meta":{"_acf_changed":false,"_relevanssi_hide_post":"","_relevanssi_hide_content":"","_relevanssi_pin_for_all":"","_relevanssi_pin_keywords":"","_relevanssi_unpin_keywords":"","_relevanssi_related_keywords":"","_relevanssi_related_include_ids":"","_relevanssi_related_exclude_ids":"","_relevanssi_related_no_append":"","_relevanssi_related_not_related":"","_relevanssi_related_posts":"","_relevanssi_noindex_reason":"","footnotes":""},"page_category":[4],"page_tag":[],"service_status_category":[],"class_list":["post-49","page","type-page","status-publish","hentry"],"acf":[],"_links":{"self":[{"href":"https:\/\/o-seznam.cz\/napoveda\/sreality\/wp-json\/wp\/v2\/pages\/49","targetHints":{"allow":["GET"]}}],"collection":[{"href":"https:\/\/o-seznam.cz\/napoveda\/sreality\/wp-json\/wp\/v2\/pages"}],"about":[{"href":"https:\/\/o-seznam.cz\/napoveda\/sreality\/wp-json\/wp\/v2\/types\/page"}],"author":[{"embeddable":true,"href":"https:\/\/o-seznam.cz\/napoveda\/sreality\/wp-json\/wp\/v2\/users\/6"}],"replies":[{"embeddable":true,"href":"https:\/\/o-seznam.cz\/napoveda\/sreality\/wp-json\/wp\/v2\/comments?post=49"}],"version-history":[{"count":8,"href":"https:\/\/o-seznam.cz\/napoveda\/sreality\/wp-json\/wp\/v2\/pages\/49\/revisions"}],"predecessor-version":[{"id":1351,"href":"https:\/\/o-seznam.cz\/napoveda\/sreality\/wp-json\/wp\/v2\/pages\/49\/revisions\/1351"}],"up":[{"embeddable":true,"href":"https:\/\/o-seznam.cz\/napoveda\/sreality\/wp-json\/wp\/v2\/pages\/97"}],"wp:attachment":[{"href":"https:\/\/o-seznam.cz\/napoveda\/sreality\/wp-json\/wp\/v2\/media?parent=49"}],"wp:term":[{"taxonomy":"page_category","embeddable":true,"href":"https:\/\/o-seznam.cz\/napoveda\/sreality\/wp-json\/wp\/v2\/page_category?post=49"},{"taxonomy":"page_tag","embeddable":true,"href":"https:\/\/o-seznam.cz\/napoveda\/sreality\/wp-json\/wp\/v2\/page_tag?post=49"},{"taxonomy":"service_status_category","embeddable":true,"href":"https:\/\/o-seznam.cz\/napoveda\/sreality\/wp-json\/wp\/v2\/service_status_category?post=49"}],"curies":[{"name":"wp","href":"https:\/\/api.w.org\/{rel}","templated":true}]}}