{"id":187,"date":"2024-09-05T01:00:13","date_gmt":"2024-09-04T23:00:13","guid":{"rendered":"https:\/\/o-seznam.cz\/napoveda\/sreality\/?page_id=187"},"modified":"2024-10-06T12:40:46","modified_gmt":"2024-10-06T10:40:46","slug":"navod","status":"publish","type":"page","link":"https:\/\/o-seznam.cz\/napoveda\/sreality\/pro-realitni-kancelare\/tip-logo\/navod\/","title":{"rendered":"N\u00e1vod pro Tip logo"},"content":{"rendered":"\n<div class=\"wp-block-group is-layout-constrained wp-block-group-is-layout-constrained\">\n<p>Tip logo je reklamn\u00ed form\u00e1t ve v\u00fdpisu inzer\u00e1t\u016f na Sreality.cz. Zobrazuje se u&nbsp;v\u0161ech vystaven\u00fdch inzer\u00e1t\u016f realitn\u00ed kancel\u00e1\u0159e, \u010d\u00edm\u017e j\u00ed pom\u00e1h\u00e1 se zviditeln\u011bn\u00edm zna\u010dky.<\/p>\n<\/div>\n\n\n\n<div class=\"wp-block-group is-layout-constrained wp-block-group-is-layout-constrained\">\n<h2 class=\"wp-block-heading\" id=\"zobrazeni\">Kdy a kde se zobrazuje<\/h2>\n\n\n\n<ul class=\"wp-block-list\">\n<li>Cel\u00fd den u ka\u017ed\u00e9ho inzer\u00e1tu ve v\u00fdpisu<\/li>\n<\/ul>\n<\/div>\n\n\n\n<div class=\"wp-block-group is-layout-constrained wp-block-group-is-layout-constrained\">\n<h2 class=\"wp-block-heading\" id=\"objednavka\">Jak se objedn\u00e1v\u00e1<\/h2>\n\n\n\n<ul class=\"wp-block-list\">\n<li>V administra\u010dn\u00edm rozhran\u00ed Sreality.cz<\/li>\n\n\n\n<li>Cena Tip loga je 0,25 K\u010d bez DPH za jeden inzer\u00e1t a\u00a0den. Hrad\u00ed se automaticky z\u00a0p\u0159ednabit\u00e9 pen\u011b\u017eenky<\/li>\n<\/ul>\n<\/div>\n","protected":false},"excerpt":{"rendered":"<p>Tip logo je reklamn\u00ed form\u00e1t ve v\u00fdpisu inzer\u00e1t\u016f na Sreality.cz. Zobrazuje se u&nbsp;v\u0161ech vystaven\u00fdch inzer\u00e1t\u016f realitn\u00ed kancel\u00e1\u0159e, \u010d\u00edm\u017e j\u00ed pom\u00e1h\u00e1 se zviditeln\u011bn\u00edm zna\u010dky. Kdy a kde se zobrazuje Jak se objedn\u00e1v\u00e1<\/p>\n","protected":false},"author":6,"featured_media":0,"parent":185,"menu_order":0,"comment_status":"closed","ping_status":"closed","template":"page-sidemenu","meta":{"_acf_changed":false,"_relevanssi_hide_post":"","_relevanssi_hide_content":"","_relevanssi_pin_for_all":"","_relevanssi_pin_keywords":"","_relevanssi_unpin_keywords":"","_relevanssi_related_keywords":"","_relevanssi_related_include_ids":"","_relevanssi_related_exclude_ids":"","_relevanssi_related_no_append":"","_relevanssi_related_not_related":"","_relevanssi_related_posts":"","_relevanssi_noindex_reason":"","footnotes":""},"page_category":[4],"page_tag":[],"service_status_category":[],"class_list":["post-187","page","type-page","status-publish","hentry"],"acf":[],"_links":{"self":[{"href":"https:\/\/o-seznam.cz\/napoveda\/sreality\/wp-json\/wp\/v2\/pages\/187","targetHints":{"allow":["GET"]}}],"collection":[{"href":"https:\/\/o-seznam.cz\/napoveda\/sreality\/wp-json\/wp\/v2\/pages"}],"about":[{"href":"https:\/\/o-seznam.cz\/napoveda\/sreality\/wp-json\/wp\/v2\/types\/page"}],"author":[{"embeddable":true,"href":"https:\/\/o-seznam.cz\/napoveda\/sreality\/wp-json\/wp\/v2\/users\/6"}],"replies":[{"embeddable":true,"href":"https:\/\/o-seznam.cz\/napoveda\/sreality\/wp-json\/wp\/v2\/comments?post=187"}],"version-history":[{"count":8,"href":"https:\/\/o-seznam.cz\/napoveda\/sreality\/wp-json\/wp\/v2\/pages\/187\/revisions"}],"predecessor-version":[{"id":941,"href":"https:\/\/o-seznam.cz\/napoveda\/sreality\/wp-json\/wp\/v2\/pages\/187\/revisions\/941"}],"up":[{"embeddable":true,"href":"https:\/\/o-seznam.cz\/napoveda\/sreality\/wp-json\/wp\/v2\/pages\/185"}],"wp:attachment":[{"href":"https:\/\/o-seznam.cz\/napoveda\/sreality\/wp-json\/wp\/v2\/media?parent=187"}],"wp:term":[{"taxonomy":"page_category","embeddable":true,"href":"https:\/\/o-seznam.cz\/napoveda\/sreality\/wp-json\/wp\/v2\/page_category?post=187"},{"taxonomy":"page_tag","embeddable":true,"href":"https:\/\/o-seznam.cz\/napoveda\/sreality\/wp-json\/wp\/v2\/page_tag?post=187"},{"taxonomy":"service_status_category","embeddable":true,"href":"https:\/\/o-seznam.cz\/napoveda\/sreality\/wp-json\/wp\/v2\/service_status_category?post=187"}],"curies":[{"name":"wp","href":"https:\/\/api.w.org\/{rel}","templated":true}]}}