{"id":179,"date":"2024-09-05T01:10:04","date_gmt":"2024-09-04T23:10:04","guid":{"rendered":"https:\/\/o-seznam.cz\/napoveda\/sreality\/?page_id=179"},"modified":"2024-10-06T12:28:13","modified_gmt":"2024-10-06T10:28:13","slug":"navod","status":"publish","type":"page","link":"https:\/\/o-seznam.cz\/napoveda\/sreality\/pro-realitni-kancelare\/tip-regionu\/navod\/","title":{"rendered":"N\u00e1vod pro Tip regionu"},"content":{"rendered":"\n<div class=\"wp-block-group is-layout-constrained wp-block-group-is-layout-constrained\">\n<p>Tip regionu&nbsp;je reklamn\u00ed form\u00e1t, ve kter\u00e9m m\u016f\u017eete sv\u00e9 inzer\u00e1ty efektivn\u011b zv\u00fdraznit na str\u00e1nk\u00e1ch Sreality.cz. Tip regionu je c\u00edlen\u00fd region\u00e1ln\u011b a\u017e do \u00farovn\u011b okresu.<\/p>\n<\/div>\n\n\n\n<div class=\"wp-block-group is-layout-constrained wp-block-group-is-layout-constrained\">\n<h2 class=\"wp-block-heading\" id=\"zobrazeni\">Kdy a kde se zobrazuje<\/h2>\n\n\n\n<ul class=\"wp-block-list\">\n<li>Po cel\u00fd den na ka\u017ed\u00e9 str\u00e1nce v\u00fdpisu inzer\u00e1t\u016f. Maxim\u00e1ln\u011b na jedn\u00e9 pozici<\/li>\n\n\n\n<li>S nastaven\u00fdm filtrem v\u00fdpisu inzer\u00e1t\u016f. Pro zobrazen\u00ed mus\u00ed b\u00fdt ve vyhled\u00e1v\u00e1n\u00ed zadan\u00fd alespo\u0148 typ prodeje, kategorie nemovitosti a lokalita<\/li>\n\n\n\n<li>Na zobrazen\u00ed pozice nem\u00e1 vliv \u0159azen\u00ed inzer\u00e1t\u016f (nap\u0159. podle ceny)<\/li>\n<\/ul>\n<\/div>\n\n\n\n<div class=\"wp-block-group is-layout-constrained wp-block-group-is-layout-constrained\">\n<h2 class=\"wp-block-heading\" id=\"objednavka\">Jak se objedn\u00e1v\u00e1<\/h2>\n\n\n\n<ul class=\"wp-block-list\">\n<li>V administra\u010dn\u00edm rozhran\u00ed Srealit.cz. Zad\u00e1v\u00e1 se lokalita, typ prodeje a kategorie nemovitosti<\/li>\n\n\n\n<li>Lokalitu je mo\u017en\u00e9 specifikovat na kraj, okres nebo obvod Prahy<\/li>\n\n\n\n<li>Typ prodeje m\u016f\u017ee b\u00fdt prodej nebo pron\u00e1jem (nelze zad\u00e1vat dra\u017eby)<\/li>\n\n\n\n<li>Kategorie jsou: mal\u00e9, st\u0159edn\u00ed a velk\u00e9 byty (viz tabulka \u201eKategorie byt\u016f\u201c), domy, pozemky, komer\u010dn\u00ed a ostatn\u00ed<\/li>\n\n\n\n<li>Do objednan\u00e9ho Tipu regionu m\u016f\u017eete vlo\u017eit v\u0161echny nab\u00eddky, kter\u00e9 spadaj\u00ed do objednan\u00e9ho c\u00edlen\u00ed. Cena z\u016fstane st\u00e1le stejn\u00e1. Viz <a href=\"https:\/\/o-seznam.cz\/napoveda\/sreality\/cenik-sluzeb\/\" data-type=\"page\" data-id=\"691\">cen\u00edk<\/a> dle c\u00edlen\u00ed<\/li>\n\n\n\n<li>Doporu\u010dujeme jich ale vybrat maxim\u00e1ln\u011b 5\u201310. V r\u00e1mci zvolen\u00e9ho obdob\u00ed je m\u016f\u017eete libovoln\u011b m\u011bnit<\/li>\n<\/ul>\n<\/div>\n","protected":false},"excerpt":{"rendered":"<p>Tip regionu&nbsp;je reklamn\u00ed form\u00e1t, ve kter\u00e9m m\u016f\u017eete sv\u00e9 inzer\u00e1ty efektivn\u011b zv\u00fdraznit na str\u00e1nk\u00e1ch Sreality.cz. Tip regionu je c\u00edlen\u00fd region\u00e1ln\u011b a\u017e do \u00farovn\u011b okresu. Kdy a kde se zobrazuje Jak se objedn\u00e1v\u00e1<\/p>\n","protected":false},"author":6,"featured_media":0,"parent":175,"menu_order":0,"comment_status":"closed","ping_status":"closed","template":"page-sidemenu","meta":{"_acf_changed":false,"_relevanssi_hide_post":"","_relevanssi_hide_content":"","_relevanssi_pin_for_all":"","_relevanssi_pin_keywords":"","_relevanssi_unpin_keywords":"","_relevanssi_related_keywords":"","_relevanssi_related_include_ids":"","_relevanssi_related_exclude_ids":"","_relevanssi_related_no_append":"","_relevanssi_related_not_related":"","_relevanssi_related_posts":"","_relevanssi_noindex_reason":"","footnotes":""},"page_category":[4],"page_tag":[],"service_status_category":[],"class_list":["post-179","page","type-page","status-publish","hentry"],"acf":[],"_links":{"self":[{"href":"https:\/\/o-seznam.cz\/napoveda\/sreality\/wp-json\/wp\/v2\/pages\/179","targetHints":{"allow":["GET"]}}],"collection":[{"href":"https:\/\/o-seznam.cz\/napoveda\/sreality\/wp-json\/wp\/v2\/pages"}],"about":[{"href":"https:\/\/o-seznam.cz\/napoveda\/sreality\/wp-json\/wp\/v2\/types\/page"}],"author":[{"embeddable":true,"href":"https:\/\/o-seznam.cz\/napoveda\/sreality\/wp-json\/wp\/v2\/users\/6"}],"replies":[{"embeddable":true,"href":"https:\/\/o-seznam.cz\/napoveda\/sreality\/wp-json\/wp\/v2\/comments?post=179"}],"version-history":[{"count":7,"href":"https:\/\/o-seznam.cz\/napoveda\/sreality\/wp-json\/wp\/v2\/pages\/179\/revisions"}],"predecessor-version":[{"id":935,"href":"https:\/\/o-seznam.cz\/napoveda\/sreality\/wp-json\/wp\/v2\/pages\/179\/revisions\/935"}],"up":[{"embeddable":true,"href":"https:\/\/o-seznam.cz\/napoveda\/sreality\/wp-json\/wp\/v2\/pages\/175"}],"wp:attachment":[{"href":"https:\/\/o-seznam.cz\/napoveda\/sreality\/wp-json\/wp\/v2\/media?parent=179"}],"wp:term":[{"taxonomy":"page_category","embeddable":true,"href":"https:\/\/o-seznam.cz\/napoveda\/sreality\/wp-json\/wp\/v2\/page_category?post=179"},{"taxonomy":"page_tag","embeddable":true,"href":"https:\/\/o-seznam.cz\/napoveda\/sreality\/wp-json\/wp\/v2\/page_tag?post=179"},{"taxonomy":"service_status_category","embeddable":true,"href":"https:\/\/o-seznam.cz\/napoveda\/sreality\/wp-json\/wp\/v2\/service_status_category?post=179"}],"curies":[{"name":"wp","href":"https:\/\/api.w.org\/{rel}","templated":true}]}}