{"id":132,"date":"2024-09-05T01:12:14","date_gmt":"2024-09-04T23:12:14","guid":{"rendered":"https:\/\/o-seznam.cz\/napoveda\/sreality\/?page_id=132"},"modified":"2026-02-10T14:28:23","modified_gmt":"2026-02-10T13:28:23","slug":"sprava-inzeratu","status":"publish","type":"page","link":"https:\/\/o-seznam.cz\/napoveda\/sreality\/pro-realitni-kancelare\/sprava-inzeratu\/","title":{"rendered":"Spr\u00e1va inzer\u00e1t\u016f"},"content":{"rendered":"\n<div class=\"wp-block-group is-layout-constrained wp-block-group-is-layout-constrained\">\n<p>V\u00e1mi spravovan\u00e9 inzer\u00e1ty je mo\u017en\u00e9, pro snaz\u0161\u00ed pr\u00e1ci s nimi, podle ur\u010dit\u00fdch krit\u00e9rii vyfiltrovat  \u2013  podle typu, kategorie, st\u00e1tu, kraje, okresu, stavu, \u010di st\u00e1\u0159\u00ed inzer\u00e1tu.<\/p>\n\n\n\n<p>Inzer\u00e1ty m\u016f\u017eete upravovat,  sledovat jejich statistiku a historii zm\u011bn.<\/p>\n<\/div>\n\n\n\n<div class=\"wp-block-group is-layout-constrained wp-block-group-is-layout-constrained\">\n<h2 class=\"wp-block-heading\" id=\"vypis-inzeratu\"><strong>V\u00fdpis inzer\u00e1tu<\/strong><\/h2>\n\n\n\n<div class=\"wp-block-group is-layout-constrained wp-block-group-is-layout-constrained\">\n<h3 class=\"wp-block-heading\">Stav inzer\u00e1tu<\/h3>\n\n\n\n<ul class=\"wp-block-list\">\n<li>\u201eSmazan\u00fd inzer\u00e1t\u201c \u2013 pokud inzer\u00e1t sma\u017eete \u2013  z\u016fstane v datab\u00e1zi 40 dn\u00ed ve stavu smazan\u00fd, pot\u00e9 se p\u0159esune do arch\u00edvu, odkud ho nen\u00ed mo\u017en\u00e9 vr\u00e1tit do publikovan\u00e9ho stavu. Inzer\u00e1t je t\u0159eba zadat znovu<\/li>\n\n\n\n<li>\u201ePublikov\u00e1no\u201c \u2013 inzer\u00e1t je na serveru aktivn\u00ed a zobrazuje se<\/li>\n\n\n\n<li>\u201eRozpracovan\u00fd inzer\u00e1t\u201c \u2013 pokud u inzer\u00e1tu nejsou vypln\u011bny v\u0161echny povinn\u00e9 polo\u017eky \u010di dokon\u010den\u00e9 v\u0161echny kroky zad\u00e1v\u00e1n\u00ed inzer\u00e1tu, nebo pokud zad\u00e1v\u00e1n\u00ed p\u0159eru\u0161\u00edte,  ulo\u017e\u00ed se inzer\u00e1t do tohoto stavu<\/li>\n\n\n\n<li>\u201e\u010cek\u00e1 na schv\u00e1len\u00ed\u201c \u2013 pokud jsou vypln\u011bny v\u0161echny povinn\u00e9 polo\u017eky, je inzer\u00e1t ozna\u010den jako aktivn\u00ed \u2013 je p\u0159ipraven k publikaci<\/li>\n\n\n\n<li>\u201eZak\u00e1zan\u00fd inzer\u00e1t\u201c \u2013 pokud inzer\u00e1t poru\u0161uje obchodn\u00ed nebo inzertn\u00ed podm\u00ednky a byl zak\u00e1zan\u00fd administr\u00e1torem<\/li>\n\n\n\n<li>\u201eDuplicitn\u00ed inzer\u00e1t\u201c \u2013 pokud syst\u00e9m zjist\u00ed\u00a0shody ve vkl\u00e1dan\u00fdch inzer\u00e1tech ( nap\u0159. v zadan\u00e9 kategorii nemovitosti, v\u00fdm\u011b\u0159e, lokalit\u011b, cen\u011b a dal\u0161\u00edch), ozna\u010d\u00ed inzer\u00e1t jako duplicitn\u00ed a je nutn\u00e9 prodlou\u017eit platnost, nebo aktivovat p\u016fvodn\u00ed inzer\u00e1t<\/li>\n\n\n\n<li>\u201eNeaktivn\u00ed inzer\u00e1t\u201c&nbsp;\u2013 pokud u\u017eivatel inzer\u00e1t nepublikuje,&nbsp;odozna\u010d\u00ed se polo\u017eka aktivn\u00ed.<\/li>\n\n\n\n<li>\u201eTopovan\u00fd\u201c&nbsp;\u2013 pokud byl inzer\u00e1t dnes topovan\u00fd<\/li>\n<\/ul>\n<\/div>\n\n\n\n<div class=\"wp-block-group is-layout-constrained wp-block-group-is-layout-constrained\">\n<h3 class=\"wp-block-heading\">Akce u inzer\u00e1tu \u2013 mo\u017enosti<\/h3>\n\n\n\n<ul class=\"wp-block-list\">\n<li>Upravit inzer\u00e1t \u2013 mo\u017enost upraven\u00ed zadan\u00fdch polo\u017eek<\/li>\n\n\n\n<li>N\u00e1hled&nbsp;\u2013 zobraz\u00ed n\u00e1hled inzer\u00e1tu, jak se bude zobrazovat na webov\u00fdch str\u00e1nk\u00e1ch. Za n\u00e1hled se NEPLAT\u00cd<\/li>\n\n\n\n<li>P\u0159es dal\u0161\u00ed t\u0159i te\u010dky u inzer\u00e1tu se dostanete na dal\u0161\u00ed mo\u017enosti pr\u00e1ce s inzer\u00e1tem:\n<ul class=\"wp-block-list\">\n<li>P\u0159idat do Tip regionu<\/li>\n\n\n\n<li>Zobrazit statistiky \u2013 zobraz\u00ed detailn\u00ed statistiku dan\u00e9ho inzer\u00e1tu<\/li>\n\n\n\n<li>Editovat fotografie \u2013 vlo\u017een\u00ed a \u00faprava fotografi\u00ed<\/li>\n\n\n\n<li>Odstranit \u2013 mo\u017enost smaz\u00e1n\u00ed inzer\u00e1tu<\/li>\n\n\n\n<li>Deaktivovat \u2013 inzer\u00e1t se zneaktivn\u00ed<\/li>\n\n\n\n<li>Historie \u2013 historie zm\u011bn u inzer\u00e1tu<\/li>\n\n\n\n<li>Odpov\u011bdi na inzer\u00e1t \u2013 seznam zaslan\u00fdch popt\u00e1vek na inzer\u00e1t<\/li>\n\n\n\n<li>Prodlou\u017eit platnost \u2013 mo\u017enost zm\u011bny platnosti inzer\u00e1tu<\/li>\n<\/ul>\n<\/li>\n\n\n\n<li>Topovat<em>&nbsp;<\/em>\u2013 aktivuje vytopov\u00e1n\u00ed inzer\u00e1tu, p\u0159esune ho na p\u0159edn\u00ed pozice ve v\u00fdpisu inzer\u00e1t\u016f, kde vydr\u017e\u00ed , dokud n\u011bkdo jin\u00fd nevytopuje sv\u016fj inzer\u00e1t nebo nevlo\u017e\u00ed inzer\u00e1t nov\u00fd:\n<ul class=\"wp-block-list\">\n<li>Ka\u017ed\u00fd klient m\u016f\u017ee sv\u00e9 inzer\u00e1ty \u201etopovat\u201c a\u017e 3x denn\u011b pomoc\u00ed tla\u010d\u00edtka Topovat <\/li>\n\n\n\n<li>Jedn\u00e1 se o dopl\u0148kovou, placenou slu\u017ebu. V jednom dni m\u016f\u017ee b\u00fdt ka\u017ed\u00fd inzer\u00e1t topov\u00e1n, max. 3x. Ka\u017ed\u00e9 Topov\u00e1n\u00ed je zpoplatn\u011bno \u010d\u00e1stkou 25 K\u010d bez DPH<\/li>\n\n\n\n<li>M\u016f\u017eete si libovoln\u011b volit denn\u00ed dobu, ve kterou budete sv\u00e9 inzer\u00e1ty topovat<\/li>\n\n\n\n<li>V\u0161ichni u\u017eivatel\u00e9 maj\u00ed stejn\u00e9 pr\u00e1vo na topov\u00e1n\u00ed sv\u00fdch inzer\u00e1t\u016f kdykoli b\u011bhem dne, nem\u016f\u017eeme tedy zaru\u010dit  dobu, po kterou bude topovan\u00fd inzer\u00e1t zobrazen na prvn\u00edm m\u00edst\u011b <\/li>\n<\/ul>\n<\/li>\n<\/ul>\n\n\n\n<p>Pomoc\u00ed rozklik\u00e1vac\u00ed nab\u00eddky \u201eHromadn\u00e9 \u00fapravy&#8220; m\u016f\u017eete hromadn\u011b pracovat s inzer\u00e1ty. Zvolte inzer\u00e1t pomoc\u00ed za\u0161krt\u00e1vac\u00edho tla\u010d\u00edtka a n\u00e1sledn\u011b  p\u0159es \u201eVyber akci\u201c vyberte po\u017eadovanou \u00fapravu a potvrzen\u00edm dokon\u010d\u00edte.<\/p>\n<\/div>\n<\/div>\n\n\n\n<div class=\"wp-block-group is-layout-constrained wp-block-group-is-layout-constrained\">\n<h2 class=\"wp-block-heading\" id=\"novy-inzerat\">Inzer\u00e1t \u2013 Nov\u00fd inzer\u00e1t<\/h2>\n\n\n\n<p>Inzer\u00e1t je mo\u017en\u00e9 zadat v z\u00e1lo\u017ece Inzer\u00e1t.<\/p>\n\n\n\n<div class=\"wp-block-group is-layout-constrained wp-block-group-is-layout-constrained\">\n<h3 class=\"wp-block-heading\">Z\u00e1kladn\u00ed informace o nab\u00eddce<\/h3>\n\n\n\n<p>Obsahuje povinn\u00e9 polo\u017eky, kter\u00e9 je nutn\u00e9 zadat:<\/p>\n\n\n\n<ul class=\"wp-block-list\">\n<li>Vybrat&nbsp;typ (prodej \u010di pron\u00e1jem),<\/li>\n\n\n\n<li>Druh prodeje (mo\u017enosti v\u00fdb\u011bru \u2013 B\u011b\u017en\u00fd, Dra\u017eba, Pod\u00edl), kategorie a podkategorie inzer\u00e1tu<\/li>\n\n\n\n<li>Kategorie nemovitosti<\/li>\n\n\n\n<li>Lokalita:\n<ul class=\"wp-block-list\">\n<li>Zad\u00e1n\u00ed lokality je shodn\u00e9 s vyhled\u00e1n\u00edm adresy na Mapy.cz, UIR k\u00f3dy jsou p\u0159evzaty z datab\u00e1ze MPSV<\/li>\n\n\n\n<li>Zadejte p\u0159esnou adresu nemovitosti \u2013 ulici, \u010d.p. \/ \u010d.o., m\u011bsto<\/li>\n\n\n\n<li>\u010c.p. \/ \u010d.o. se v detailu inzer\u00e1tu nezobrazuje, lokalitu je mo\u017en\u00e9 \u201erozost\u0159it\u201c na ulici, \u010d\u00e1st m\u011bsta, \u010di m\u011bsto<\/li>\n<\/ul>\n<\/li>\n\n\n\n<li>Cena:\n<ul class=\"wp-block-list\">\n<li>Zadejte cenu, vyberte m\u011bnu a jednotku (za nemovitost, za m\u00b2, za m\u011bs\u00edc atd.)<\/li>\n\n\n\n<li>P\u0159idat dal\u0161\u00ed parametry ceny&nbsp;\u2013 m\u016f\u017eete zadat up\u0159es\u0148uj\u00edc\u00ed \u00fadaje o n\u00e1kladech na bydlen\u00ed apod.<\/li>\n<\/ul>\n<\/li>\n<\/ul>\n<\/div>\n\n\n\n<div class=\"wp-block-group is-layout-constrained wp-block-group-is-layout-constrained\">\n<h3 class=\"wp-block-heading\">Fotografie a m\u00e9dia<\/h3>\n\n\n\n<div class=\"wp-block-group is-layout-constrained wp-block-group-is-layout-constrained\">\n<ul class=\"wp-block-list\">\n<li>Obsahuje&nbsp;fotogalerii&nbsp;\u2013 povinn\u00e9 jsou 3 fotografie. V\u0161echny fotografie mus\u00ed b\u00fdt ve form\u00e1tu .jpg,&nbsp;minim\u00e1ln\u00ed rozli\u0161en\u00ed 480\u00d7360 px, do velikosti 10 MB. Minimum fotografi\u00ed jsou 3, maximum je 100.<\/li>\n\n\n\n<li>U fotografi\u00ed je mo\u017en\u00e9 m\u011bnit jejich po\u0159ad\u00ed  pomoc\u00ed \u0161ipek u inzer\u00e1tu<\/li>\n\n\n\n<li>K inzer\u00e1tu m\u016f\u017eete vlo\u017eit i videoprohl\u00eddku. Je mo\u017en\u00e9 vlo\u017eit a\u017e 10 vide\u00ed, ka\u017ed\u00e9 video o maxim\u00e1ln\u00ed velikosti 3 GB. Podporujeme t\u00e9m\u011b\u0159 v\u0161echny form\u00e1ty<\/li>\n<\/ul>\n<\/div>\n\n\n\n<p>Po vypln\u011bn\u00ed v\u0161ech povinn\u00fdch polo\u017eek se inzer\u00e1t p\u0159epne do stavu \u201e\u010cek\u00e1 na schv\u00e1len\u00ed\u201c, syst\u00e9m informace zpracuje do n\u011bkolika vte\u0159in.&nbsp;Po schv\u00e1len\u00ed  bude v\u00e1\u0161 inzer\u00e1t publikov\u00e1n na webov\u00fdch str\u00e1nk\u00e1ch.<\/p>\n<\/div>\n\n\n\n<div class=\"wp-block-group is-layout-constrained wp-block-group-is-layout-constrained\">\n<h3 class=\"wp-block-heading\">Vlastnosti nemovitosti <\/h3>\n\n\n\n<div class=\"wp-block-group is-layout-constrained wp-block-group-is-layout-constrained\">\n<ul class=\"wp-block-list\">\n<li>Podkategorie nemovitosti <\/li>\n\n\n\n<li>Z \u010deho je budova postaven\u00e1<\/li>\n\n\n\n<li>Jak\u00fd je stav budovy<\/li>\n\n\n\n<li>V jak\u00e9m je podla\u017e\u00ed<\/li>\n\n\n\n<li>U\u017eitn\u00e1 plocha <\/li>\n\n\n\n<li>Jak\u00fd je typ vlastnictv\u00ed<\/li>\n<\/ul>\n<\/div>\n<\/div>\n\n\n\n<div class=\"wp-block-group is-layout-constrained wp-block-group-is-layout-constrained\">\n<h3 class=\"wp-block-heading\">Nastaven\u00ed inzer\u00e1tu<\/h3>\n\n\n\n<div class=\"wp-block-group is-layout-constrained wp-block-group-is-layout-constrained\">\n<p>Obsahuje specifick\u00e9 polo\u017eky pro danou nemovitost \u2013 povinn\u00e9 polo\u017eky se m\u011bn\u00ed podle zvolen\u00e9 kategorie nemovitosti:<\/p>\n\n\n\n<ul class=\"wp-block-list\">\n<li>Podla\u017e\u00ed&nbsp;\u2013 informace o um\u00edst\u011bn\u00ed nemovitosti. Dle druhu nemovitosti jsou n\u011bkter\u00e9 polo\u017eky povinn\u00e9:\n<ul class=\"wp-block-list\">\n<li>Pro byty&nbsp;\u2013 po\u010det podla\u017e\u00ed, um\u00edst\u011bn\u00ed<\/li>\n\n\n\n<li>Pro domy&nbsp;\u2013 po\u010det podla\u017e\u00ed<\/li>\n<\/ul>\n<\/li>\n\n\n\n<li>Podla\u017e\u00edm je my\u0161lena \u00farove\u0148 budovy nad nebo pod zem\u00ed. Nap\u0159. p\u0159\u00edzem\u00ed je 1. podla\u017e\u00ed<\/li>\n\n\n\n<li>Povinn\u00e9 plochy&nbsp;(tato plocha se vypisuje do n\u00e1zvu inzer\u00e1tu, plochy zad\u00e1vejte v\u017edy v cel\u00fdch \u010d\u00edslech):\n<ul class=\"wp-block-list\">\n<li>Pro byty&nbsp;\u2013 u\u017eitn\u00e1 plocha<\/li>\n\n\n\n<li>Pro domy&nbsp;\u2013 u\u017eitn\u00e1 plocha, plocha pozemku<\/li>\n\n\n\n<li>Pro pozemky&nbsp;\u2013 plocha pozemku<\/li>\n\n\n\n<li>Pro komer\u010dn\u00ed, ostatn\u00ed&nbsp;\u2013 u\u017eitn\u00e1 plocha<\/li>\n<\/ul>\n<\/li>\n\n\n\n<li>Rozm\u011bry&nbsp;\u2013 zadejte rozm\u011bry nemovitosti<\/li>\n\n\n\n<li>Data&nbsp;\u2013 zadejte informace t\u00fdkaj\u00edc\u00ed se term\u00edn\u016f u nemovitosti<\/li>\n\n\n\n<li>Vybaven\u00ed&nbsp;\u2013 vypl\u0148te \u00fadaje o vybavenosti nemovitosti<\/li>\n<\/ul>\n<\/div>\n<\/div>\n\n\n\n<div class=\"wp-block-group is-layout-constrained wp-block-group-is-layout-constrained\">\n<h3 class=\"wp-block-heading\">Popis nemovitosti <\/h3>\n\n\n\n<ul class=\"wp-block-list\">\n<li>Mo\u017enost vlo\u017eit a\u017e 5000 znak\u016f<\/li>\n\n\n\n<li>Mo\u017enost generovat popis z parametr\u016f zadan\u00fdch p\u0159i zad\u00e1v\u00e1n\u00ed nab\u00eddky<\/li>\n<\/ul>\n<\/div>\n<\/div>\n","protected":false},"excerpt":{"rendered":"<p>V\u00e1mi spravovan\u00e9 inzer\u00e1ty je mo\u017en\u00e9, pro snaz\u0161\u00ed pr\u00e1ci s nimi, podle ur\u010dit\u00fdch krit\u00e9rii vyfiltrovat \u2013 podle typu, kategorie, st\u00e1tu, kraje, okresu, stavu, \u010di st\u00e1\u0159\u00ed inzer\u00e1tu. Inzer\u00e1ty m\u016f\u017eete upravovat, sledovat jejich statistiku a historii zm\u011bn. V\u00fdpis inzer\u00e1tu Stav inzer\u00e1tu Akce u inzer\u00e1tu \u2013 mo\u017enosti Pomoc\u00ed rozklik\u00e1vac\u00ed nab\u00eddky \u201eHromadn\u00e9 \u00fapravy&#8220; m\u016f\u017eete hromadn\u011b pracovat s inzer\u00e1ty. Zvolte inzer\u00e1t [&hellip;]<\/p>\n","protected":false},"author":6,"featured_media":0,"parent":97,"menu_order":0,"comment_status":"closed","ping_status":"closed","template":"page-sidemenu","meta":{"_acf_changed":false,"_relevanssi_hide_post":"","_relevanssi_hide_content":"","_relevanssi_pin_for_all":"","_relevanssi_pin_keywords":"","_relevanssi_unpin_keywords":"","_relevanssi_related_keywords":"","_relevanssi_related_include_ids":"","_relevanssi_related_exclude_ids":"","_relevanssi_related_no_append":"","_relevanssi_related_not_related":"","_relevanssi_related_posts":"","_relevanssi_noindex_reason":"","footnotes":""},"page_category":[4],"page_tag":[],"service_status_category":[],"class_list":["post-132","page","type-page","status-publish","hentry"],"acf":[],"_links":{"self":[{"href":"https:\/\/o-seznam.cz\/napoveda\/sreality\/wp-json\/wp\/v2\/pages\/132","targetHints":{"allow":["GET"]}}],"collection":[{"href":"https:\/\/o-seznam.cz\/napoveda\/sreality\/wp-json\/wp\/v2\/pages"}],"about":[{"href":"https:\/\/o-seznam.cz\/napoveda\/sreality\/wp-json\/wp\/v2\/types\/page"}],"author":[{"embeddable":true,"href":"https:\/\/o-seznam.cz\/napoveda\/sreality\/wp-json\/wp\/v2\/users\/6"}],"replies":[{"embeddable":true,"href":"https:\/\/o-seznam.cz\/napoveda\/sreality\/wp-json\/wp\/v2\/comments?post=132"}],"version-history":[{"count":22,"href":"https:\/\/o-seznam.cz\/napoveda\/sreality\/wp-json\/wp\/v2\/pages\/132\/revisions"}],"predecessor-version":[{"id":1560,"href":"https:\/\/o-seznam.cz\/napoveda\/sreality\/wp-json\/wp\/v2\/pages\/132\/revisions\/1560"}],"up":[{"embeddable":true,"href":"https:\/\/o-seznam.cz\/napoveda\/sreality\/wp-json\/wp\/v2\/pages\/97"}],"wp:attachment":[{"href":"https:\/\/o-seznam.cz\/napoveda\/sreality\/wp-json\/wp\/v2\/media?parent=132"}],"wp:term":[{"taxonomy":"page_category","embeddable":true,"href":"https:\/\/o-seznam.cz\/napoveda\/sreality\/wp-json\/wp\/v2\/page_category?post=132"},{"taxonomy":"page_tag","embeddable":true,"href":"https:\/\/o-seznam.cz\/napoveda\/sreality\/wp-json\/wp\/v2\/page_tag?post=132"},{"taxonomy":"service_status_category","embeddable":true,"href":"https:\/\/o-seznam.cz\/napoveda\/sreality\/wp-json\/wp\/v2\/service_status_category?post=132"}],"curies":[{"name":"wp","href":"https:\/\/api.w.org\/{rel}","templated":true}]}}