{"id":64,"date":"2024-10-31T00:30:47","date_gmt":"2024-10-30T23:30:47","guid":{"rendered":"https:\/\/o-seznam.cz\/napoveda\/seznam\/?page_id=64"},"modified":"2024-10-31T01:17:31","modified_gmt":"2024-10-31T00:17:31","slug":"zmena-vzhledu","status":"publish","type":"page","link":"https:\/\/o-seznam.cz\/napoveda\/seznam\/zmena-vzhledu\/","title":{"rendered":"Zm\u011bna vzhledu"},"content":{"rendered":"\n<div class=\"wp-block-group is-layout-constrained wp-block-group-is-layout-constrained\">\n<p>Nachystali jsme celou \u0159adu alternativn\u00edch vzhled\u016f na\u0161\u00ed domovsk\u00e9 str\u00e1nky, ze kter\u00fdch si m\u016f\u017eete vybrat ten, kter\u00fd v\u00e1m vyhovuje nejv\u00edce. Jak bude v\u00fdsledn\u00fd vzhled vypadat, se dozv\u00edte ihned v horn\u00edm n\u00e1hledu str\u00e1nky.<\/p>\n\n\n\n<div class=\"wp-block-seznam-box is-layout-flow wp-block-seznam-box-is-layout-flow\">\n<p>POZOR!\u202fZm\u011bna vzhledu hlavn\u00ed str\u00e1nky je dostupn\u00e1 pouze pro p\u0159ihl\u00e1\u0161en\u00e9 u\u017eivatele.\u202fNav\u0161t\u011bvujete-li hlavn\u00ed str\u00e1nku nep\u0159ihl\u00e1\u0161en\u00ed, neuvid\u00edte nab\u00eddku pro vstup do nastaven\u00ed. Nejprve se\u202fp\u0159ihla\u0161te\u202fke sv\u00e9mu Seznam \u00fa\u010dtu prost\u0159ednictv\u00edm tla\u010d\u00edtka\u202fP\u0159ihl\u00e1sit\u202fv prav\u00e9m horn\u00edm rohu hlavn\u00ed str\u00e1nky.<\/p>\n<\/div>\n<\/div>\n\n\n\n<div class=\"wp-block-group is-layout-constrained wp-block-group-is-layout-constrained\">\n<p>1. P\u0159ihl\u00e1\u0161eni k Seznam \u00fa\u010dtu, klikn\u011bte v prav\u00e9m horn\u00edm rohu hlavn\u00ed str\u00e1nky na svou ikonu nebo inici\u00e1ly.<\/p>\n\n\n\n<p>2. Nab\u00eddku pro v\u00fdb\u011br vzhledu (neboli skinu) vyvol\u00e1te v\u202fNastaven\u00ed.<\/p>\n\n\n\n<figure class=\"wp-block-image size-full\"><img loading=\"lazy\" decoding=\"async\" width=\"300\" height=\"376\" src=\"https:\/\/o-seznam.cz\/napoveda\/seznam\/wp-content\/uploads\/sites\/16\/2024\/10\/seznam-nastaveni.png\" alt=\"\" class=\"wp-image-51\" srcset=\"https:\/\/o-seznam.cz\/napoveda\/seznam\/wp-content\/uploads\/sites\/16\/2024\/10\/seznam-nastaveni.png 300w, https:\/\/o-seznam.cz\/napoveda\/seznam\/wp-content\/uploads\/sites\/16\/2024\/10\/seznam-nastaveni-255x320.png 255w\" sizes=\"auto, (max-width: 300px) 100vw, 300px\" \/><\/figure>\n\n\n\n<p>3. Pot\u00e9 klikn\u011bte na\u202fZm\u011bnit vzhled.<\/p>\n\n\n\n<figure class=\"wp-block-image size-full\"><img loading=\"lazy\" decoding=\"async\" width=\"450\" height=\"223\" src=\"https:\/\/o-seznam.cz\/napoveda\/seznam\/wp-content\/uploads\/sites\/16\/2024\/10\/seznam-nastaveni-zmenit-vzhled.png\" alt=\"\" class=\"wp-image-65\" srcset=\"https:\/\/o-seznam.cz\/napoveda\/seznam\/wp-content\/uploads\/sites\/16\/2024\/10\/seznam-nastaveni-zmenit-vzhled.png 450w, https:\/\/o-seznam.cz\/napoveda\/seznam\/wp-content\/uploads\/sites\/16\/2024\/10\/seznam-nastaveni-zmenit-vzhled-320x159.png 320w\" sizes=\"auto, (max-width: 450px) 100vw, 450px\" \/><\/figure>\n\n\n\n<p>4. V nab\u00eddce vzhled\u016f zvolte ten, kter\u00fd chcete pou\u017e\u00edvat.<\/p>\n\n\n\n<figure class=\"wp-block-image size-full\"><img loading=\"lazy\" decoding=\"async\" width=\"454\" height=\"426\" src=\"https:\/\/o-seznam.cz\/napoveda\/seznam\/wp-content\/uploads\/sites\/16\/2024\/10\/seznam-vyber-vzhledu.jpg\" alt=\"\" class=\"wp-image-66\" srcset=\"https:\/\/o-seznam.cz\/napoveda\/seznam\/wp-content\/uploads\/sites\/16\/2024\/10\/seznam-vyber-vzhledu.jpg 454w, https:\/\/o-seznam.cz\/napoveda\/seznam\/wp-content\/uploads\/sites\/16\/2024\/10\/seznam-vyber-vzhledu-320x300.jpg 320w\" sizes=\"auto, (max-width: 454px) 100vw, 454px\" \/><\/figure>\n\n\n\n<p>5. V\u00fdb\u011br potvrd\u00edte kliknut\u00edm na\u202fUlo\u017eit\u202fna konci str\u00e1nky, pod seznamech v\u0161ech dostupn\u00fdch skin\u016f.<\/p>\n\n\n\n<p>Nyn\u00ed ji\u017e m\u00e1te Seznam ve zvolen\u00e9m vzhledu. Dal\u0161\u00ed zm\u011bnu je mo\u017eno ud\u011blat kdykoliv stejn\u00fdm zp\u016fsobem.&nbsp;<\/p>\n<\/div>\n","protected":false},"excerpt":{"rendered":"<p>Nachystali jsme celou \u0159adu alternativn\u00edch vzhled\u016f na\u0161\u00ed domovsk\u00e9 str\u00e1nky, ze kter\u00fdch si m\u016f\u017eete vybrat ten, kter\u00fd v\u00e1m vyhovuje nejv\u00edce. Jak bude v\u00fdsledn\u00fd vzhled vypadat, se dozv\u00edte ihned v horn\u00edm n\u00e1hledu str\u00e1nky. 1. P\u0159ihl\u00e1\u0161eni k Seznam \u00fa\u010dtu, klikn\u011bte v prav\u00e9m horn\u00edm rohu hlavn\u00ed str\u00e1nky na svou ikonu nebo inici\u00e1ly. 2. Nab\u00eddku pro v\u00fdb\u011br vzhledu (neboli skinu) [&hellip;]<\/p>\n","protected":false},"author":6,"featured_media":0,"parent":0,"menu_order":0,"comment_status":"closed","ping_status":"closed","template":"page-sidemenu","meta":{"_acf_changed":false,"_relevanssi_hide_post":"","_relevanssi_hide_content":"","_relevanssi_pin_for_all":"","_relevanssi_pin_keywords":"","_relevanssi_unpin_keywords":"","_relevanssi_related_keywords":"","_relevanssi_related_include_ids":"","_relevanssi_related_exclude_ids":"","_relevanssi_related_no_append":"","_relevanssi_related_not_related":"","_relevanssi_related_posts":"","_relevanssi_noindex_reason":"","footnotes":""},"page_category":[3],"page_tag":[],"service_status_category":[],"class_list":["post-64","page","type-page","status-publish","hentry"],"acf":[],"_links":{"self":[{"href":"https:\/\/o-seznam.cz\/napoveda\/seznam\/wp-json\/wp\/v2\/pages\/64","targetHints":{"allow":["GET"]}}],"collection":[{"href":"https:\/\/o-seznam.cz\/napoveda\/seznam\/wp-json\/wp\/v2\/pages"}],"about":[{"href":"https:\/\/o-seznam.cz\/napoveda\/seznam\/wp-json\/wp\/v2\/types\/page"}],"author":[{"embeddable":true,"href":"https:\/\/o-seznam.cz\/napoveda\/seznam\/wp-json\/wp\/v2\/users\/6"}],"replies":[{"embeddable":true,"href":"https:\/\/o-seznam.cz\/napoveda\/seznam\/wp-json\/wp\/v2\/comments?post=64"}],"version-history":[{"count":1,"href":"https:\/\/o-seznam.cz\/napoveda\/seznam\/wp-json\/wp\/v2\/pages\/64\/revisions"}],"predecessor-version":[{"id":67,"href":"https:\/\/o-seznam.cz\/napoveda\/seznam\/wp-json\/wp\/v2\/pages\/64\/revisions\/67"}],"wp:attachment":[{"href":"https:\/\/o-seznam.cz\/napoveda\/seznam\/wp-json\/wp\/v2\/media?parent=64"}],"wp:term":[{"taxonomy":"page_category","embeddable":true,"href":"https:\/\/o-seznam.cz\/napoveda\/seznam\/wp-json\/wp\/v2\/page_category?post=64"},{"taxonomy":"page_tag","embeddable":true,"href":"https:\/\/o-seznam.cz\/napoveda\/seznam\/wp-json\/wp\/v2\/page_tag?post=64"},{"taxonomy":"service_status_category","embeddable":true,"href":"https:\/\/o-seznam.cz\/napoveda\/seznam\/wp-json\/wp\/v2\/service_status_category?post=64"}],"curies":[{"name":"wp","href":"https:\/\/api.w.org\/{rel}","templated":true}]}}