{"id":360,"date":"2024-11-19T14:50:54","date_gmt":"2024-11-19T13:50:54","guid":{"rendered":"https:\/\/o-seznam.cz\/napoveda\/seznam\/?page_id=360"},"modified":"2024-12-04T14:16:20","modified_gmt":"2024-12-04T13:16:20","slug":"seznam-slovnik","status":"publish","type":"page","link":"https:\/\/o-seznam.cz\/napoveda\/seznam\/seznam-slovnik\/","title":{"rendered":"Seznam Slovn\u00edk"},"content":{"rendered":"\n<div class=\"wp-block-group is-layout-constrained wp-block-group-is-layout-constrained\">\n<p><strong>Pro\u010d jste zm\u011bnili dodavatele slovn\u00edk\u016f? <\/strong><br>Jako poskytovatele p\u0159ekladov\u00fdch slovn\u00edk\u016f jsme vybrali spole\u010dnost Lingea na z\u00e1klad\u011b jej\u00ed dlouholet\u00e9 zku\u0161enost\u00ed s vyd\u00e1v\u00e1n\u00edm klasick\u00fdch pap\u00edrov\u00fdch slovn\u00edk\u016f. V\u011b\u0159\u00edme, \u017ee nov\u00e9 slovn\u00edky V\u00e1m pom\u016f\u017eou rychleji a snadn\u011bji naj\u00edt spr\u00e1vn\u00fd p\u0159eklad hledan\u00e9ho slova.<\/p>\n\n\n\n<p><strong>Pro\u010d jsou tam r\u016fzn\u00e1 slova, na kter\u00e9 se neklik\u00e1?<\/strong><br>Nov\u00fd slovn\u00edk k v\u011bt\u0161in\u011b v\u00fdznamu m\u00e1 pomocn\u00e9 informace, kter\u00e9 pom\u00e1haj\u00ed vybrat ten spr\u00e1vn\u00fd p\u0159eklad. Jeliko\u017e ka\u017ed\u00e9 slovo m\u016f\u017ee m\u00edt spoustu r\u016fzn\u00fdch v\u00fdznamu, tyto informace V\u00e1m usnadn\u00ed orientaci v nich a p\u0159\u00edklady pou\u017eiti u v\u00fdznamu V\u00e1m pom\u016f\u017eou pou\u017e\u00edvat slova ve spr\u00e1vn\u00fdch situac\u00edch. U nepravideln\u00fdch slov jsou uveden\u00e9 i slovn\u00ed tvary.<\/p>\n\n\n\n<p><strong>D\u0159\u00edve jsem na slovo xxx na\u0161el p\u0159eklad yyy a te\u010f najdu jin\u00fd, p\u0159ip. \u017e\u00e1dn\u00fd. <\/strong><br>Nov\u00e9 slovn\u00edky najdou samoz\u0159ejm\u00e9 jin\u00e9 odpov\u011bd\u00ed. M\u016f\u017ee se tak i st\u00e1t, \u017ee slovo, kter\u00e9 se na\u0161lo ve star\u00e9m slovn\u00edku, se nenajde v nov\u00e9m a naopak. V nov\u00fdch slovn\u00edc\u00edch klademe d\u016fraz sp\u00ed\u0161e na srozumiteln\u00fd a p\u0159ehledn\u00fd p\u0159eklad, ne\u017e na rozsah.<\/p>\n<\/div>\n","protected":false},"excerpt":{"rendered":"<p>Pro\u010d jste zm\u011bnili dodavatele slovn\u00edk\u016f? Jako poskytovatele p\u0159ekladov\u00fdch slovn\u00edk\u016f jsme vybrali spole\u010dnost Lingea na z\u00e1klad\u011b jej\u00ed dlouholet\u00e9 zku\u0161enost\u00ed s vyd\u00e1v\u00e1n\u00edm klasick\u00fdch pap\u00edrov\u00fdch slovn\u00edk\u016f. V\u011b\u0159\u00edme, \u017ee nov\u00e9 slovn\u00edky V\u00e1m pom\u016f\u017eou rychleji a snadn\u011bji naj\u00edt spr\u00e1vn\u00fd p\u0159eklad hledan\u00e9ho slova. Pro\u010d jsou tam r\u016fzn\u00e1 slova, na kter\u00e9 se neklik\u00e1?Nov\u00fd slovn\u00edk k v\u011bt\u0161in\u011b v\u00fdznamu m\u00e1 pomocn\u00e9 informace, kter\u00e9 pom\u00e1haj\u00ed [&hellip;]<\/p>\n","protected":false},"author":12,"featured_media":0,"parent":0,"menu_order":0,"comment_status":"closed","ping_status":"closed","template":"page-sidemenu","meta":{"_acf_changed":false,"_relevanssi_hide_post":"","_relevanssi_hide_content":"","_relevanssi_pin_for_all":"","_relevanssi_pin_keywords":"","_relevanssi_unpin_keywords":"","_relevanssi_related_keywords":"","_relevanssi_related_include_ids":"","_relevanssi_related_exclude_ids":"","_relevanssi_related_no_append":"","_relevanssi_related_not_related":"","_relevanssi_related_posts":"","_relevanssi_noindex_reason":"","footnotes":""},"page_category":[3],"page_tag":[],"service_status_category":[],"class_list":["post-360","page","type-page","status-publish","hentry"],"acf":[],"_links":{"self":[{"href":"https:\/\/o-seznam.cz\/napoveda\/seznam\/wp-json\/wp\/v2\/pages\/360","targetHints":{"allow":["GET"]}}],"collection":[{"href":"https:\/\/o-seznam.cz\/napoveda\/seznam\/wp-json\/wp\/v2\/pages"}],"about":[{"href":"https:\/\/o-seznam.cz\/napoveda\/seznam\/wp-json\/wp\/v2\/types\/page"}],"author":[{"embeddable":true,"href":"https:\/\/o-seznam.cz\/napoveda\/seznam\/wp-json\/wp\/v2\/users\/12"}],"replies":[{"embeddable":true,"href":"https:\/\/o-seznam.cz\/napoveda\/seznam\/wp-json\/wp\/v2\/comments?post=360"}],"version-history":[{"count":3,"href":"https:\/\/o-seznam.cz\/napoveda\/seznam\/wp-json\/wp\/v2\/pages\/360\/revisions"}],"predecessor-version":[{"id":386,"href":"https:\/\/o-seznam.cz\/napoveda\/seznam\/wp-json\/wp\/v2\/pages\/360\/revisions\/386"}],"wp:attachment":[{"href":"https:\/\/o-seznam.cz\/napoveda\/seznam\/wp-json\/wp\/v2\/media?parent=360"}],"wp:term":[{"taxonomy":"page_category","embeddable":true,"href":"https:\/\/o-seznam.cz\/napoveda\/seznam\/wp-json\/wp\/v2\/page_category?post=360"},{"taxonomy":"page_tag","embeddable":true,"href":"https:\/\/o-seznam.cz\/napoveda\/seznam\/wp-json\/wp\/v2\/page_tag?post=360"},{"taxonomy":"service_status_category","embeddable":true,"href":"https:\/\/o-seznam.cz\/napoveda\/seznam\/wp-json\/wp\/v2\/service_status_category?post=360"}],"curies":[{"name":"wp","href":"https:\/\/api.w.org\/{rel}","templated":true}]}}