{"id":203,"date":"2024-11-18T02:39:04","date_gmt":"2024-11-18T01:39:04","guid":{"rendered":"https:\/\/o-seznam.cz\/napoveda\/seznam\/?page_id=203"},"modified":"2024-12-06T11:52:54","modified_gmt":"2024-12-06T10:52:54","slug":"prace-s-hesly","status":"publish","type":"page","link":"https:\/\/o-seznam.cz\/napoveda\/seznam\/aplikace\/prohlizec\/prace-s-hesly\/","title":{"rendered":"Pr\u00e1ce s hesly"},"content":{"rendered":"\n<div class=\"wp-block-group is-layout-constrained wp-block-group-is-layout-constrained\">\n<p class=\"is-style-link-external\">M\u00e1te-li v Nastaven\u00ed za\u0161krtnuto P\u0159edvypl\u0148ovat ulo\u017een\u00e1 hesla, <a href=\"https:\/\/www.seznam.cz\/prohlizec\" data-type=\"link\" data-id=\"https:\/\/www.seznam.cz\/prohlizec\" target=\"_blank\" rel=\"noreferrer noopener\">webov\u00fd prohl\u00ed\u017ee\u010d<\/a> se po zad\u00e1n\u00ed hesla v\u017edy zept\u00e1, zda si ho p\u0159ejete ulo\u017eit.<\/p>\n\n\n\n<figure class=\"wp-block-image size-full\"><img loading=\"lazy\" decoding=\"async\" width=\"693\" height=\"54\" src=\"https:\/\/o-seznam.cz\/napoveda\/seznam\/wp-content\/uploads\/sites\/16\/2024\/11\/seznam-pc4a.png\" alt=\"\" class=\"wp-image-244\" srcset=\"https:\/\/o-seznam.cz\/napoveda\/seznam\/wp-content\/uploads\/sites\/16\/2024\/11\/seznam-pc4a.png 693w, https:\/\/o-seznam.cz\/napoveda\/seznam\/wp-content\/uploads\/sites\/16\/2024\/11\/seznam-pc4a-320x25.png 320w\" sizes=\"auto, (max-width: 693px) 100vw, 693px\" \/><\/figure>\n\n\n\n<p>P\u0159i p\u0159\u00ed\u0161t\u00ed n\u00e1v\u0161t\u011bv\u011b bude heslo rovnou p\u0159edvypln\u011bno v p\u0159ihla\u0161ovac\u00edm formul\u00e1\u0159i str\u00e1nky.<\/p>\n\n\n\n<figure class=\"wp-block-image size-full\"><img loading=\"lazy\" decoding=\"async\" width=\"512\" height=\"179\" src=\"https:\/\/o-seznam.cz\/napoveda\/seznam\/wp-content\/uploads\/sites\/16\/2024\/11\/loginaaa.png\" alt=\"\" class=\"wp-image-246\" srcset=\"https:\/\/o-seznam.cz\/napoveda\/seznam\/wp-content\/uploads\/sites\/16\/2024\/11\/loginaaa.png 512w, https:\/\/o-seznam.cz\/napoveda\/seznam\/wp-content\/uploads\/sites\/16\/2024\/11\/loginaaa-320x112.png 320w\" sizes=\"auto, (max-width: 512px) 100vw, 512px\" \/><\/figure>\n\n\n\n<p>Kliknut\u00edm na ikonku kl\u00ed\u010dku si m\u016f\u017eete vybrat z v\u00edce ulo\u017een\u00fdch hesel a tak\u00e9 je mazat.<\/p>\n\n\n\n<figure class=\"wp-block-image size-full\"><img loading=\"lazy\" decoding=\"async\" width=\"510\" height=\"181\" src=\"https:\/\/o-seznam.cz\/napoveda\/seznam\/wp-content\/uploads\/sites\/16\/2024\/11\/loginbbb.png\" alt=\"\" class=\"wp-image-247\" srcset=\"https:\/\/o-seznam.cz\/napoveda\/seznam\/wp-content\/uploads\/sites\/16\/2024\/11\/loginbbb.png 510w, https:\/\/o-seznam.cz\/napoveda\/seznam\/wp-content\/uploads\/sites\/16\/2024\/11\/loginbbb-320x114.png 320w\" sizes=\"auto, (max-width: 510px) 100vw, 510px\" \/><\/figure>\n\n\n\n<p>Pokud jste pro p\u0159ihl\u00e1\u0161en\u00ed do prohl\u00ed\u017ee\u010de vybrali mo\u017enost Synchronizovat zapamatovan\u00e1 hesla, budete je m\u00edt dostupn\u00e1 i na ostatn\u00edch za\u0159\u00edzen\u00edch, kde jste tuto funkci povolili.<\/p>\n\n\n\n<p>Synchronizaci hesel zapnete \u010di vypnete v Nastaven\u00ed v \u010d\u00e1sti <a href=\"https:\/\/o-seznam.cz\/napoveda\/seznam\/prohlizec-pro-pc\/prihlaseni-a-synchronizace\/\" data-type=\"page\" data-id=\"197\">P\u0159ihl\u00e1\u0161en\u00ed do prohl\u00ed\u017ee\u010de<\/a> a za\u0161krtnut\u00edm \u010di od\u0161krtnut\u00edm mo\u017enosti Synchronizovat zapamatovan\u00e1 hesla.<\/p>\n\n\n\n<figure class=\"wp-block-image size-full\"><img loading=\"lazy\" decoding=\"async\" width=\"424\" height=\"519\" src=\"https:\/\/o-seznam.cz\/napoveda\/seznam\/wp-content\/uploads\/sites\/16\/2024\/11\/seznam-pc-sync-hesla.png\" alt=\"\" class=\"wp-image-248\" srcset=\"https:\/\/o-seznam.cz\/napoveda\/seznam\/wp-content\/uploads\/sites\/16\/2024\/11\/seznam-pc-sync-hesla.png 424w, https:\/\/o-seznam.cz\/napoveda\/seznam\/wp-content\/uploads\/sites\/16\/2024\/11\/seznam-pc-sync-hesla-261x320.png 261w\" sizes=\"auto, (max-width: 424px) 100vw, 424px\" \/><\/figure>\n<\/div>\n","protected":false},"excerpt":{"rendered":"<p>M\u00e1te-li v Nastaven\u00ed za\u0161krtnuto P\u0159edvypl\u0148ovat ulo\u017een\u00e1 hesla, webov\u00fd prohl\u00ed\u017ee\u010d se po zad\u00e1n\u00ed hesla v\u017edy zept\u00e1, zda si ho p\u0159ejete ulo\u017eit. P\u0159i p\u0159\u00ed\u0161t\u00ed n\u00e1v\u0161t\u011bv\u011b bude heslo rovnou p\u0159edvypln\u011bno v p\u0159ihla\u0161ovac\u00edm formul\u00e1\u0159i str\u00e1nky. Kliknut\u00edm na ikonku kl\u00ed\u010dku si m\u016f\u017eete vybrat z v\u00edce ulo\u017een\u00fdch hesel a tak\u00e9 je mazat. Pokud jste pro p\u0159ihl\u00e1\u0161en\u00ed do prohl\u00ed\u017ee\u010de vybrali mo\u017enost Synchronizovat [&hellip;]<\/p>\n","protected":false},"author":6,"featured_media":0,"parent":161,"menu_order":0,"comment_status":"closed","ping_status":"closed","template":"page-sidemenu","meta":{"_acf_changed":false,"_relevanssi_hide_post":"","_relevanssi_hide_content":"","_relevanssi_pin_for_all":"","_relevanssi_pin_keywords":"","_relevanssi_unpin_keywords":"","_relevanssi_related_keywords":"","_relevanssi_related_include_ids":"","_relevanssi_related_exclude_ids":"","_relevanssi_related_no_append":"","_relevanssi_related_not_related":"","_relevanssi_related_posts":"","_relevanssi_noindex_reason":"","footnotes":""},"page_category":[4],"page_tag":[],"service_status_category":[],"class_list":["post-203","page","type-page","status-publish","hentry"],"acf":[],"_links":{"self":[{"href":"https:\/\/o-seznam.cz\/napoveda\/seznam\/wp-json\/wp\/v2\/pages\/203","targetHints":{"allow":["GET"]}}],"collection":[{"href":"https:\/\/o-seznam.cz\/napoveda\/seznam\/wp-json\/wp\/v2\/pages"}],"about":[{"href":"https:\/\/o-seznam.cz\/napoveda\/seznam\/wp-json\/wp\/v2\/types\/page"}],"author":[{"embeddable":true,"href":"https:\/\/o-seznam.cz\/napoveda\/seznam\/wp-json\/wp\/v2\/users\/6"}],"replies":[{"embeddable":true,"href":"https:\/\/o-seznam.cz\/napoveda\/seznam\/wp-json\/wp\/v2\/comments?post=203"}],"version-history":[{"count":3,"href":"https:\/\/o-seznam.cz\/napoveda\/seznam\/wp-json\/wp\/v2\/pages\/203\/revisions"}],"predecessor-version":[{"id":322,"href":"https:\/\/o-seznam.cz\/napoveda\/seznam\/wp-json\/wp\/v2\/pages\/203\/revisions\/322"}],"up":[{"embeddable":true,"href":"https:\/\/o-seznam.cz\/napoveda\/seznam\/wp-json\/wp\/v2\/pages\/161"}],"wp:attachment":[{"href":"https:\/\/o-seznam.cz\/napoveda\/seznam\/wp-json\/wp\/v2\/media?parent=203"}],"wp:term":[{"taxonomy":"page_category","embeddable":true,"href":"https:\/\/o-seznam.cz\/napoveda\/seznam\/wp-json\/wp\/v2\/page_category?post=203"},{"taxonomy":"page_tag","embeddable":true,"href":"https:\/\/o-seznam.cz\/napoveda\/seznam\/wp-json\/wp\/v2\/page_tag?post=203"},{"taxonomy":"service_status_category","embeddable":true,"href":"https:\/\/o-seznam.cz\/napoveda\/seznam\/wp-json\/wp\/v2\/service_status_category?post=203"}],"curies":[{"name":"wp","href":"https:\/\/api.w.org\/{rel}","templated":true}]}}