{"id":121,"date":"2024-11-18T00:30:26","date_gmt":"2024-11-17T23:30:26","guid":{"rendered":"https:\/\/o-seznam.cz\/napoveda\/seznam\/?page_id=121"},"modified":"2024-12-06T11:52:54","modified_gmt":"2024-12-06T10:52:54","slug":"panely","status":"publish","type":"page","link":"https:\/\/o-seznam.cz\/napoveda\/seznam\/aplikace\/android\/panely\/","title":{"rendered":"Panely"},"content":{"rendered":"\n<div class=\"wp-block-group is-layout-constrained wp-block-group-is-layout-constrained\">\n<p>V aplikaci Seznam.cz m\u016f\u017eete m\u00edt najednou otev\u0159eno i v\u00edce str\u00e1nek ve v\u00edce panelech. Abyste mohli nav\u0161t\u00edvit novou str\u00e1nku, nemus\u00edte p\u0159edchoz\u00ed zav\u00edrat. Mezi panely se str\u00e1nkami lze kdykoliv p\u0159ep\u00ednat.<\/p>\n\n\n\n<p>Seznam prohl\u00ed\u017ee\u010d tak\u00e9 umo\u017e\u0148uje synchronizaci panel\u016f, otev\u0159en\u00fdch na jin\u00fdch za\u0159\u00edzen\u00edch, ve kter\u00fdch jste p\u0159ihl\u00e1\u0161en\u00ed stejn\u00fdm \u00fa\u010dtem.<\/p>\n\n\n\n<p>K seznamu panel\u016f se p\u0159epnete \u0165uknut\u00edm na ikonku p\u0159ekr\u00fdvaj\u00edc\u00edch se \u010dtvere\u010dk\u016f. Zobrazen\u00e9 \u010d\u00edslo zna\u010d\u00ed, kolik ji\u017e je v aplikaci otev\u0159eno panel\u016f.<\/p>\n\n\n\n<figure class=\"wp-block-image size-full\"><img loading=\"lazy\" decoding=\"async\" width=\"695\" height=\"210\" src=\"https:\/\/o-seznam.cz\/napoveda\/seznam\/wp-content\/uploads\/sites\/16\/2024\/11\/seznam-android-lista.png\" alt=\"\" class=\"wp-image-261\" srcset=\"https:\/\/o-seznam.cz\/napoveda\/seznam\/wp-content\/uploads\/sites\/16\/2024\/11\/seznam-android-lista.png 695w, https:\/\/o-seznam.cz\/napoveda\/seznam\/wp-content\/uploads\/sites\/16\/2024\/11\/seznam-android-lista-320x97.png 320w\" sizes=\"auto, (max-width: 695px) 100vw, 695px\" \/><\/figure>\n\n\n\n<p>Seznamem panel\u016f lze p\u0159i v\u00edcero str\u00e1nk\u00e1ch posouvat nahoru a dol\u016f.<\/p>\n\n\n\n<p>V prav\u00e9 doln\u00ed \u010d\u00e1sti seznamu panel\u016f je mo\u017en\u00e9 vyvolat i tzv Anonymn\u00ed panel zv\u00fdrazn\u011bn\u00fd \u0161edou barvou:<\/p>\n\n\n\n<figure class=\"wp-block-image size-full\"><img loading=\"lazy\" decoding=\"async\" width=\"36\" height=\"36\" src=\"https:\/\/o-seznam.cz\/napoveda\/seznam\/wp-content\/uploads\/sites\/16\/2024\/11\/seznam-android-sync-panely1.png\" alt=\"\" class=\"wp-image-123\"\/><\/figure>\n\n\n\n<p>Informace o str\u00e1nk\u00e1ch zobrazovan\u00fdch v anonymn\u00edm panelu si prohl\u00ed\u017ee\u010d neukl\u00e1d\u00e1 ani nezapamatov\u00e1v\u00e1.<\/p>\n\n\n\n<div class=\"wp-block-columns is-layout-flex wp-container-core-columns-is-layout-28f84493 wp-block-columns-is-layout-flex\">\n<div class=\"wp-block-column is-layout-flow wp-block-column-is-layout-flow\">\n<figure class=\"wp-block-image size-full\"><img loading=\"lazy\" decoding=\"async\" width=\"537\" height=\"923\" src=\"https:\/\/o-seznam.cz\/napoveda\/seznam\/wp-content\/uploads\/sites\/16\/2024\/11\/panels.png\" alt=\"\" class=\"wp-image-124\" srcset=\"https:\/\/o-seznam.cz\/napoveda\/seznam\/wp-content\/uploads\/sites\/16\/2024\/11\/panels.png 537w, https:\/\/o-seznam.cz\/napoveda\/seznam\/wp-content\/uploads\/sites\/16\/2024\/11\/panels-186x320.png 186w\" sizes=\"auto, (max-width: 537px) 100vw, 537px\" \/><\/figure>\n<\/div>\n\n\n\n<div class=\"wp-block-column is-layout-flow wp-block-column-is-layout-flow\">\n<figure class=\"wp-block-image size-full\"><img loading=\"lazy\" decoding=\"async\" width=\"539\" height=\"925\" src=\"https:\/\/o-seznam.cz\/napoveda\/seznam\/wp-content\/uploads\/sites\/16\/2024\/11\/anon-panel.png\" alt=\"\" class=\"wp-image-125\" srcset=\"https:\/\/o-seznam.cz\/napoveda\/seznam\/wp-content\/uploads\/sites\/16\/2024\/11\/anon-panel.png 539w, https:\/\/o-seznam.cz\/napoveda\/seznam\/wp-content\/uploads\/sites\/16\/2024\/11\/anon-panel-186x320.png 186w\" sizes=\"auto, (max-width: 539px) 100vw, 539px\" \/><\/figure>\n<\/div>\n<\/div>\n\n\n\n<p>V ka\u017ed\u00e9m nov\u00e9m otev\u0159en\u00e9m panelu je na konci tla\u010d\u00edtko s mo\u017enost\u00ed zobrazen\u00ed ned\u00e1vno zav\u0159en\u00fdch panel\u016f. M\u016f\u017eete si tak zp\u011bt otev\u0159\u00edt i omylem zav\u0159en\u00fd panel se str\u00e1nkou.<\/p>\n\n\n\n<figure class=\"wp-block-image size-full\"><img decoding=\"async\" src=\"https:\/\/o-seznam.cz\/napoveda\/seznam\/wp-content\/uploads\/sites\/16\/2024\/11\/last-panels-1.png\" alt=\"\" class=\"wp-image-126\"\/><\/figure>\n<\/div>\n\n\n\n<div class=\"wp-block-group is-layout-constrained wp-block-group-is-layout-constrained\">\n<h2 class=\"wp-block-heading\">Synchronizace otev\u0159en\u00fdch panel\u016f<\/h2>\n\n\n\n<p>Tato funkce je v prohl\u00ed\u017ee\u010di zapnut\u00e1 automaticky. Pokud jste v n\u011bjak\u00e9m Seznam prohl\u00ed\u017ee\u010di p\u0159ihl\u00e1\u0161eni a m\u00e1te v n\u011bm otev\u0159eny panely se str\u00e1nkami, m\u016f\u017eete si tyt\u00e9\u017e panely zobrazit i v jin\u00e9m p\u0159ihl\u00e1\u0161en\u00e9m prohl\u00ed\u017ee\u010di na po\u010d\u00edta\u010di \u010di v mobiln\u00edm za\u0159\u00edzen\u00ed.<\/p>\n\n\n\n<p>Pokud jsou synchronizovan\u00e9 panely z jin\u00e9ho p\u0159ihl\u00e1\u0161en\u00e9ho prohl\u00ed\u017ee\u010de dostupn\u00e9, zobraz\u00ed se v seznamu panel\u016f ikonka:<\/p>\n\n\n\n<figure class=\"wp-block-image size-full\"><img loading=\"lazy\" decoding=\"async\" width=\"88\" height=\"76\" src=\"https:\/\/o-seznam.cz\/napoveda\/seznam\/wp-content\/uploads\/sites\/16\/2024\/11\/anon-panel-ico.png\" alt=\"\" class=\"wp-image-127\"\/><\/figure>\n\n\n\n<figure class=\"wp-block-image size-full\"><img loading=\"lazy\" decoding=\"async\" width=\"345\" height=\"254\" src=\"https:\/\/o-seznam.cz\/napoveda\/seznam\/wp-content\/uploads\/sites\/16\/2024\/11\/seznam-android-sync-panely2.png\" alt=\"\" class=\"wp-image-128\" srcset=\"https:\/\/o-seznam.cz\/napoveda\/seznam\/wp-content\/uploads\/sites\/16\/2024\/11\/seznam-android-sync-panely2.png 345w, https:\/\/o-seznam.cz\/napoveda\/seznam\/wp-content\/uploads\/sites\/16\/2024\/11\/seznam-android-sync-panely2-320x236.png 320w\" sizes=\"auto, (max-width: 345px) 100vw, 345px\" \/><\/figure>\n\n\n\n<p>Kliknut\u00edm na ikonku se zobraz\u00ed seznam dal\u0161\u00edch p\u0159ihl\u00e1\u0161en\u00fdch prohl\u00ed\u017ee\u010d\u016f a za\u0159\u00edzen\u00ed a u ka\u017ed\u00e9ho naleznete seznam otev\u0159en\u00fdch panel\u016f.<\/p>\n\n\n\n<p>Kliknut\u00edm na n\u011bkter\u00fd zobrazen\u00fd panel si ten stejn\u00fd panel a str\u00e1nku otev\u0159ete tak\u00e9 na sv\u00e9m aktu\u00e1ln\u00edm Seznam prohl\u00ed\u017ee\u010di.<\/p>\n\n\n\n<p>Kliknut\u00edm na tla\u010d\u00edtko se t\u0159emi te\u010dkami vpravo u ka\u017ed\u00e9 polo\u017eky si m\u016f\u017eete vybrat i zp\u016fsob otev\u0159en\u00ed panelu.<\/p>\n\n\n\n<div class=\"wp-block-columns is-layout-flex wp-container-core-columns-is-layout-28f84493 wp-block-columns-is-layout-flex\">\n<div class=\"wp-block-column is-layout-flow wp-block-column-is-layout-flow\">\n<figure class=\"wp-block-image size-full\"><img loading=\"lazy\" decoding=\"async\" width=\"345\" height=\"316\" src=\"https:\/\/o-seznam.cz\/napoveda\/seznam\/wp-content\/uploads\/sites\/16\/2024\/11\/seznam-android-sync-panely3.png\" alt=\"\" class=\"wp-image-129\" srcset=\"https:\/\/o-seznam.cz\/napoveda\/seznam\/wp-content\/uploads\/sites\/16\/2024\/11\/seznam-android-sync-panely3.png 345w, https:\/\/o-seznam.cz\/napoveda\/seznam\/wp-content\/uploads\/sites\/16\/2024\/11\/seznam-android-sync-panely3-320x293.png 320w\" sizes=\"auto, (max-width: 345px) 100vw, 345px\" \/><\/figure>\n<\/div>\n\n\n\n<div class=\"wp-block-column is-layout-flow wp-block-column-is-layout-flow\">\n<figure class=\"wp-block-image size-full\"><img loading=\"lazy\" decoding=\"async\" width=\"345\" height=\"234\" src=\"https:\/\/o-seznam.cz\/napoveda\/seznam\/wp-content\/uploads\/sites\/16\/2024\/11\/seznam-android-sync-panely4.png\" alt=\"\" class=\"wp-image-130\" srcset=\"https:\/\/o-seznam.cz\/napoveda\/seznam\/wp-content\/uploads\/sites\/16\/2024\/11\/seznam-android-sync-panely4.png 345w, https:\/\/o-seznam.cz\/napoveda\/seznam\/wp-content\/uploads\/sites\/16\/2024\/11\/seznam-android-sync-panely4-320x217.png 320w\" sizes=\"auto, (max-width: 345px) 100vw, 345px\" \/><\/figure>\n<\/div>\n<\/div>\n<\/div>\n","protected":false},"excerpt":{"rendered":"<p>V aplikaci Seznam.cz m\u016f\u017eete m\u00edt najednou otev\u0159eno i v\u00edce str\u00e1nek ve v\u00edce panelech. Abyste mohli nav\u0161t\u00edvit novou str\u00e1nku, nemus\u00edte p\u0159edchoz\u00ed zav\u00edrat. Mezi panely se str\u00e1nkami lze kdykoliv p\u0159ep\u00ednat. Seznam prohl\u00ed\u017ee\u010d tak\u00e9 umo\u017e\u0148uje synchronizaci panel\u016f, otev\u0159en\u00fdch na jin\u00fdch za\u0159\u00edzen\u00edch, ve kter\u00fdch jste p\u0159ihl\u00e1\u0161en\u00ed stejn\u00fdm \u00fa\u010dtem. K seznamu panel\u016f se p\u0159epnete \u0165uknut\u00edm na ikonku p\u0159ekr\u00fdvaj\u00edc\u00edch se \u010dtvere\u010dk\u016f. [&hellip;]<\/p>\n","protected":false},"author":6,"featured_media":0,"parent":157,"menu_order":0,"comment_status":"closed","ping_status":"closed","template":"page-sidemenu","meta":{"_acf_changed":false,"_relevanssi_hide_post":"","_relevanssi_hide_content":"","_relevanssi_pin_for_all":"","_relevanssi_pin_keywords":"","_relevanssi_unpin_keywords":"","_relevanssi_related_keywords":"","_relevanssi_related_include_ids":"","_relevanssi_related_exclude_ids":"","_relevanssi_related_no_append":"","_relevanssi_related_not_related":"","_relevanssi_related_posts":"","_relevanssi_noindex_reason":"","footnotes":""},"page_category":[4],"page_tag":[],"service_status_category":[],"class_list":["post-121","page","type-page","status-publish","hentry"],"acf":[],"_links":{"self":[{"href":"https:\/\/o-seznam.cz\/napoveda\/seznam\/wp-json\/wp\/v2\/pages\/121","targetHints":{"allow":["GET"]}}],"collection":[{"href":"https:\/\/o-seznam.cz\/napoveda\/seznam\/wp-json\/wp\/v2\/pages"}],"about":[{"href":"https:\/\/o-seznam.cz\/napoveda\/seznam\/wp-json\/wp\/v2\/types\/page"}],"author":[{"embeddable":true,"href":"https:\/\/o-seznam.cz\/napoveda\/seznam\/wp-json\/wp\/v2\/users\/6"}],"replies":[{"embeddable":true,"href":"https:\/\/o-seznam.cz\/napoveda\/seznam\/wp-json\/wp\/v2\/comments?post=121"}],"version-history":[{"count":3,"href":"https:\/\/o-seznam.cz\/napoveda\/seznam\/wp-json\/wp\/v2\/pages\/121\/revisions"}],"predecessor-version":[{"id":265,"href":"https:\/\/o-seznam.cz\/napoveda\/seznam\/wp-json\/wp\/v2\/pages\/121\/revisions\/265"}],"up":[{"embeddable":true,"href":"https:\/\/o-seznam.cz\/napoveda\/seznam\/wp-json\/wp\/v2\/pages\/157"}],"wp:attachment":[{"href":"https:\/\/o-seznam.cz\/napoveda\/seznam\/wp-json\/wp\/v2\/media?parent=121"}],"wp:term":[{"taxonomy":"page_category","embeddable":true,"href":"https:\/\/o-seznam.cz\/napoveda\/seznam\/wp-json\/wp\/v2\/page_category?post=121"},{"taxonomy":"page_tag","embeddable":true,"href":"https:\/\/o-seznam.cz\/napoveda\/seznam\/wp-json\/wp\/v2\/page_tag?post=121"},{"taxonomy":"service_status_category","embeddable":true,"href":"https:\/\/o-seznam.cz\/napoveda\/seznam\/wp-json\/wp\/v2\/service_status_category?post=121"}],"curies":[{"name":"wp","href":"https:\/\/api.w.org\/{rel}","templated":true}]}}