{"id":241,"date":"2025-06-26T22:44:39","date_gmt":"2025-06-26T20:44:39","guid":{"rendered":"https:\/\/o-seznam.cz\/napoveda\/sdovolena\/?page_id=241"},"modified":"2025-06-30T08:21:37","modified_gmt":"2025-06-30T06:21:37","slug":"ciselnik","status":"publish","type":"page","link":"https:\/\/o-seznam.cz\/napoveda\/sdovolena\/pro-inzerenty\/ciselnik\/","title":{"rendered":"\u010c\u00edseln\u00edk"},"content":{"rendered":"\n<div class=\"wp-block-group is-layout-constrained wp-block-group-is-layout-constrained\">\n<p>\u010c\u00edseln\u00edk\u00a0(XLSX)<\/p>\n\n\n\n<pre title=\"&amp;nbsp;\" class=\"wp-block-code\"><code lang=\"none\" class=\"language-none\">ID     Zem\u011b\nABW    Aruba\nAFG    Afgh\u00e1nist\u00e1n\nAGO    Angola\nAIA    Anguilla\nALB    Alb\u00e1nie\nAND    Andorra\nARE    Spojen\u00e9 arabsk\u00e9 emir\u00e1ty\nARG    Argentina\nARM    Arm\u00e9nie\nASM    Americk\u00e1 Samoa\nATA    Antarktida\nATG    Antigua a Barbuda\nAUS    Austr\u00e1lie\nAUT    Rakousko\nAZE    \u00c1zerb\u00e1jd\u017e\u00e1n\nBDI    Burundi\nBEL    Belgie\nBEN    Benin\nBFA    Burkina Faso\nBGD    Banglad\u00e9\u0161\nBGR    Bulharsko\nBHR    Bahrajn\nBHS    Bahamy\nBIH    Bosna a Hercegovina\nBLM    Svat\u00fd Bartolom\u011bj\nBLR    B\u011blorusko\nBLZ    Belize\nBMU    Bermudy\nBOL    Bol\u00edvie\nBRA    Braz\u00edlie\nBRB    Barbados\nBRN    Brunej\nBTN    Bh\u00fat\u00e1n\nBWA    Botswana\nCAF    St\u0159edoafrick\u00e1 republika\nCAN    Kanada\nCCK    Kokosov\u00e9 ostrovy\nCIV    Pob\u0159e\u017e\u00ed slonoviny\nCMR    Kamerun\nCOG    Kongo\nCOK    Cookovy ostrovy\nCOL    Kolumbie\nCOM    Komory\nCPV    Kapverdy\nCRI    Kostarika\nCUB    Kuba\nCUW    Curacao\nCXR    V\u00e1no\u010dn\u00ed ostrov\nCYM    Kajmansk\u00e9 ostrovy\nCYP    Kypr\nCZE    \u010cesk\u00e1 republika\nDEU    N\u011bmecko\nDJI    D\u017eibutsko\nDMA    Dominika\nDNK    D\u00e1nsko\nDOM    Dominik\u00e1nsk\u00e1 republika\nDZA    Al\u017e\u00edrsko\nECU    Ekv\u00e1dor\nEGY    Egypt\nERI    Eritrea\nESH    Z\u00e1padn\u00ed Sahara\nESP    \u0160pan\u011blsko\nEST    Estonsko\nETH    Etiopie\nFIN    Finsko\nFJI    Fid\u017ei\nFLK    Falklandy (Malv\u00edny)\nFRA    Francie\nFRO    Faersk\u00e9 ostrovy\nFSM    Mikron\u00e9sie\nGAB    Gabon\nGBR    Velk\u00e1 Brit\u00e1nie\nGEO    Gruzie\nGHA    Ghana\nGIB    Gibraltar\nGIN    Guinea\nGLP    Guadeloupe\nGMB    Gambie\nGNB    Guinea-Bissau\nGNQ    Rovn\u00edkov\u00e1 Guinea\nGRC    \u0158ecko\nGRD    Grenada\nGRL    Gr\u00f3nsko\nGTM    Guatemala\nGUF    Francouzsk\u00e1 Guyana\nGUY    Guyana\nHKG    Hongkong\nHND    Honduras\nHRV    Chorvatsko\nHTI    Haiti\nHUN    Ma\u010farsko\nCHE    \u0160v\u00fdcarsko\nCHL    Chile\nCHN    \u010c\u00edna\nIDN    Indon\u00e9sie\nIMN    Ostrov Man\nIND    Indie\nIRL    Irsko\nIRN    \u00cdr\u00e1n\nIRQ    Ir\u00e1k\nISL    Island\nISR    Izrael\nITA    It\u00e1lie\nJAM    Jamajka\nJOR    Jord\u00e1nsko\nJPN    Japonsko\nKAZ    Kazachst\u00e1n\nKEN    Ke\u0148a\nKGZ    Kyrgyzst\u00e1n\nKHM    Kambod\u017ea\nKNA    Svat\u00fd Kry\u0161tof a Nevis\nKOR    Ji\u017en\u00ed Korea\nKWT    Kuvajt\nLAO    Laos\nLBN    Libanon\nLBR    Lib\u00e9rie\nLBY    Libye\nLCA    Svat\u00e1 Lucie\nLIE    Lichten\u0161tejnsko\nLKA    Sr\u00ed Lanka\nLSO    Lesotho\nLTU    Litva\nLUX    Lucembursko\nLVA    Loty\u0161sko\nMAC    Macao\nMAF    Svat\u00fd Martin (Francie)\nMAR    Maroko\nMCO    Monako\nMDA    Moldavsko\nMDG    Madagaskar\nMDV    Maledivy\nMEX    Mexiko\nMKD    Makedonie\nMLI    Mali\nMLT    Malta\nMMR    Barma\nMNE    \u010cern\u00e1 Hora\nMNG    Mongolsko\nMOZ    Mosambik\nMRT    Maurit\u00e1nie\nMTQ    Martinik\nMUS    Mauricius\nMWI    Malawi\nMYS    Malajsie\nMYT    Mayotte\nNAM    Namibie\nNCL    Nov\u00e1 Kaledonie\nNER    Niger\nNGA    Nig\u00e9rie\nNIC    Nikaragua\nNLD    Nizozemsko\nNOR    Norsko\nNPL    Nep\u00e1l\nNZL    Nov\u00fd Z\u00e9land\nOMN    Om\u00e1n\nPAK    P\u00e1kist\u00e1n\nPAN    Panama\nPER    Peru\nPHL    Filip\u00edny\nPLW    Palau\nPNG    Papua Nov\u00e1 Guinea\nPOL    Polsko\nPRI    Portoriko\nPRK    Severn\u00ed Korea\nPRT    Portugalsko\nPRY    Paraguay\nPSE    Palestina\nPYF    Francouzsk\u00e1 Polyn\u00e9sie\nQAT    Katar\nREU    R\u00e9union\nROU    Rumunsko\nRUS    Rusko\nRWA    Rwanda\nSAU    Sa\u00fadsk\u00e1 Ar\u00e1bie\nSDN    S\u00fad\u00e1n\nSEN    Senegal\nSGP    Singapur\nSHN    Svat\u00e1 Helena\nSLB    \u0160alamounovy ostrovy\nSLE    Sierra Leone\nSLV    Salvador\nSMR    San Marino\nSOM    Som\u00e1lsko\nSRB    Srbsko\nSTP    Svat\u00fd Tom\u00e1\u0161\nSUR    Surinam\nSVK    Slovensko\nSVN    Slovinsko\nSWE    \u0160v\u00e9dsko\nSWZ    Svazijsko\nSYC    Seychely\nSXM    Svat\u00fd Martin (Nizozemsko)\nSYR    S\u00fdrie\nTCA    Turks a Caicos\nTCD    \u010cad\nTGO    Togo\nTHA    Thajsko\nTJK    T\u00e1d\u017eikist\u00e1n\nTLS    V\u00fdchodn\u00ed Timor\nTKM    Turkmenist\u00e1n\nTON    Tonga\nTTO    Trinidad a Tobago\nTUN    Tunisko\nTUR    Turecko\nTWN    Tchaj-wan\nTZA    Tanzanie\nUGA    Uganda\nUKR    Ukrajina\nURY    Uruguay\nUSA    USA\nUZB    Uzbekist\u00e1n\nVAT    Vatik\u00e1n\nVCT    Svat\u00fd Vincenc a Grenadiny\nVEN    Venezuela\nVGB    Britsk\u00e9 Panensk\u00e9 ostrovy\nVNM    Vietnam\nVUT    Vanuatu\nWSM    Samoa\nYEM    Jemen\nZAF    Jihoafrick\u00e1 republika\nZMB    Zambie\nZWE    Zimbabwe\nID     Typ z\u00e1jezdu\n100    Pobytov\u00e9\n101     u mo\u0159e\n102     v metropoli\n103     relaxa\u010dn\u00ed\n104     na hor\u00e1ch\n200    Pozn\u00e1vac\u00ed\n300    Aktivn\u00ed\n301     s aerobikem\n302     na kolo\n303     na inline brusle\n304     na ly\u017ee\n305     na hory - turistika\n306     na vodu\n307     na golf\n400    Plavby\n500    Eurov\u00edkend<\/code><\/pre>\n\n\n\n<pre title=\"&amp;nbsp;\" class=\"wp-block-code\"><code lang=\"none\" class=\"language-none\">ID   Typ stravy\n1    Bez stravy\n2    Sn\u00eddan\u011b\n3    Ve\u010de\u0159e\n4    Polopenze\n5    Pln\u00e1 penze\n6    All inclusive\n7    Dle programu\n8    Ultra all inclusive<\/code><\/pre>\n\n\n\n<pre title=\"&amp;nbsp;\" class=\"wp-block-code\"><code lang=\"none\" class=\"language-none\">ID   Typ dopravy\n1    Vlastn\u00ed\n2    Letecky\n3    Vlakem\n4    Autobusem\n5    Lod\u00ed\n6    Kombinovan\u00e1<\/code><\/pre>\n\n\n\n<pre title=\"&amp;nbsp;\" class=\"wp-block-code\"><code lang=\"none\" class=\"language-none\">ID   \u00darove\u0148 ubytov\u00e1n\u00ed\n1    nespecifikov\u00e1no\n2    *\n3    *+\n4    **\n5    **+\n6    ***\n7    ***+\n8    ****\n9    ****+\n10   *****\n11   *****+<\/code><\/pre>\n\n\n\n<pre title=\"&amp;nbsp;\" class=\"wp-block-code\"><code lang=\"none\" class=\"language-none\">ID   Typ popisu ceny\n1    Dosp\u011bl\u00fd\n2    D\u00edt\u011b\n3    Senior<\/code><\/pre>\n<\/div>\n","protected":false},"excerpt":{"rendered":"<p>\u010c\u00edseln\u00edk\u00a0(XLSX)<\/p>\n","protected":false},"author":67,"featured_media":0,"parent":15,"menu_order":0,"comment_status":"closed","ping_status":"closed","template":"page-sidemenu","meta":{"_acf_changed":false,"_relevanssi_hide_post":"","_relevanssi_hide_content":"","_relevanssi_pin_for_all":"","_relevanssi_pin_keywords":"","_relevanssi_unpin_keywords":"","_relevanssi_related_keywords":"","_relevanssi_related_include_ids":"","_relevanssi_related_exclude_ids":"","_relevanssi_related_no_append":"","_relevanssi_related_not_related":"","_relevanssi_related_posts":"","_relevanssi_noindex_reason":"","footnotes":""},"page_category":[32],"page_tag":[],"service_status_category":[],"class_list":["post-241","page","type-page","status-publish","hentry"],"acf":[],"_links":{"self":[{"href":"https:\/\/o-seznam.cz\/napoveda\/sdovolena\/wp-json\/wp\/v2\/pages\/241","targetHints":{"allow":["GET"]}}],"collection":[{"href":"https:\/\/o-seznam.cz\/napoveda\/sdovolena\/wp-json\/wp\/v2\/pages"}],"about":[{"href":"https:\/\/o-seznam.cz\/napoveda\/sdovolena\/wp-json\/wp\/v2\/types\/page"}],"author":[{"embeddable":true,"href":"https:\/\/o-seznam.cz\/napoveda\/sdovolena\/wp-json\/wp\/v2\/users\/67"}],"replies":[{"embeddable":true,"href":"https:\/\/o-seznam.cz\/napoveda\/sdovolena\/wp-json\/wp\/v2\/comments?post=241"}],"version-history":[{"count":3,"href":"https:\/\/o-seznam.cz\/napoveda\/sdovolena\/wp-json\/wp\/v2\/pages\/241\/revisions"}],"predecessor-version":[{"id":245,"href":"https:\/\/o-seznam.cz\/napoveda\/sdovolena\/wp-json\/wp\/v2\/pages\/241\/revisions\/245"}],"up":[{"embeddable":true,"href":"https:\/\/o-seznam.cz\/napoveda\/sdovolena\/wp-json\/wp\/v2\/pages\/15"}],"wp:attachment":[{"href":"https:\/\/o-seznam.cz\/napoveda\/sdovolena\/wp-json\/wp\/v2\/media?parent=241"}],"wp:term":[{"taxonomy":"page_category","embeddable":true,"href":"https:\/\/o-seznam.cz\/napoveda\/sdovolena\/wp-json\/wp\/v2\/page_category?post=241"},{"taxonomy":"page_tag","embeddable":true,"href":"https:\/\/o-seznam.cz\/napoveda\/sdovolena\/wp-json\/wp\/v2\/page_tag?post=241"},{"taxonomy":"service_status_category","embeddable":true,"href":"https:\/\/o-seznam.cz\/napoveda\/sdovolena\/wp-json\/wp\/v2\/service_status_category?post=241"}],"curies":[{"name":"wp","href":"https:\/\/api.w.org\/{rel}","templated":true}]}}