{"id":110,"date":"2025-06-26T08:23:53","date_gmt":"2025-06-26T06:23:53","guid":{"rendered":"https:\/\/o-seznam.cz\/napoveda\/sdovolena\/?page_id=110"},"modified":"2026-04-14T09:39:50","modified_gmt":"2026-04-14T07:39:50","slug":"smluvni-podminky","status":"publish","type":"page","link":"https:\/\/o-seznam.cz\/napoveda\/sdovolena\/vseobecne-obchodni-podminky-sdovolena-cz\/smluvni-podminky\/","title":{"rendered":"Smluvn\u00ed podm\u00ednky"},"content":{"rendered":"\n<div class=\"wp-block-group is-layout-constrained wp-block-group-is-layout-constrained\">\n<p><a href=\"https:\/\/o-seznam.cz\/napoveda\/sdovolena\/smluvni-podminky\/ucinne-od-17-2-2024\/\" data-type=\"link\" data-id=\"https:\/\/o-seznam.cz\/napoveda\/sdovolena\/smluvni-podminky-sluzby-sdovolena-cz-ucinne-od-17-2-2024\/\">Smluvn\u00ed podm\u00ednky slu\u017eby Sdovolena.cz<\/a>&nbsp;&#8211; \u00fa\u010dinn\u00e9 od 17.2.2024<\/p>\n\n\n\n<p><a href=\"https:\/\/o-seznam.cz\/napoveda\/sdovolena\/smluvni-podminky\/ucinne-od-8-2-2021\/\" data-type=\"link\" data-id=\"https:\/\/o-seznam.cz\/napoveda\/sdovolena\/smluvni-podminky-sluzby-sdovolena-cz-ucinne-od-8-2-2021\/\">Smluvn\u00ed podm\u00ednky slu\u017eby Sdovolena.cz<\/a>&nbsp;&#8211; \u00fa\u010dinn\u00e9 od 8.2.2021<\/p>\n\n\n\n<p><a href=\"https:\/\/o-seznam.cz\/napoveda\/sdovolena\/smluvni-podminky\/ucinne-od-12-8-2019\/\" data-type=\"link\" data-id=\"https:\/\/o-seznam.cz\/napoveda\/sdovolena\/smluvni-podminky-sluzby-sdovolena-cz-ucinne-od-12-8-2019\/\">Smluvn\u00ed podm\u00ednky slu\u017eby Sdovolena.cz<\/a>&nbsp;&#8211; \u00fa\u010dinn\u00e9 od 12.8.2019<\/p>\n<\/div>\n","protected":false},"excerpt":{"rendered":"<p>Smluvn\u00ed podm\u00ednky slu\u017eby Sdovolena.cz&nbsp;&#8211; \u00fa\u010dinn\u00e9 od 17.2.2024 Smluvn\u00ed podm\u00ednky slu\u017eby Sdovolena.cz&nbsp;&#8211; \u00fa\u010dinn\u00e9 od 8.2.2021 Smluvn\u00ed podm\u00ednky slu\u017eby Sdovolena.cz&nbsp;&#8211; \u00fa\u010dinn\u00e9 od 12.8.2019<\/p>\n","protected":false},"author":67,"featured_media":0,"parent":167,"menu_order":0,"comment_status":"closed","ping_status":"closed","template":"page-sidemenu","meta":{"_acf_changed":false,"_relevanssi_hide_post":"","_relevanssi_hide_content":"","_relevanssi_pin_for_all":"","_relevanssi_pin_keywords":"","_relevanssi_unpin_keywords":"","_relevanssi_related_keywords":"","_relevanssi_related_include_ids":"","_relevanssi_related_exclude_ids":"","_relevanssi_related_no_append":"","_relevanssi_related_not_related":"","_relevanssi_related_posts":"","_relevanssi_noindex_reason":"","footnotes":""},"page_category":[32],"page_tag":[],"service_status_category":[],"class_list":["post-110","page","type-page","status-publish","hentry"],"acf":[],"_links":{"self":[{"href":"https:\/\/o-seznam.cz\/napoveda\/sdovolena\/wp-json\/wp\/v2\/pages\/110","targetHints":{"allow":["GET"]}}],"collection":[{"href":"https:\/\/o-seznam.cz\/napoveda\/sdovolena\/wp-json\/wp\/v2\/pages"}],"about":[{"href":"https:\/\/o-seznam.cz\/napoveda\/sdovolena\/wp-json\/wp\/v2\/types\/page"}],"author":[{"embeddable":true,"href":"https:\/\/o-seznam.cz\/napoveda\/sdovolena\/wp-json\/wp\/v2\/users\/67"}],"replies":[{"embeddable":true,"href":"https:\/\/o-seznam.cz\/napoveda\/sdovolena\/wp-json\/wp\/v2\/comments?post=110"}],"version-history":[{"count":10,"href":"https:\/\/o-seznam.cz\/napoveda\/sdovolena\/wp-json\/wp\/v2\/pages\/110\/revisions"}],"predecessor-version":[{"id":405,"href":"https:\/\/o-seznam.cz\/napoveda\/sdovolena\/wp-json\/wp\/v2\/pages\/110\/revisions\/405"}],"up":[{"embeddable":true,"href":"https:\/\/o-seznam.cz\/napoveda\/sdovolena\/wp-json\/wp\/v2\/pages\/167"}],"wp:attachment":[{"href":"https:\/\/o-seznam.cz\/napoveda\/sdovolena\/wp-json\/wp\/v2\/media?parent=110"}],"wp:term":[{"taxonomy":"page_category","embeddable":true,"href":"https:\/\/o-seznam.cz\/napoveda\/sdovolena\/wp-json\/wp\/v2\/page_category?post=110"},{"taxonomy":"page_tag","embeddable":true,"href":"https:\/\/o-seznam.cz\/napoveda\/sdovolena\/wp-json\/wp\/v2\/page_tag?post=110"},{"taxonomy":"service_status_category","embeddable":true,"href":"https:\/\/o-seznam.cz\/napoveda\/sdovolena\/wp-json\/wp\/v2\/service_status_category?post=110"}],"curies":[{"name":"wp","href":"https:\/\/api.w.org\/{rel}","templated":true}]}}