{"id":70,"date":"2024-10-16T13:17:37","date_gmt":"2024-10-16T11:17:37","guid":{"rendered":"https:\/\/o-seznam.cz\/napoveda\/sbazar\/?page_id=70"},"modified":"2025-02-24T12:48:02","modified_gmt":"2025-02-24T11:48:02","slug":"zvyhodneni-topovani-inzeratu","status":"publish","type":"page","link":"https:\/\/o-seznam.cz\/napoveda\/sbazar\/jak-inzerovat\/zvyhodneni-topovani-inzeratu\/","title":{"rendered":"Zv\u00fdhodn\u011bn\u00ed (Topov\u00e1n\u00ed) inzer\u00e1tu"},"content":{"rendered":"\n<div class=\"wp-block-group is-layout-constrained wp-block-group-is-layout-constrained\">\n<p id=\"block-bf99ed87-6e05-4a98-a014-2f6569265085\"><strong>Z\u00e1kladn\u00ed inzerce na Sbazar.cz je zdarma<\/strong>. Ka\u017ed\u00fd inzer\u00e1t se nejprve zobraz\u00ed na horn\u00ed pozici v\u00fdpisu a nov\u011bj\u0161\u00ed inzer\u00e1ty jej postupn\u011b stla\u010duj\u00ed dol\u016f.<br><br>V p\u0159\u00edpad\u011b, \u017ee je inzer\u00e1t <strong>zv\u00fdhodn\u011bn\u00fd<\/strong>, zobraz\u00ed se hned na <strong>prvn\u00ed pozici<\/strong> a<strong> posouv\u00e1 se pouze po dal\u0161\u00edch zv\u00fdhodn\u011bn\u00fdch pozic\u00edch<\/strong>, kter\u00e9 jsou ur\u010deny smluvn\u00edmi podm\u00ednkami. Inzer\u00e1t m\u016f\u017ee na dal\u0161\u00ed zv\u00fdhodn\u011bnou pozici odsunout pouze nov\u011bji topovan\u00fd inzer\u00e1t. D\u00edky zv\u00fdhodn\u011bn\u00ed se inzer\u00e1t posouv\u00e1 v\u00fdpisem pomaleji a t\u00edm jej m\u016f\u017ee vid\u011bt v\u00edce p\u0159\u00edpadn\u00fdch z\u00e1jemc\u016f. &nbsp;&nbsp;<\/p>\n\n\n\n<figure class=\"wp-block-image size-full is-resized\"><img loading=\"lazy\" decoding=\"async\" width=\"605\" height=\"86\" src=\"https:\/\/o-seznam.cz\/napoveda\/sbazar\/wp-content\/uploads\/sites\/19\/2024\/10\/13.jpg\" alt=\"\" class=\"wp-image-71\" style=\"width:647px;height:auto\" srcset=\"https:\/\/o-seznam.cz\/napoveda\/sbazar\/wp-content\/uploads\/sites\/19\/2024\/10\/13.jpg 605w, https:\/\/o-seznam.cz\/napoveda\/sbazar\/wp-content\/uploads\/sites\/19\/2024\/10\/13-320x45.jpg 320w\" sizes=\"auto, (max-width: 605px) 100vw, 605px\" \/><\/figure>\n\n\n\n<h2 class=\"wp-block-heading\"><strong>Kolik zv\u00fdhodn\u011bn\u00ed stoj\u00ed?<\/strong><\/h2>\n\n\n\n<p><strong>P\u0159i platb\u011b Seznam Pen\u011b\u017eenkou nebo Kartou stoj\u00ed zv\u00fdhodn\u011bn\u00ed 29,- K\u010d; 75,- K\u010d (3 topov\u00e1n\u00ed); 100,- K\u010d (5 topov\u00e1n\u00ed)<\/strong><\/p>\n\n\n\n<ul class=\"wp-block-list\">\n<li>Platba kartou je vhodn\u00e1 pokud inzerujete sp\u00ed\u0161e n\u00e1razov\u011b a pot\u0159ebujete topovat jen jeden inzer\u00e1t. V p\u0159\u00edpad\u011b, \u017ee inzerujete pravideln\u011b a i topov\u00e1n\u00ed \u010dasto vyu\u017e\u00edv\u00e1te, doporu\u010dujeme platbu pomoc\u00ed Seznam Pen\u011b\u017eenky, kam si m\u016f\u017eete vlo\u017eit vy\u0161\u0161\u00ed \u010d\u00e1stku a z n\u00ed ji\u017e pouze \u010derpat za jednotliv\u00e1 zv\u00fdhodn\u011bn\u00ed inzerce.<\/li>\n\n\n\n<li>V\u00fdpisy jednotliv\u00fdch plateb i \u010derp\u00e1n\u00ed m\u016f\u017eete p\u0159ehledn\u011b vid\u011bt na str\u00e1nce <a class=\"is-style-link-external\" href=\"https:\/\/klient.seznam.cz\">https:\/\/klient.seznam.cz<\/a> po rozkliknut\u00ed \u0161ipky u z\u00e1lo\u017eky Pen\u011b\u017eenka.<\/li>\n\n\n\n<li>Da\u0148ov\u00fd doklad, za provedenou platbu m\u016f\u017eete z\u00edskat p\u0159\u00edmo u dan\u00e9 platby v z\u00e1lo\u017ece &#8222;Transakce&#8220;.<\/li>\n<\/ul>\n\n\n\n<p><strong>P\u0159i platb\u011b pomoc\u00ed SMS zpr\u00e1vy stoj\u00ed zv\u00fdhodn\u011bn\u00ed 39 K\u010d<\/strong><\/p>\n\n\n\n<ul class=\"wp-block-list\">\n<li><strong>POZOR!<\/strong> Formou sms lze hradit jen variantu s jedn\u00edm topov\u00e1n\u00edm.<\/li>\n\n\n\n<li>Pro vyu\u017eit\u00ed t\u00e9to mo\u017enosti je nutn\u00e9 m\u00edt aktivovanou slu\u017ebu Premium SMS. Pokud ji pro sv\u00e9 telefonn\u00ed \u010d\u00edslo aktivn\u00ed nem\u00e1te, kontaktujte sv\u00e9ho mobiln\u00edho oper\u00e1tora.<\/li>\n\n\n\n<li>Da\u0148ov\u00fd doklad m\u016f\u017eete z\u00edskat u technick\u00e9ho provozovatele SMS slu\u017eby na str\u00e1nce<br><a class=\"is-style-link-external\" href=\"https:\/\/widget.maternacz.com\/seznam\/\">Materna.<\/a>&nbsp;<\/li>\n<\/ul>\n\n\n\n<figure class=\"wp-block-image size-full\"><img loading=\"lazy\" decoding=\"async\" width=\"596\" height=\"84\" src=\"https:\/\/o-seznam.cz\/napoveda\/sbazar\/wp-content\/uploads\/sites\/19\/2024\/10\/14.jpg\" alt=\"\" class=\"wp-image-73\" srcset=\"https:\/\/o-seznam.cz\/napoveda\/sbazar\/wp-content\/uploads\/sites\/19\/2024\/10\/14.jpg 596w, https:\/\/o-seznam.cz\/napoveda\/sbazar\/wp-content\/uploads\/sites\/19\/2024\/10\/14-320x45.jpg 320w\" sizes=\"auto, (max-width: 596px) 100vw, 596px\" \/><\/figure>\n\n\n\n<h2 class=\"wp-block-heading\" id=\"kategorie\"><strong>Jak topovat inzer\u00e1t<\/strong><\/h2>\n\n\n\n<p><strong>Jak se p\u0159esunout do sekce Moje nab\u00eddky a topovat inzer\u00e1t?<\/strong><\/p>\n\n\n\n<ul class=\"wp-block-list\">\n<li>Vpravo naho\u0159e kliknut\u00edm na ikonku medailonku a volbou <strong>Moje nab\u00eddky<\/strong>.<\/li>\n\n\n\n<li>Zobraz\u00ed se V\u00e1m str\u00e1nka va\u0161ich nab\u00eddek.<\/li>\n\n\n\n<li>Naje\u010fte my\u0161\u00ed na inzer\u00e1t, kter\u00fd chcete zv\u00fdhodnit.<\/li>\n\n\n\n<li>Klikn\u011bte na tla\u010d\u00edtko Topovat.<\/li>\n\n\n\n<li>Pot\u00e9 budete p\u0159esm\u011brov\u00e1ni na str\u00e1nku, kde je t\u0159eba zvolit kolik topov\u00e1n\u00ed  chcete (1\/3\/5).<\/li>\n\n\n\n<li>Z\u00e1rove\u0148 na t\u00e9to str\u00e1nce je mo\u017en\u00e9 vyu\u017e\u00edt ji\u017e zakoupen\u00e1 topov\u00e1n\u00ed.<\/li>\n\n\n\n<li>Po kliknut\u00ed na po\u010det topov\u00e1n\u00ed se zobraz\u00ed druhy platby<\/li>\n\n\n\n<li>Vyberte si druh platby kter\u00fd V\u00e1m vyhovuje. <\/li>\n\n\n\n<li>Po zaplacen\u00ed topov\u00e1n\u00ed se V\u00e1\u0161 inzer\u00e1t otopuje a posune se ve v\u00fdpisu inzerce dop\u0159edu.<\/li>\n\n\n\n<li>Informace za platbu V\u00e1m doraz\u00ed do Va\u0161\u00ed emailov\u00e9 schr\u00e1nky. <\/li>\n\n\n\n<li>Pozor! Pokud si vol\u00edte bal\u00ed\u010dky t\u0159\u00ed a v\u00edce topov\u00e1n\u00ed je pot\u0159eba topov\u00e1n\u00ed je\u0161t\u011b p\u0159i\u0159adit k inzer\u00e1tu. Pokud jste tedy uhradili a topov\u00e1n\u00ed se nezobrazuje u inzer\u00e1tu (a nen\u00ed zv\u00fdhodn\u011bn) zvolte op\u011bt volbu topovat. Pravd\u011bpodobn\u011b uvid\u00edte informaci: Vyu\u017e\u00edt ji\u017e zakoupen\u00e9 topov\u00e1n\u00ed. Pakli\u017ee nevid\u00edte tuto volbu je t\u0159eba n\u00e1s kontaktovat a situaci prov\u011b\u0159\u00edme.<\/li>\n<\/ul>\n\n\n\n<figure class=\"wp-block-gallery has-nested-images columns-default is-cropped wp-block-gallery-1 is-layout-flex wp-block-gallery-is-layout-flex\">\n<figure class=\"wp-block-image size-large\"><img loading=\"lazy\" decoding=\"async\" width=\"823\" height=\"739\" data-id=\"109\" src=\"https:\/\/o-seznam.cz\/napoveda\/sbazar\/wp-content\/uploads\/sites\/19\/2024\/10\/16-3.jpg\" alt=\"\" class=\"wp-image-109\" srcset=\"https:\/\/o-seznam.cz\/napoveda\/sbazar\/wp-content\/uploads\/sites\/19\/2024\/10\/16-3.jpg 823w, https:\/\/o-seznam.cz\/napoveda\/sbazar\/wp-content\/uploads\/sites\/19\/2024\/10\/16-3-320x287.jpg 320w, https:\/\/o-seznam.cz\/napoveda\/sbazar\/wp-content\/uploads\/sites\/19\/2024\/10\/16-3-768x690.jpg 768w\" sizes=\"auto, (max-width: 823px) 100vw, 823px\" \/><\/figure>\n\n\n\n<figure class=\"wp-block-image size-large\"><img loading=\"lazy\" decoding=\"async\" width=\"1032\" height=\"790\" data-id=\"108\" src=\"https:\/\/o-seznam.cz\/napoveda\/sbazar\/wp-content\/uploads\/sites\/19\/2024\/10\/17-3.jpg\" alt=\"\" class=\"wp-image-108\" srcset=\"https:\/\/o-seznam.cz\/napoveda\/sbazar\/wp-content\/uploads\/sites\/19\/2024\/10\/17-3.jpg 1032w, https:\/\/o-seznam.cz\/napoveda\/sbazar\/wp-content\/uploads\/sites\/19\/2024\/10\/17-3-992x759.jpg 992w, https:\/\/o-seznam.cz\/napoveda\/sbazar\/wp-content\/uploads\/sites\/19\/2024\/10\/17-3-320x245.jpg 320w, https:\/\/o-seznam.cz\/napoveda\/sbazar\/wp-content\/uploads\/sites\/19\/2024\/10\/17-3-768x588.jpg 768w\" sizes=\"auto, (max-width: 1032px) 100vw, 1032px\" \/><\/figure>\n<\/figure>\n\n\n\n<figure class=\"wp-block-gallery has-nested-images columns-default is-cropped wp-block-gallery-2 is-layout-flex wp-block-gallery-is-layout-flex\">\n<figure class=\"wp-block-image size-large\"><img loading=\"lazy\" decoding=\"async\" width=\"1059\" height=\"759\" data-id=\"110\" src=\"https:\/\/o-seznam.cz\/napoveda\/sbazar\/wp-content\/uploads\/sites\/19\/2024\/10\/18-2.jpg\" alt=\"\" class=\"wp-image-110\" srcset=\"https:\/\/o-seznam.cz\/napoveda\/sbazar\/wp-content\/uploads\/sites\/19\/2024\/10\/18-2.jpg 1059w, https:\/\/o-seznam.cz\/napoveda\/sbazar\/wp-content\/uploads\/sites\/19\/2024\/10\/18-2-992x711.jpg 992w, https:\/\/o-seznam.cz\/napoveda\/sbazar\/wp-content\/uploads\/sites\/19\/2024\/10\/18-2-320x229.jpg 320w, https:\/\/o-seznam.cz\/napoveda\/sbazar\/wp-content\/uploads\/sites\/19\/2024\/10\/18-2-768x550.jpg 768w\" sizes=\"auto, (max-width: 1059px) 100vw, 1059px\" \/><\/figure>\n\n\n\n<figure class=\"wp-block-image size-large\"><img loading=\"lazy\" decoding=\"async\" width=\"930\" height=\"732\" data-id=\"111\" src=\"https:\/\/o-seznam.cz\/napoveda\/sbazar\/wp-content\/uploads\/sites\/19\/2024\/10\/19-1.jpg\" alt=\"\" class=\"wp-image-111\" srcset=\"https:\/\/o-seznam.cz\/napoveda\/sbazar\/wp-content\/uploads\/sites\/19\/2024\/10\/19-1.jpg 930w, https:\/\/o-seznam.cz\/napoveda\/sbazar\/wp-content\/uploads\/sites\/19\/2024\/10\/19-1-320x252.jpg 320w, https:\/\/o-seznam.cz\/napoveda\/sbazar\/wp-content\/uploads\/sites\/19\/2024\/10\/19-1-768x604.jpg 768w\" sizes=\"auto, (max-width: 930px) 100vw, 930px\" \/><\/figure>\n<\/figure>\n\n\n\n<figure class=\"wp-block-gallery has-nested-images columns-default is-cropped wp-block-gallery-3 is-layout-flex wp-block-gallery-is-layout-flex\">\n<figure class=\"wp-block-image size-large\"><img loading=\"lazy\" decoding=\"async\" width=\"1023\" height=\"755\" data-id=\"112\" src=\"https:\/\/o-seznam.cz\/napoveda\/sbazar\/wp-content\/uploads\/sites\/19\/2024\/10\/20-1.jpg\" alt=\"\" class=\"wp-image-112\" srcset=\"https:\/\/o-seznam.cz\/napoveda\/sbazar\/wp-content\/uploads\/sites\/19\/2024\/10\/20-1.jpg 1023w, https:\/\/o-seznam.cz\/napoveda\/sbazar\/wp-content\/uploads\/sites\/19\/2024\/10\/20-1-992x732.jpg 992w, https:\/\/o-seznam.cz\/napoveda\/sbazar\/wp-content\/uploads\/sites\/19\/2024\/10\/20-1-320x236.jpg 320w, https:\/\/o-seznam.cz\/napoveda\/sbazar\/wp-content\/uploads\/sites\/19\/2024\/10\/20-1-768x567.jpg 768w\" sizes=\"auto, (max-width: 1023px) 100vw, 1023px\" \/><\/figure>\n\n\n\n<figure class=\"wp-block-image size-large\"><img loading=\"lazy\" decoding=\"async\" width=\"1177\" height=\"677\" data-id=\"113\" src=\"https:\/\/o-seznam.cz\/napoveda\/sbazar\/wp-content\/uploads\/sites\/19\/2024\/10\/21-1.jpg\" alt=\"\" class=\"wp-image-113\" srcset=\"https:\/\/o-seznam.cz\/napoveda\/sbazar\/wp-content\/uploads\/sites\/19\/2024\/10\/21-1.jpg 1177w, https:\/\/o-seznam.cz\/napoveda\/sbazar\/wp-content\/uploads\/sites\/19\/2024\/10\/21-1-992x571.jpg 992w, https:\/\/o-seznam.cz\/napoveda\/sbazar\/wp-content\/uploads\/sites\/19\/2024\/10\/21-1-320x184.jpg 320w, https:\/\/o-seznam.cz\/napoveda\/sbazar\/wp-content\/uploads\/sites\/19\/2024\/10\/21-1-768x442.jpg 768w\" sizes=\"auto, (max-width: 1177px) 100vw, 1177px\" \/><\/figure>\n<\/figure>\n<\/div>\n","protected":false},"excerpt":{"rendered":"<p>Z\u00e1kladn\u00ed inzerce na Sbazar.cz je zdarma. Ka\u017ed\u00fd inzer\u00e1t se nejprve zobraz\u00ed na horn\u00ed pozici v\u00fdpisu a nov\u011bj\u0161\u00ed inzer\u00e1ty jej postupn\u011b stla\u010duj\u00ed dol\u016f. V p\u0159\u00edpad\u011b, \u017ee je inzer\u00e1t zv\u00fdhodn\u011bn\u00fd, zobraz\u00ed se hned na prvn\u00ed pozici a posouv\u00e1 se pouze po dal\u0161\u00edch zv\u00fdhodn\u011bn\u00fdch pozic\u00edch, kter\u00e9 jsou ur\u010deny smluvn\u00edmi podm\u00ednkami. Inzer\u00e1t m\u016f\u017ee na dal\u0161\u00ed zv\u00fdhodn\u011bnou pozici odsunout pouze [&hellip;]<\/p>\n","protected":false},"author":31,"featured_media":0,"parent":341,"menu_order":30,"comment_status":"closed","ping_status":"closed","template":"page-sidemenu","meta":{"_acf_changed":false,"_relevanssi_hide_post":"","_relevanssi_hide_content":"","_relevanssi_pin_for_all":"","_relevanssi_pin_keywords":"","_relevanssi_unpin_keywords":"","_relevanssi_related_keywords":"","_relevanssi_related_include_ids":"","_relevanssi_related_exclude_ids":"","_relevanssi_related_no_append":"","_relevanssi_related_not_related":"","_relevanssi_related_posts":"","_relevanssi_noindex_reason":"","footnotes":""},"page_category":[33],"page_tag":[],"service_status_category":[],"class_list":["post-70","page","type-page","status-publish","hentry"],"acf":[],"_links":{"self":[{"href":"https:\/\/o-seznam.cz\/napoveda\/sbazar\/wp-json\/wp\/v2\/pages\/70","targetHints":{"allow":["GET"]}}],"collection":[{"href":"https:\/\/o-seznam.cz\/napoveda\/sbazar\/wp-json\/wp\/v2\/pages"}],"about":[{"href":"https:\/\/o-seznam.cz\/napoveda\/sbazar\/wp-json\/wp\/v2\/types\/page"}],"author":[{"embeddable":true,"href":"https:\/\/o-seznam.cz\/napoveda\/sbazar\/wp-json\/wp\/v2\/users\/31"}],"replies":[{"embeddable":true,"href":"https:\/\/o-seznam.cz\/napoveda\/sbazar\/wp-json\/wp\/v2\/comments?post=70"}],"version-history":[{"count":15,"href":"https:\/\/o-seznam.cz\/napoveda\/sbazar\/wp-json\/wp\/v2\/pages\/70\/revisions"}],"predecessor-version":[{"id":514,"href":"https:\/\/o-seznam.cz\/napoveda\/sbazar\/wp-json\/wp\/v2\/pages\/70\/revisions\/514"}],"up":[{"embeddable":true,"href":"https:\/\/o-seznam.cz\/napoveda\/sbazar\/wp-json\/wp\/v2\/pages\/341"}],"wp:attachment":[{"href":"https:\/\/o-seznam.cz\/napoveda\/sbazar\/wp-json\/wp\/v2\/media?parent=70"}],"wp:term":[{"taxonomy":"page_category","embeddable":true,"href":"https:\/\/o-seznam.cz\/napoveda\/sbazar\/wp-json\/wp\/v2\/page_category?post=70"},{"taxonomy":"page_tag","embeddable":true,"href":"https:\/\/o-seznam.cz\/napoveda\/sbazar\/wp-json\/wp\/v2\/page_tag?post=70"},{"taxonomy":"service_status_category","embeddable":true,"href":"https:\/\/o-seznam.cz\/napoveda\/sbazar\/wp-json\/wp\/v2\/service_status_category?post=70"}],"curies":[{"name":"wp","href":"https:\/\/api.w.org\/{rel}","templated":true}]}}