{"id":508,"date":"2025-02-24T12:40:53","date_gmt":"2025-02-24T11:40:53","guid":{"rendered":"https:\/\/o-seznam.cz\/napoveda\/sbazar\/?page_id=508"},"modified":"2025-02-24T12:40:53","modified_gmt":"2025-02-24T11:40:53","slug":"muj-profil","status":"publish","type":"page","link":"https:\/\/o-seznam.cz\/napoveda\/sbazar\/jak-inzerovat\/muj-profil\/","title":{"rendered":"M\u016fj profil"},"content":{"rendered":"\n<div class=\"wp-block-group is-layout-constrained wp-block-group-is-layout-constrained\">\n<p>Vpravo naho\u0159e na str\u00e1nce M\u016fj profil najdete vedle mo\u017enosti P\u0159idat inzer\u00e1t tak\u00e9 mo\u017enost Upravit profil. Zde nalezte mo\u017enost Zm\u011bnit si n\u00e1zev sv\u00e9ho bazaru, p\u0159idat \u010di upravit jeho popis, upravit profilovou fotografii, \u010di ov\u011b\u0159it svou toto\u017enost s vyu\u017eit\u00edm BankID \u010di MojeID. Ov\u011b\u0159en\u00ed va\u0161eho profilu zv\u00fd\u0161\u00ed va\u0161i d\u016fv\u011bryhodnost u p\u0159\u00edpadn\u00fdch z\u00e1jemc\u016f.<\/p>\n\n\n\n<h2 class=\"wp-block-heading\">Zm\u011bna n\u00e1zvu bazaru a \u00faprava popisu<\/h2>\n\n\n\n<p>Po rozkliknut\u00ed mo\u017enosti \u201eUpravit profil\u201c si m\u016f\u017eete zm\u011bnit n\u00e1zev sv\u00e9ho bazaru a p\u0159idat \u010di zm\u011bnit jeho popis. Do popisu m\u016f\u017eete nap\u0159. shrnout preferovan\u00e9 p\u0159epravce, p\u0159es kter\u00e9 si p\u0159ejete zbo\u017e\u00ed zas\u00edlat \u010di dal\u0161\u00ed hlavn\u00ed informace, kter\u00e9 chcete sd\u011blit p\u0159\u00edpadn\u00fdm z\u00e1jemc\u016fm.<\/p>\n\n\n\n<h2 class=\"wp-block-heading\">Zm\u011bna profilov\u00e9 fotografie<\/h2>\n\n\n\n<p>Pokud si nep\u0159ejete pou\u017e\u00edt na Sbazar.cz profilovou fotografii z va\u0161eho Seznam \u00fa\u010dtu, lze nastaven\u00ed upravit vlevo naho\u0159e v okn\u011b \u201eUpravit profil\u201c. Fotografii ze Seznam \u00fa\u010dtu lze bu\u010f skr\u00fdt (ikona p\u0159e\u0161krtnut\u00e9ho oka) \u010di nahr\u00e1t jinou fotografii ur\u010denou p\u0159\u00edmo pro Sbazar.cz.<\/p>\n\n\n\n<h2 class=\"wp-block-heading\">Ov\u011b\u0159en\u00ed BankID a MojeID<\/h2>\n\n\n\n<p>Na slu\u017eb\u011b Sbazar.cz je mo\u017en\u00e9 se st\u00e1t ov\u011b\u0159en\u00fdm prodejcem p\u0159es BankID, nebo MojeID. To m\u016f\u017ee zv\u00fd\u0161it Va\u0161i d\u016fv\u011bryhodnost u potenci\u00e1ln\u00edch kupuj\u00edc\u00edch. V\u00edce informac\u00ed naleznete na str\u00e1nce <a href=\"https:\/\/o-seznam.cz\/napoveda\/sbazar\/overeny-prodejce\/\">&#8222;ov\u011b\u0159en\u00fd prodejce&#8220;.<\/a><\/p>\n<\/div>\n","protected":false},"excerpt":{"rendered":"<p>Vpravo naho\u0159e na str\u00e1nce M\u016fj profil najdete vedle mo\u017enosti P\u0159idat inzer\u00e1t tak\u00e9 mo\u017enost Upravit profil. Zde nalezte mo\u017enost Zm\u011bnit si n\u00e1zev sv\u00e9ho bazaru, p\u0159idat \u010di upravit jeho popis, upravit profilovou fotografii, \u010di ov\u011b\u0159it svou toto\u017enost s vyu\u017eit\u00edm BankID \u010di MojeID. Ov\u011b\u0159en\u00ed va\u0161eho profilu zv\u00fd\u0161\u00ed va\u0161i d\u016fv\u011bryhodnost u p\u0159\u00edpadn\u00fdch z\u00e1jemc\u016f. Zm\u011bna n\u00e1zvu bazaru a \u00faprava popisu [&hellip;]<\/p>\n","protected":false},"author":31,"featured_media":0,"parent":341,"menu_order":0,"comment_status":"closed","ping_status":"closed","template":"page-sidemenu","meta":{"_acf_changed":false,"_relevanssi_hide_post":"","_relevanssi_hide_content":"","_relevanssi_pin_for_all":"","_relevanssi_pin_keywords":"","_relevanssi_unpin_keywords":"","_relevanssi_related_keywords":"","_relevanssi_related_include_ids":"","_relevanssi_related_exclude_ids":"","_relevanssi_related_no_append":"","_relevanssi_related_not_related":"","_relevanssi_related_posts":"","_relevanssi_noindex_reason":"","footnotes":""},"page_category":[33],"page_tag":[],"service_status_category":[],"class_list":["post-508","page","type-page","status-publish","hentry"],"acf":[],"_links":{"self":[{"href":"https:\/\/o-seznam.cz\/napoveda\/sbazar\/wp-json\/wp\/v2\/pages\/508","targetHints":{"allow":["GET"]}}],"collection":[{"href":"https:\/\/o-seznam.cz\/napoveda\/sbazar\/wp-json\/wp\/v2\/pages"}],"about":[{"href":"https:\/\/o-seznam.cz\/napoveda\/sbazar\/wp-json\/wp\/v2\/types\/page"}],"author":[{"embeddable":true,"href":"https:\/\/o-seznam.cz\/napoveda\/sbazar\/wp-json\/wp\/v2\/users\/31"}],"replies":[{"embeddable":true,"href":"https:\/\/o-seznam.cz\/napoveda\/sbazar\/wp-json\/wp\/v2\/comments?post=508"}],"version-history":[{"count":1,"href":"https:\/\/o-seznam.cz\/napoveda\/sbazar\/wp-json\/wp\/v2\/pages\/508\/revisions"}],"predecessor-version":[{"id":509,"href":"https:\/\/o-seznam.cz\/napoveda\/sbazar\/wp-json\/wp\/v2\/pages\/508\/revisions\/509"}],"up":[{"embeddable":true,"href":"https:\/\/o-seznam.cz\/napoveda\/sbazar\/wp-json\/wp\/v2\/pages\/341"}],"wp:attachment":[{"href":"https:\/\/o-seznam.cz\/napoveda\/sbazar\/wp-json\/wp\/v2\/media?parent=508"}],"wp:term":[{"taxonomy":"page_category","embeddable":true,"href":"https:\/\/o-seznam.cz\/napoveda\/sbazar\/wp-json\/wp\/v2\/page_category?post=508"},{"taxonomy":"page_tag","embeddable":true,"href":"https:\/\/o-seznam.cz\/napoveda\/sbazar\/wp-json\/wp\/v2\/page_tag?post=508"},{"taxonomy":"service_status_category","embeddable":true,"href":"https:\/\/o-seznam.cz\/napoveda\/sbazar\/wp-json\/wp\/v2\/service_status_category?post=508"}],"curies":[{"name":"wp","href":"https:\/\/api.w.org\/{rel}","templated":true}]}}