{"id":259,"date":"2024-11-19T15:17:19","date_gmt":"2024-11-19T14:17:19","guid":{"rendered":"https:\/\/o-seznam.cz\/napoveda\/sbazar\/?page_id=259"},"modified":"2024-12-09T12:54:02","modified_gmt":"2024-12-09T11:54:02","slug":"overeny-prodejce","status":"publish","type":"page","link":"https:\/\/o-seznam.cz\/napoveda\/sbazar\/jak-bezpecne-obchodovat\/overeny-prodejce\/","title":{"rendered":"Ov\u011b\u0159en\u00fd prodejce"},"content":{"rendered":"\n<div class=\"wp-block-group is-layout-constrained wp-block-group-is-layout-constrained\">\n<p>Odzn\u00e1\u010dek \u201eOv\u011b\u0159en\u00fd prodejce\u201c je verifikovan\u00fd u\u017eivatel svoji bankovn\u00ed identitou nebo identitou MojeID. U\u017eivatel, se kter\u00fdm komunikujete nebo obchodujete, se musel prok\u00e1zat svoji bankovn\u00ed identitou nebo identitou MojeID, aby dostal odzn\u00e1\u010dek \u201eOv\u011b\u0159en\u00fd prodejce\u201c.<\/p>\n\n\n\n<h2 class=\"wp-block-heading\">Co je to bankovn\u00ed identita ?<\/h2>\n\n\n\n<p>Bankovn\u00ed identita je modern\u00ed zp\u016fsob identifikace u\u017eivatel\u016f. Chcete v\u011bd\u011bt v\u00edc?\u00a0<a class=\"is-style-link-external\" href=\"https:\/\/cs.wikipedia.org\/wiki\/Bankovn%C3%AD_identita\" target=\"_blank\" rel=\"noreferrer noopener\">Zjistit v\u00edce o BANK ID<\/a><\/p>\n\n\n\n<h2 class=\"wp-block-heading\">Co je to MojeID ?<\/h2>\n\n\n\n<p>MojeID je digit\u00e1ln\u00ed identita, umo\u017e\u0148uj\u00edc\u00ed bezpe\u010dn\u00e9 ov\u011b\u0159ov\u00e1n\u00ed u\u017eivatel\u016f online.&nbsp;<a class=\"is-style-link-external\" href=\"https:\/\/cs.wikipedia.org\/wiki\/MojeID\" target=\"_blank\" rel=\"noreferrer noopener\">Zjistit v\u00edce o MojeID<\/a><\/p>\n\n\n\n<h2 class=\"wp-block-heading\">V\u00fdhody na Sbazaru<\/h2>\n\n\n\n<ul class=\"wp-block-list\">\n<li>Bankovn\u00ed identita a MojeID jasn\u011b ur\u010duj\u00ed u\u017eivatele a nelze je obej\u00edt.<\/li>\n\n\n\n<li>Odzn\u00e1\u010dek se zobraz\u00ed na Va\u0161em profilu a u v\u0161ech inzer\u00e1t\u016f, co\u017e zv\u00fd\u0161\u00ed Va\u0161i d\u016fv\u011bru u kupuj\u00edc\u00edch.<\/li>\n\n\n\n<li>V p\u0159\u00edpad\u011b podvodu je mo\u017en\u00e9 vyu\u017e\u00edt \u00fadaje z&nbsp;bankovn\u00ed identity, \u010di MojeID pro vy\u0161et\u0159en\u00ed p\u0159\u00edpadu.<\/li>\n<\/ul>\n\n\n\n<figure class=\"wp-block-image size-full\"><img loading=\"lazy\" decoding=\"async\" width=\"1089\" height=\"220\" src=\"https:\/\/o-seznam.cz\/napoveda\/sbazar\/wp-content\/uploads\/sites\/19\/2024\/11\/bank-id.jpg\" alt=\"\" class=\"wp-image-261\" srcset=\"https:\/\/o-seznam.cz\/napoveda\/sbazar\/wp-content\/uploads\/sites\/19\/2024\/11\/bank-id.jpg 1089w, https:\/\/o-seznam.cz\/napoveda\/sbazar\/wp-content\/uploads\/sites\/19\/2024\/11\/bank-id-992x200.jpg 992w, https:\/\/o-seznam.cz\/napoveda\/sbazar\/wp-content\/uploads\/sites\/19\/2024\/11\/bank-id-320x65.jpg 320w, https:\/\/o-seznam.cz\/napoveda\/sbazar\/wp-content\/uploads\/sites\/19\/2024\/11\/bank-id-768x155.jpg 768w\" sizes=\"auto, (max-width: 1089px) 100vw, 1089px\" \/><\/figure>\n\n\n\n<h2 class=\"wp-block-heading\">Jak z\u00edskat odzn\u00e1\u010dek<\/h2>\n\n\n\n<ul class=\"wp-block-list\">\n<li>P\u0159ihlaste se Seznam \u00fa\u010dtem.<\/li>\n\n\n\n<li>Klikn\u011bte ve sv\u00e9 vizitce na St\u00e1t se ov\u011b\u0159en\u00fdm prodejcem.<\/li>\n\n\n\n<li>Vyberte si ov\u011b\u0159en\u00ed p\u0159es bankovn\u00ed identitu (Bank iD) nebo zvolte ov\u011b\u0159en\u00ed p\u0159es MojeID.<\/li>\n\n\n\n<li>Dokon\u010d\u00edte proces ov\u011b\u0159en\u00ed a z\u00edsk\u00e1te v profilu odzn\u00e1\u010dek.<\/li>\n<\/ul>\n<\/div>\n","protected":false},"excerpt":{"rendered":"<p>Odzn\u00e1\u010dek \u201eOv\u011b\u0159en\u00fd prodejce\u201c je verifikovan\u00fd u\u017eivatel svoji bankovn\u00ed identitou nebo identitou MojeID. U\u017eivatel, se kter\u00fdm komunikujete nebo obchodujete, se musel prok\u00e1zat svoji bankovn\u00ed identitou nebo identitou MojeID, aby dostal odzn\u00e1\u010dek \u201eOv\u011b\u0159en\u00fd prodejce\u201c. Co je to bankovn\u00ed identita ? Bankovn\u00ed identita je modern\u00ed zp\u016fsob identifikace u\u017eivatel\u016f. Chcete v\u011bd\u011bt v\u00edc?\u00a0Zjistit v\u00edce o BANK ID Co je to [&hellip;]<\/p>\n","protected":false},"author":31,"featured_media":0,"parent":348,"menu_order":0,"comment_status":"closed","ping_status":"closed","template":"page-sidemenu","meta":{"_acf_changed":false,"_relevanssi_hide_post":"","_relevanssi_hide_content":"","_relevanssi_pin_for_all":"","_relevanssi_pin_keywords":"","_relevanssi_unpin_keywords":"","_relevanssi_related_keywords":"","_relevanssi_related_include_ids":"","_relevanssi_related_exclude_ids":"","_relevanssi_related_no_append":"","_relevanssi_related_not_related":"","_relevanssi_related_posts":"","_relevanssi_noindex_reason":"","footnotes":""},"page_category":[33],"page_tag":[],"service_status_category":[],"class_list":["post-259","page","type-page","status-publish","hentry"],"acf":[],"_links":{"self":[{"href":"https:\/\/o-seznam.cz\/napoveda\/sbazar\/wp-json\/wp\/v2\/pages\/259","targetHints":{"allow":["GET"]}}],"collection":[{"href":"https:\/\/o-seznam.cz\/napoveda\/sbazar\/wp-json\/wp\/v2\/pages"}],"about":[{"href":"https:\/\/o-seznam.cz\/napoveda\/sbazar\/wp-json\/wp\/v2\/types\/page"}],"author":[{"embeddable":true,"href":"https:\/\/o-seznam.cz\/napoveda\/sbazar\/wp-json\/wp\/v2\/users\/31"}],"replies":[{"embeddable":true,"href":"https:\/\/o-seznam.cz\/napoveda\/sbazar\/wp-json\/wp\/v2\/comments?post=259"}],"version-history":[{"count":4,"href":"https:\/\/o-seznam.cz\/napoveda\/sbazar\/wp-json\/wp\/v2\/pages\/259\/revisions"}],"predecessor-version":[{"id":428,"href":"https:\/\/o-seznam.cz\/napoveda\/sbazar\/wp-json\/wp\/v2\/pages\/259\/revisions\/428"}],"up":[{"embeddable":true,"href":"https:\/\/o-seznam.cz\/napoveda\/sbazar\/wp-json\/wp\/v2\/pages\/348"}],"wp:attachment":[{"href":"https:\/\/o-seznam.cz\/napoveda\/sbazar\/wp-json\/wp\/v2\/media?parent=259"}],"wp:term":[{"taxonomy":"page_category","embeddable":true,"href":"https:\/\/o-seznam.cz\/napoveda\/sbazar\/wp-json\/wp\/v2\/page_category?post=259"},{"taxonomy":"page_tag","embeddable":true,"href":"https:\/\/o-seznam.cz\/napoveda\/sbazar\/wp-json\/wp\/v2\/page_tag?post=259"},{"taxonomy":"service_status_category","embeddable":true,"href":"https:\/\/o-seznam.cz\/napoveda\/sbazar\/wp-json\/wp\/v2\/service_status_category?post=259"}],"curies":[{"name":"wp","href":"https:\/\/api.w.org\/{rel}","templated":true}]}}