{"id":159,"date":"2024-10-16T15:43:50","date_gmt":"2024-10-16T13:43:50","guid":{"rendered":"https:\/\/o-seznam.cz\/napoveda\/sbazar\/?page_id=159"},"modified":"2024-12-12T23:31:07","modified_gmt":"2024-12-12T22:31:07","slug":"na-co-si-dat-pozor-pri-koupi-zvirete","status":"publish","type":"page","link":"https:\/\/o-seznam.cz\/napoveda\/sbazar\/jak-nakupovat\/na-co-si-dat-pozor-pri-koupi-zvirete\/","title":{"rendered":"Na co si d\u00e1t pozor p\u0159i koupi zv\u00ed\u0159ete"},"content":{"rendered":"\n<div class=\"wp-block-group is-layout-constrained wp-block-group-is-layout-constrained\">\n<h2 class=\"wp-block-heading\"><strong>Podez\u0159el\u00fd prodejce<\/strong><\/h2>\n\n\n\n<ul class=\"wp-block-list\">\n<li>Nab\u00edz\u00ed zv\u00ed\u0159ata pod r\u016fzn\u00fdmi identitami. Zkuste si na internetu vyhledat jeho telefonn\u00ed \u010d\u00edslo, fotky nebo e-mail.<\/li>\n\n\n\n<li>Skute\u010dn\u00ed mno\u017eitel\u00e9 \u010dasto m\u011bn\u00ed telefonn\u00ed \u010d\u00edsla. Proto zpozorn\u011bte, pokud u stejn\u00e9ho majitele nebo inzer\u00e1tu najdete r\u016fzn\u00e9 kontakty.<\/li>\n\n\n\n<li>Inzeruje p\u0159es cel\u00fd rok a r\u016fzn\u00e1 plemena. Hroz\u00ed riziko, \u017ee m\u00e1 v\u00edce fen ur\u010den\u00fdch jen na rozen\u00ed \u0161t\u011b\u0148at.<\/li>\n<\/ul>\n\n\n\n<h2 class=\"wp-block-heading\"><strong>Podez\u0159el\u00fd inzer\u00e1t<\/strong><\/h2>\n\n\n\n<ul class=\"wp-block-list\">\n<li>Nab\u00edz\u00ed psa s rodokmenem. Prodejce se t\u00edm m\u016f\u017ee sna\u017eit obelst\u00edt kupuj\u00edc\u00edho \u2013 rodokmen toti\u017e nem\u00e1 nic spole\u010dn\u00e9ho s pr\u016fkazem p\u016fvodu.<\/li>\n\n\n\n<li>Jeden z rodi\u010d\u016f m\u00e1 pr\u016fkaz p\u016fvodu a druh\u00fd ne.<\/li>\n\n\n\n<li>Uv\u00e1d\u00ed, \u017ee m\u00e1 \u0161t\u011bn\u011b Pet Pass, co\u017e ale nen\u00ed pr\u016fkaz p\u016fvodu. Jde pouze o mezin\u00e1rodn\u00ed o\u010dkovac\u00ed pr\u016fkaz.<\/li>\n\n\n\n<li>Cena je vysok\u00e1, i kdy\u017e pes nem\u00e1 pr\u016fkaz p\u016fvodu, nebo je naopak n\u00e1padn\u011b n\u00edzk\u00e1. Z tohoto d\u016fvodu si v\u017edy na <a class=\"is-style-link-external\" href=\"http:\/\/www.cmku.cz\/cz\">webov\u00fdch str\u00e1nk\u00e1ch<\/a> \u010ceskomoravsk\u00e9 kynologick\u00e9 unie zkontrolujte a porovnejte standardy a ceny plemene.<\/li>\n\n\n\n<li>Nab\u00edz\u00ed \u010distokrevn\u00e9ho psa bez pr\u016fkazu p\u016fvodu.<\/li>\n<\/ul>\n\n\n\n<h2 class=\"wp-block-heading\"><strong>P\u0159ed\u00e1n\u00ed zv\u00ed\u0159ete<\/strong><\/h2>\n\n\n\n<h3 class=\"wp-block-heading\"><strong>Spr\u00e1vn\u00e9:<\/strong><\/h3>\n\n\n\n<ul class=\"wp-block-list\">\n<li>Chovatel ps\u016f by si m\u011bl v\u017edy kupuj\u00edc\u00edho prov\u011b\u0159it. Chce toti\u017e v\u011bd\u011bt, zda bude jeho \u0161t\u011bn\u011b v dobr\u00fdch ruk\u00e1ch, a neprod\u00e1 ho jen tak n\u011bkomu.<\/li>\n\n\n\n<li>Majitel v\u00e1s vezme dom\u016f. Sch\u016fzek m\u016f\u017ee b\u00fdt n\u011bkolik a uk\u00e1\u017ee v\u00e1m b\u011bhem nich i rodi\u010de psa.<\/li>\n\n\n\n<li>Bude se pt\u00e1t, zda pl\u00e1nujete v\u00fdstavy, kryt\u00ed, sport a podobn\u011b.<\/li>\n\n\n\n<li>Pes mus\u00ed b\u00fdt v dob\u011b p\u0159ed\u00e1n\u00ed o\u010dipovan\u00fd nebo tetovan\u00fd, o\u010dkovan\u00fd a od\u010derven\u00fd.<\/li>\n\n\n\n<li>Kupn\u00ed smlouva uv\u00e1d\u00ed \u010d\u00edslo \u010dipu.<\/li>\n<\/ul>\n\n\n\n<h3 class=\"wp-block-heading\"><strong>Podez\u0159el\u00e9:<\/strong><\/h3>\n\n\n\n<ul class=\"wp-block-list\">\n<li>Zv\u00ed\u0159e v\u00e1m chovatel doveze k va\u0161emu bydli\u0161ti.<\/li>\n\n\n\n<li>K p\u0159ed\u00e1n\u00ed psa dojde na \u010derpac\u00ed stanici, u obchodn\u00edho domu, na parkovi\u0161ti nebo zahrad\u011b.<\/li>\n\n\n\n<li>Do domu majitele psa se v\u011bt\u0161inou nedostanete.<\/li>\n\n\n\n<li>Zv\u00ed\u0159e se boj\u00ed, m\u00e1 \u0161pinav\u00e9 a slepen\u00e9 chlupy, blechy, te\u010de mu z o\u010d\u00ed, trp\u00ed pr\u016fjmov\u00fdm onemocn\u011bn\u00edm.<\/li>\n\n\n\n<li>Chovatel v\u00e1m neuk\u00e1\u017ee rodi\u010de psa, m\u00edsto, kde bylo zv\u00ed\u0159e chovan\u00e9 apod.<\/li>\n\n\n\n<li>V domov\u011b je \u0161p\u00edna, v\u00fdkaly i \u0161t\u011bkot v\u00edce ps\u016f.<\/li>\n\n\n\n<li>Majitel slibuje, \u017ee pr\u016fkaz p\u016fvodu za\u0161le pozd\u011bji po\u0161tou.<\/li>\n\n\n\n<li>V o\u010dkovac\u00edm pr\u016fkazu nebo Pet Passu jsou nepravdiv\u00e9 informace. Data o\u010dkov\u00e1n\u00ed a od\u010derven\u00ed mohou b\u00fdt fale\u0161n\u00e1, chyb\u011bj\u00ed n\u00e1lepky o\u010dkovac\u00edch l\u00e1tek nebo naopak jev\u00ed zn\u00e1mky odlepen\u00ed z jin\u00e9ho pr\u016fkazu. Mno\u017eitel\u00e9 jsou tak vynal\u00e9zav\u00ed, \u017ee opisuj\u00ed i \u0161ar\u017ei. Sami si dokonce fal\u0161uj\u00ed i raz\u00edtka veterin\u00e1\u0159\u016f, maj\u00ed doma \u010dipy, injekce a podobn\u011b.<\/li>\n<\/ul>\n\n\n\n<h2 class=\"wp-block-heading\"><strong>St\u00e1\u0159\u00ed psa<\/strong><\/h2>\n\n\n\n<ul class=\"wp-block-list\">\n<li>Mno\u017eitel\u00e9 \u010dasto l\u017eou o v\u011bku psa.<\/li>\n\n\n\n<li>Prod\u00e1vaj\u00ed \u0161t\u011bn\u011b mlad\u0161\u00ed osmi t\u00fddn\u016f, nebo naopak.<\/li>\n\n\n\n<li>V\u011bk m\u016f\u017eete zkusit odhadnout podle zub\u016f, v\u00e1hy \u010di dal\u0161\u00edch znak\u016f. Pokud pejsek nem\u00e1 pro\u0159ezan\u00e9 zuby, jedn\u00e1 se s nejv\u011bt\u0161\u00ed pravd\u011bpodobnost\u00ed o jedince mlad\u0161\u00edho pades\u00e1ti dn\u016f, kter\u00fd mus\u00ed b\u00fdt na mate\u0159sk\u00e9m ml\u00e9ce, jeliko\u017e se nen\u00ed schopn\u00fd s\u00e1m nakrmit.<\/li>\n<\/ul>\n\n\n\n<h2 class=\"wp-block-heading\"><strong>Nen\u00ed pr\u016fkaz p\u016fvodu jako pr\u016fkaz p\u016fvodu<\/strong><\/h2>\n\n\n\n<h3 class=\"wp-block-heading\"><strong>Spr\u00e1vn\u00e9:<\/strong><\/h3>\n\n\n\n<ul class=\"wp-block-list\">\n<li>Pr\u016fkaz p\u016fvodu je vydan\u00fd FCI (Mezin\u00e1rodn\u00ed kynologick\u00e1 federace).<\/li>\n\n\n\n<li>Prov\u011b\u0159te si chovatelskou stanici na \u010ceskomoravsk\u00e9 kynologick\u00e9 unii.<\/li>\n<\/ul>\n\n\n\n<h3 class=\"wp-block-heading\"><strong>Podez\u0159el\u00e9:<\/strong><\/h3>\n\n\n\n<ul class=\"wp-block-list\">\n<li>Pr\u016fkaz p\u016fvodu je vystaven\u00fd n\u011bmeck\u00fdmi organizacemi IHR nebo IBC. IHR a IBC jsou \u201echovn\u00e9 stanice\u201c, kter\u00e9 ve skute\u010dnosti zast\u0159e\u0161uj\u00ed chov jak\u00fdchkoliv plemen a tituluj\u00ed se pouze jako p\u0159\u00e1tel\u00e9 chovatel\u016f ps\u016f.<\/li>\n<\/ul>\n\n\n\n<h2 class=\"wp-block-heading\"><strong>Podpis smlouvy<\/strong><\/h2>\n\n\n\n<ul class=\"wp-block-list\">\n<li>P\u0159i p\u0159evzet\u00ed psa a podpisu smlouvy si n\u00e1le\u017eit\u011b ov\u011b\u0159te \u00fadaje o chovateli a zkontroluje je z dokladu toto\u017enosti. V p\u0159\u00edpad\u011b pochybnost\u00ed o zdravotn\u00edm stavu zv\u00ed\u0159ete je vhodn\u00e9 vz\u00edt s sebou i veterin\u00e1\u0159e \u010di jin\u00e9ho odborn\u00edka. &nbsp;<\/li>\n\n\n\n<li>V p\u0159\u00edpad\u011b, \u017ee prod\u00e1vaj\u00edc\u00ed obchoduje se zv\u00ed\u0159aty, m\u011bl by m\u00edt platn\u00e9 \u017eivnostensk\u00e9 opr\u00e1vn\u011bn\u00ed.<\/li>\n<\/ul>\n\n\n\n<p>Pokud m\u00e1te d\u016fvodn\u00e9 podez\u0159en\u00ed na neleg\u00e1ln\u00ed mno\u017e\u00edrnu zv\u00ed\u0159at \u010di jinou formu t\u00fdr\u00e1n\u00ed zv\u00ed\u0159at, nebu\u010fte lhostejn\u00ed a nenech\u00e1vejte si toto pro sebe! V\u0161e n\u00e1le\u017eit\u011b zadokumentujte a nahlaste na p\u0159\u00edslu\u0161nou veterin\u00e1rn\u00ed spr\u00e1vu a Policii \u010cR, p\u0159\u00edpadn\u011b se obra\u0165te na neziskovou organizaci <a class=\"is-style-link-external\" href=\"http:\/\/www.hlaszvirat.cz\/\">Hlas zv\u00ed\u0159at<\/a>, kter\u00e1 prosazuje a h\u00e1j\u00ed pr\u00e1va zv\u00ed\u0159at. V \u017e\u00e1dn\u00e9m p\u0159\u00edpad\u011b d\u016fkazy o t\u00fdr\u00e1n\u00ed zv\u00ed\u0159at nezve\u0159ej\u0148ujte p\u0159es soci\u00e1ln\u00ed s\u00edt\u011b, nebo\u0165 t\u00edmto pouze upozorn\u00edte pachatele, kter\u00fd t\u00edmto odstran\u00ed stropy a bude na p\u0159\u00edpadnou kontrolu p\u0159ipraven\u00fd.<br>Tento n\u00e1vod jsme p\u0159ipravili ve spolupr\u00e1ci s odborn\u00edky z organizace <a class=\"is-style-link-external\" href=\"https:\/\/www.hlaszvirat.cz\/\">Hlas zv\u00ed\u0159at<\/a>. V\u00edce o podvodn\u00e9m prodeji ps\u016f najdete v <a class=\"is-style-link-external\" href=\"https:\/\/www.seznamzpravy.cz\/clanek\/tyrani-v-cesku-zvirata-jako-byznys-mnozirna-evropy-prodej-psu-na-kila-i-nesnesitelne-velkochovy-53944\">Obzoru<\/a> Filipa Hork\u00e9ho a ve \u010dtvrt\u00e9 s\u00e9rii dokument\u00e1rn\u00edho cyklu <a class=\"is-style-link-external\" href=\"https:\/\/www.televizeseznam.cz\/porad\/cernota\">\u010cernota<\/a>.<\/p>\n<\/div>\n","protected":false},"excerpt":{"rendered":"<p>Podez\u0159el\u00fd prodejce Podez\u0159el\u00fd inzer\u00e1t P\u0159ed\u00e1n\u00ed zv\u00ed\u0159ete Spr\u00e1vn\u00e9: Podez\u0159el\u00e9: St\u00e1\u0159\u00ed psa Nen\u00ed pr\u016fkaz p\u016fvodu jako pr\u016fkaz p\u016fvodu Spr\u00e1vn\u00e9: Podez\u0159el\u00e9: Podpis smlouvy Pokud m\u00e1te d\u016fvodn\u00e9 podez\u0159en\u00ed na neleg\u00e1ln\u00ed mno\u017e\u00edrnu zv\u00ed\u0159at \u010di jinou formu t\u00fdr\u00e1n\u00ed zv\u00ed\u0159at, nebu\u010fte lhostejn\u00ed a nenech\u00e1vejte si toto pro sebe! V\u0161e n\u00e1le\u017eit\u011b zadokumentujte a nahlaste na p\u0159\u00edslu\u0161nou veterin\u00e1rn\u00ed spr\u00e1vu a Policii \u010cR, p\u0159\u00edpadn\u011b se [&hellip;]<\/p>\n","protected":false},"author":31,"featured_media":0,"parent":346,"menu_order":0,"comment_status":"closed","ping_status":"closed","template":"page-sidemenu","meta":{"_acf_changed":false,"_relevanssi_hide_post":"","_relevanssi_hide_content":"","_relevanssi_pin_for_all":"","_relevanssi_pin_keywords":"","_relevanssi_unpin_keywords":"","_relevanssi_related_keywords":"","_relevanssi_related_include_ids":"","_relevanssi_related_exclude_ids":"","_relevanssi_related_no_append":"","_relevanssi_related_not_related":"","_relevanssi_related_posts":"","_relevanssi_noindex_reason":"","footnotes":""},"page_category":[33],"page_tag":[],"service_status_category":[],"class_list":["post-159","page","type-page","status-publish","hentry"],"acf":[],"_links":{"self":[{"href":"https:\/\/o-seznam.cz\/napoveda\/sbazar\/wp-json\/wp\/v2\/pages\/159","targetHints":{"allow":["GET"]}}],"collection":[{"href":"https:\/\/o-seznam.cz\/napoveda\/sbazar\/wp-json\/wp\/v2\/pages"}],"about":[{"href":"https:\/\/o-seznam.cz\/napoveda\/sbazar\/wp-json\/wp\/v2\/types\/page"}],"author":[{"embeddable":true,"href":"https:\/\/o-seznam.cz\/napoveda\/sbazar\/wp-json\/wp\/v2\/users\/31"}],"replies":[{"embeddable":true,"href":"https:\/\/o-seznam.cz\/napoveda\/sbazar\/wp-json\/wp\/v2\/comments?post=159"}],"version-history":[{"count":6,"href":"https:\/\/o-seznam.cz\/napoveda\/sbazar\/wp-json\/wp\/v2\/pages\/159\/revisions"}],"predecessor-version":[{"id":447,"href":"https:\/\/o-seznam.cz\/napoveda\/sbazar\/wp-json\/wp\/v2\/pages\/159\/revisions\/447"}],"up":[{"embeddable":true,"href":"https:\/\/o-seznam.cz\/napoveda\/sbazar\/wp-json\/wp\/v2\/pages\/346"}],"wp:attachment":[{"href":"https:\/\/o-seznam.cz\/napoveda\/sbazar\/wp-json\/wp\/v2\/media?parent=159"}],"wp:term":[{"taxonomy":"page_category","embeddable":true,"href":"https:\/\/o-seznam.cz\/napoveda\/sbazar\/wp-json\/wp\/v2\/page_category?post=159"},{"taxonomy":"page_tag","embeddable":true,"href":"https:\/\/o-seznam.cz\/napoveda\/sbazar\/wp-json\/wp\/v2\/page_tag?post=159"},{"taxonomy":"service_status_category","embeddable":true,"href":"https:\/\/o-seznam.cz\/napoveda\/sbazar\/wp-json\/wp\/v2\/service_status_category?post=159"}],"curies":[{"name":"wp","href":"https:\/\/api.w.org\/{rel}","templated":true}]}}