{"id":142,"date":"2024-10-16T15:24:12","date_gmt":"2024-10-16T13:24:12","guid":{"rendered":"https:\/\/o-seznam.cz\/napoveda\/sbazar\/?page_id=142"},"modified":"2025-11-30T17:12:04","modified_gmt":"2025-11-30T16:12:04","slug":"podvodne-e-maily","status":"publish","type":"page","link":"https:\/\/o-seznam.cz\/napoveda\/sbazar\/jak-bezpecne-obchodovat\/podvodne-e-maily\/","title":{"rendered":"Podvodn\u00e9 zpr\u00e1vy"},"content":{"rendered":"\n<div class=\"wp-block-group is-layout-constrained wp-block-group-is-layout-constrained\">\n<p><strong>Obdr\u017eeli jste zpr\u00e1vu podepsanou na\u0161\u00edm t\u00fdmem? Ne\u017e na ni zareagujete, zkontrolujte, zda se nejedn\u00e1 o phishing.<\/strong><\/p>\n\n\n\n<h2 class=\"wp-block-heading\"><strong>Jak poznat phishing<\/strong><\/h2>\n\n\n\n<p>Phishing je podvodn\u00e1 zpr\u00e1va, kter\u00e1 se vyd\u00e1v\u00e1 za Sbazar.cz, Seznam.cz nebo jinou zn\u00e1mou slu\u017ebu. <br>C\u00edlem je vyl\u00e1kat va\u0161e heslo, \u00fadaje k platebn\u00ed kart\u011b nebo jin\u00e9 citliv\u00e9 informace.<\/p>\n\n\n\n<p>Napaden\u00e9 \u00fa\u010dty mohou b\u00fdt zneu\u017eity k zakl\u00e1d\u00e1n\u00ed fale\u0161n\u00fdch inzer\u00e1t\u016f, co\u017e m\u016f\u017ee v\u00e9st k finan\u010dn\u00ed \u0161kod\u011b i ztr\u00e1t\u011b p\u0159\u00edstupu k \u00fa\u010dtu.<\/p>\n\n\n\n<div class=\"wp-block-group is-layout-constrained wp-block-group-is-layout-constrained\">\n<h2 class=\"wp-block-heading\"><strong>Typick\u00e9 znaky phishingu<\/strong><\/h2>\n\n\n\n<ul class=\"wp-block-list\">\n<li>Podvr\u017een\u00e1 str\u00e1nka napodobuj\u00edc\u00ed nap\u0159. p\u0159ihl\u00e1\u0161en\u00ed.<\/li>\n\n\n\n<li>Tlak na\u00a0<strong>kliknut\u00ed na odkaz<\/strong>, kter\u00fd vede na ciz\u00ed \u010di podivnou dom\u00e9nu.<\/li>\n\n\n\n<li>\u00dadaje z formul\u00e1\u0159e putuj\u00ed p\u0159\u00edmo podvodn\u00edk\u016fm.<\/li>\n<\/ul>\n<\/div>\n\n\n\n<div class=\"wp-block-group is-layout-constrained wp-block-group-is-layout-constrained\">\n<h2 class=\"wp-block-heading\"><strong>Jak ov\u011b\u0159it podez\u0159elou zpr\u00e1vu<\/strong><\/h2>\n\n\n\n<ul class=\"wp-block-list\">\n<li>Zkontrolujte\u00a0<strong>adresu odes\u00edlatele<\/strong>\u00a0(\u010dasto zkomolen\u00e1).<\/li>\n\n\n\n<li>Pod\u00edvejte se, kam skute\u010dn\u011b vede\u00a0<strong>odkaz ve zpr\u00e1v\u011b<\/strong>.<\/li>\n\n\n\n<li>Pokud odkaz otev\u0159ete, zkontrolujte\u00a0<strong>URL str\u00e1nky<\/strong>.<\/li>\n\n\n\n<li>Ov\u011b\u0159te tvrzen\u00ed zpr\u00e1vy nez\u00e1visle &#8211; nap\u0159. zkuste se norm\u00e1ln\u011b p\u0159ihl\u00e1sit na Sbazar.cz.<\/li>\n<\/ul>\n<\/div>\n\n\n\n<div class=\"wp-block-group is-layout-constrained wp-block-group-is-layout-constrained\">\n<h2 class=\"wp-block-heading\"><strong>Co d\u011blat<\/strong><\/h2>\n\n\n\n<p><strong>P\u0159i p\u0159ijet\u00ed podvodn\u00e9 zpr\u00e1vy<\/strong><\/p>\n\n\n\n<ul class=\"wp-block-list\">\n<li>Nereagujte, neklikejte, sma\u017ete ji.<\/li>\n<\/ul>\n\n\n\n<p><strong>Pokud jste vyplnili fale\u0161n\u00fd formul\u00e1\u0159<\/strong><\/p>\n\n\n\n<ul class=\"wp-block-list\">\n<li>Okam\u017eit\u011b zm\u011b\u0148te heslo a zkontrolujte po\u010d\u00edta\u010d antivirem.<\/li>\n\n\n\n<li>Zm\u011bna hesla:\u00a0<a href=\"https:\/\/ucet.seznam.cz\/\">https:\/\/ucet.seznam.cz\/<\/a>.<\/li>\n<\/ul>\n<\/div>\n\n\n\n<p><strong>Nejste si jist\u00ed?<\/strong> Kontaktujte n\u00e1s, zpr\u00e1vu prov\u011b\u0159\u00edme.<\/p>\n<\/div>\n","protected":false},"excerpt":{"rendered":"<p>Obdr\u017eeli jste zpr\u00e1vu podepsanou na\u0161\u00edm t\u00fdmem? Ne\u017e na ni zareagujete, zkontrolujte, zda se nejedn\u00e1 o phishing. Jak poznat phishing Phishing je podvodn\u00e1 zpr\u00e1va, kter\u00e1 se vyd\u00e1v\u00e1 za Sbazar.cz, Seznam.cz nebo jinou zn\u00e1mou slu\u017ebu. C\u00edlem je vyl\u00e1kat va\u0161e heslo, \u00fadaje k platebn\u00ed kart\u011b nebo jin\u00e9 citliv\u00e9 informace. Napaden\u00e9 \u00fa\u010dty mohou b\u00fdt zneu\u017eity k zakl\u00e1d\u00e1n\u00ed fale\u0161n\u00fdch inzer\u00e1t\u016f, [&hellip;]<\/p>\n","protected":false},"author":31,"featured_media":0,"parent":348,"menu_order":0,"comment_status":"closed","ping_status":"closed","template":"page-sidemenu","meta":{"_acf_changed":false,"_relevanssi_hide_post":"","_relevanssi_hide_content":"","_relevanssi_pin_for_all":"","_relevanssi_pin_keywords":"","_relevanssi_unpin_keywords":"","_relevanssi_related_keywords":"","_relevanssi_related_include_ids":"","_relevanssi_related_exclude_ids":"","_relevanssi_related_no_append":"","_relevanssi_related_not_related":"","_relevanssi_related_posts":"","_relevanssi_noindex_reason":"","footnotes":""},"page_category":[33],"page_tag":[],"service_status_category":[],"class_list":["post-142","page","type-page","status-publish","hentry"],"acf":[],"_links":{"self":[{"href":"https:\/\/o-seznam.cz\/napoveda\/sbazar\/wp-json\/wp\/v2\/pages\/142","targetHints":{"allow":["GET"]}}],"collection":[{"href":"https:\/\/o-seznam.cz\/napoveda\/sbazar\/wp-json\/wp\/v2\/pages"}],"about":[{"href":"https:\/\/o-seznam.cz\/napoveda\/sbazar\/wp-json\/wp\/v2\/types\/page"}],"author":[{"embeddable":true,"href":"https:\/\/o-seznam.cz\/napoveda\/sbazar\/wp-json\/wp\/v2\/users\/31"}],"replies":[{"embeddable":true,"href":"https:\/\/o-seznam.cz\/napoveda\/sbazar\/wp-json\/wp\/v2\/comments?post=142"}],"version-history":[{"count":7,"href":"https:\/\/o-seznam.cz\/napoveda\/sbazar\/wp-json\/wp\/v2\/pages\/142\/revisions"}],"predecessor-version":[{"id":657,"href":"https:\/\/o-seznam.cz\/napoveda\/sbazar\/wp-json\/wp\/v2\/pages\/142\/revisions\/657"}],"up":[{"embeddable":true,"href":"https:\/\/o-seznam.cz\/napoveda\/sbazar\/wp-json\/wp\/v2\/pages\/348"}],"wp:attachment":[{"href":"https:\/\/o-seznam.cz\/napoveda\/sbazar\/wp-json\/wp\/v2\/media?parent=142"}],"wp:term":[{"taxonomy":"page_category","embeddable":true,"href":"https:\/\/o-seznam.cz\/napoveda\/sbazar\/wp-json\/wp\/v2\/page_category?post=142"},{"taxonomy":"page_tag","embeddable":true,"href":"https:\/\/o-seznam.cz\/napoveda\/sbazar\/wp-json\/wp\/v2\/page_tag?post=142"},{"taxonomy":"service_status_category","embeddable":true,"href":"https:\/\/o-seznam.cz\/napoveda\/sbazar\/wp-json\/wp\/v2\/service_status_category?post=142"}],"curies":[{"name":"wp","href":"https:\/\/api.w.org\/{rel}","templated":true}]}}