{"id":136,"date":"2024-10-16T15:14:52","date_gmt":"2024-10-16T13:14:52","guid":{"rendered":"https:\/\/o-seznam.cz\/napoveda\/sbazar\/?page_id=136"},"modified":"2024-12-12T23:42:07","modified_gmt":"2024-12-12T22:42:07","slug":"jak-bezpecne-prodavat","status":"publish","type":"page","link":"https:\/\/o-seznam.cz\/napoveda\/sbazar\/jak-bezpecne-obchodovat\/jak-bezpecne-prodavat\/","title":{"rendered":"Jak bezpe\u010dn\u011b prod\u00e1vat"},"content":{"rendered":"\n<div class=\"wp-block-group is-layout-constrained wp-block-group-is-layout-constrained\">\n<p><strong>Kontaktoval v\u00e1s z\u00e1jemce ze zahrani\u010d\u00ed? Bu\u010fte obez\u0159etn\u00ed a <strong>nenechte se zl\u00e1kat<\/strong>, m\u016f\u017ee se jednat o podvodn\u00edka.<\/strong><\/p>\n\n\n\n<h2 class=\"wp-block-heading\">Jak poznat podvodn\u00e9ho z\u00e1jemce?<\/h2>\n\n\n\n<ul class=\"wp-block-list\">\n<li>Kontaktuje V\u00e1s <strong>anglicky nebo velice \u0161patnou \u010de\u0161tinou<\/strong> (v\u011bt\u0161inou jde o automaticky p\u0159elo\u017een\u00fd text).<\/li>\n\n\n\n<li>Nab\u00edz\u00ed mnohem<strong> vy\u0161\u0161\u00ed \u010d\u00e1stku<\/strong>, ne\u017e po\u017eadujete, zbo\u017e\u00ed ale mus\u00edte <strong>zaslat do zahrani\u010d\u00ed.<\/strong><\/li>\n\n\n\n<li><strong>Plat\u00ed jedin\u011b p\u0159es PayPal nebo jin\u00e9 v\u00e1m nezn\u00e1m\u00e9 bankovn\u00ed \u010di platebn\u00ed slu\u017eby<\/strong><\/li>\n\n\n\n<li>Pokud s obchodem budete souhlasit, obdr\u017e\u00edte e-mail od PayPalu nebo zahrani\u010dn\u00ed banky (Western Union), \u017ee platba je p\u0159ipravena k odesl\u00e1n\u00ed, ale \u017ee pro p\u0159evod je nutn\u00e9 uv\u00e9st <strong>\u010d\u00edslo z\u00e1silky<\/strong>. Tak v\u00e1s p\u0159im\u011bj\u00ed <strong>odeslat zbo\u017e\u00ed, ani\u017e byste za n\u011bj dostali zaplaceno<\/strong>.<\/li>\n\n\n\n<li>Jakmile \u010d\u00edslo z\u00e1silky ode\u0161lete, kontaktuje v\u00e1s op\u011bt banka s t\u00edm, \u017ee \u010d\u00e1stka, kter\u00e1 je pro v\u00e1s p\u0159ipravena, je ni\u017e\u0161\u00ed, ne\u017e je minim\u00e1ln\u00ed \u010d\u00e1stka, kterou banka p\u0159ev\u00e1d\u00ed, a je nutn\u00e9, abyste <strong>rozd\u00edl vyrovnali<\/strong>. Teprve pot\u00e9 v\u00e1m banka celou \u010d\u00e1stku p\u0159evede. Pokud byste po\u017eadovanou platbu provedli, <strong>p\u0159ijdete nejen o zbo\u017e\u00ed, ale i o sv\u00e9 pen\u00edze<\/strong>.<\/li>\n\n\n\n<li>Po odesl\u00e1n\u00ed pen\u011bz s v\u00e1mi p\u0159estane komunikovat jak prodejce, tak \u00fadajn\u00e1 banka.<\/li>\n<\/ul>\n\n\n\n<p><strong>Pozor! Pokud v kter\u00e9koliv f\u00e1zi p\u0159eru\u0161\u00edte kontakt, m\u016f\u017eete obdr\u017eet zpr\u00e1vu od FBI nebo Scotland Yardu. V t\u00e9to zpr\u00e1v\u011b vyhro\u017euj\u00ed trestn\u00edm st\u00edh\u00e1n\u00edm, p\u0159\u00edpadn\u011b dal\u0161\u00edmi postihy. Jedn\u00e1 se o podvr\u017een\u00e9 zpr\u00e1vy, FBI ani Scotland Yard je nezas\u00edlaj\u00ed. Jestli\u017ee jste neobdr\u017eeli platbu, za odm\u00edtnut\u00ed obchodu v\u00e1m \u017e\u00e1dn\u00fd postih nehroz\u00ed!<\/strong><br><br>Jestli\u017ee v\u00e1s takov\u00fd z\u00e1jemce kontaktuje, <strong>jeho zpr\u00e1vy ignorujte<\/strong>!<br>Pokud budete cht\u00edt poslat zbo\u017e\u00ed do zahrani\u010d\u00ed, v\u017edy <strong>trvejte na platb\u011b na v\u00e1\u0161 bankovn\u00ed \u00fa\u010det<\/strong> a neodes\u00edlejte zbo\u017e\u00ed, dokud nebudete m\u00edt domluvenou \u010d\u00e1stku skute\u010dn\u011b na \u00fa\u010dtu!<br><br><strong>Pozor!<\/strong> Nemus\u00ed platit v\u017edy v\u0161echny v\u00fd\u0161e popsan\u00e9 indicie najednou. Kontaktovat v\u00e1s m\u016f\u017ee i z\u00e1jemce s perfektn\u00ed \u010de\u0161tinou a vystupov\u00e1n\u00edm bud\u00edc\u00ed v\u00e1\u017en\u00fd z\u00e1jem, ale h\u00e1\u010dek se objev\u00ed a\u017e ke konci uzav\u00edran\u00e9ho obchodu. Bu\u010fte obez\u0159etn\u00ed a opatrn\u00ed v\u017edy a st\u00e1le. Jakmile v\u00e1m na cel\u00e9m obchod\u011b p\u0159ijde n\u011bco zvl\u00e1\u0161tn\u00edho, neobvykl\u00e9ho a podivn\u00e9ho, zva\u017ete, zda chcete mo\u017en\u00e9 riziko skute\u010dn\u011b podstoupit.<\/p>\n\n\n\n<figure class=\"wp-block-image size-full\"><img loading=\"lazy\" decoding=\"async\" width=\"864\" height=\"411\" src=\"https:\/\/o-seznam.cz\/napoveda\/sbazar\/wp-content\/uploads\/sites\/19\/2024\/10\/28.jpg\" alt=\"\" class=\"wp-image-137\" srcset=\"https:\/\/o-seznam.cz\/napoveda\/sbazar\/wp-content\/uploads\/sites\/19\/2024\/10\/28.jpg 864w, https:\/\/o-seznam.cz\/napoveda\/sbazar\/wp-content\/uploads\/sites\/19\/2024\/10\/28-320x152.jpg 320w, https:\/\/o-seznam.cz\/napoveda\/sbazar\/wp-content\/uploads\/sites\/19\/2024\/10\/28-768x365.jpg 768w\" sizes=\"auto, (max-width: 864px) 100vw, 864px\" \/><\/figure>\n\n\n\n<p>!Upozor\u0148ujeme, \u017ee p\u0159\u00edstup na slu\u017ebu Sbazar.cz ze zem\u00ed mimo Evropskou unii m\u016f\u017ee b\u00fdt z bezpe\u010dnostn\u00edch d\u016fvod\u016f odep\u0159en!<\/p>\n<\/div>\n","protected":false},"excerpt":{"rendered":"<p>Kontaktoval v\u00e1s z\u00e1jemce ze zahrani\u010d\u00ed? Bu\u010fte obez\u0159etn\u00ed a nenechte se zl\u00e1kat, m\u016f\u017ee se jednat o podvodn\u00edka. Jak poznat podvodn\u00e9ho z\u00e1jemce? Pozor! Pokud v kter\u00e9koliv f\u00e1zi p\u0159eru\u0161\u00edte kontakt, m\u016f\u017eete obdr\u017eet zpr\u00e1vu od FBI nebo Scotland Yardu. V t\u00e9to zpr\u00e1v\u011b vyhro\u017euj\u00ed trestn\u00edm st\u00edh\u00e1n\u00edm, p\u0159\u00edpadn\u011b dal\u0161\u00edmi postihy. Jedn\u00e1 se o podvr\u017een\u00e9 zpr\u00e1vy, FBI ani Scotland Yard je nezas\u00edlaj\u00ed. [&hellip;]<\/p>\n","protected":false},"author":31,"featured_media":0,"parent":348,"menu_order":0,"comment_status":"closed","ping_status":"closed","template":"page-sidemenu","meta":{"_acf_changed":false,"_relevanssi_hide_post":"","_relevanssi_hide_content":"","_relevanssi_pin_for_all":"","_relevanssi_pin_keywords":"","_relevanssi_unpin_keywords":"","_relevanssi_related_keywords":"","_relevanssi_related_include_ids":"","_relevanssi_related_exclude_ids":"","_relevanssi_related_no_append":"","_relevanssi_related_not_related":"","_relevanssi_related_posts":"","_relevanssi_noindex_reason":"","footnotes":""},"page_category":[33],"page_tag":[],"service_status_category":[],"class_list":["post-136","page","type-page","status-publish","hentry"],"acf":[],"_links":{"self":[{"href":"https:\/\/o-seznam.cz\/napoveda\/sbazar\/wp-json\/wp\/v2\/pages\/136","targetHints":{"allow":["GET"]}}],"collection":[{"href":"https:\/\/o-seznam.cz\/napoveda\/sbazar\/wp-json\/wp\/v2\/pages"}],"about":[{"href":"https:\/\/o-seznam.cz\/napoveda\/sbazar\/wp-json\/wp\/v2\/types\/page"}],"author":[{"embeddable":true,"href":"https:\/\/o-seznam.cz\/napoveda\/sbazar\/wp-json\/wp\/v2\/users\/31"}],"replies":[{"embeddable":true,"href":"https:\/\/o-seznam.cz\/napoveda\/sbazar\/wp-json\/wp\/v2\/comments?post=136"}],"version-history":[{"count":3,"href":"https:\/\/o-seznam.cz\/napoveda\/sbazar\/wp-json\/wp\/v2\/pages\/136\/revisions"}],"predecessor-version":[{"id":450,"href":"https:\/\/o-seznam.cz\/napoveda\/sbazar\/wp-json\/wp\/v2\/pages\/136\/revisions\/450"}],"up":[{"embeddable":true,"href":"https:\/\/o-seznam.cz\/napoveda\/sbazar\/wp-json\/wp\/v2\/pages\/348"}],"wp:attachment":[{"href":"https:\/\/o-seznam.cz\/napoveda\/sbazar\/wp-json\/wp\/v2\/media?parent=136"}],"wp:term":[{"taxonomy":"page_category","embeddable":true,"href":"https:\/\/o-seznam.cz\/napoveda\/sbazar\/wp-json\/wp\/v2\/page_category?post=136"},{"taxonomy":"page_tag","embeddable":true,"href":"https:\/\/o-seznam.cz\/napoveda\/sbazar\/wp-json\/wp\/v2\/page_tag?post=136"},{"taxonomy":"service_status_category","embeddable":true,"href":"https:\/\/o-seznam.cz\/napoveda\/sbazar\/wp-json\/wp\/v2\/service_status_category?post=136"}],"curies":[{"name":"wp","href":"https:\/\/api.w.org\/{rel}","templated":true}]}}