{"id":11,"date":"2024-10-15T14:00:18","date_gmt":"2024-10-15T12:00:18","guid":{"rendered":"https:\/\/o-seznam.cz\/napoveda\/sbazar\/?page_id=11"},"modified":"2024-12-12T23:25:51","modified_gmt":"2024-12-12T22:25:51","slug":"jak-se-prihlasit-a-odhlasit","status":"publish","type":"page","link":"https:\/\/o-seznam.cz\/napoveda\/sbazar\/jak-inzerovat\/jak-se-prihlasit-a-odhlasit\/","title":{"rendered":"Jak se p\u0159ihl\u00e1sit a odhl\u00e1sit"},"content":{"rendered":"\n<div class=\"wp-block-group is-layout-constrained wp-block-group-is-layout-constrained\">\n<h2 class=\"wp-block-heading\"><strong>Jak se p\u0159ihl\u00e1sit<\/strong><\/h2>\n\n\n\n<p>Klikn\u011bte na tla\u010d\u00edtko &#8222;P\u0159ihl\u00e1sit se&#8220; v prav\u00e9m horn\u00edm rohu. Zobraz\u00ed se formul\u00e1\u0159 pro p\u0159ihl\u00e1\u0161en\u00ed.<br>Do formul\u00e1\u0159e vypl\u0148te p\u0159ihla\u0161ovac\u00ed \u00fadaje k va\u0161emu Seznam \u00fa\u010dtu.<\/p>\n\n\n\n<figure class=\"wp-block-image size-full\"><img loading=\"lazy\" decoding=\"async\" width=\"1857\" height=\"716\" src=\"https:\/\/o-seznam.cz\/napoveda\/sbazar\/wp-content\/uploads\/sites\/19\/2024\/10\/1.jpg\" alt=\"\" class=\"wp-image-22\" srcset=\"https:\/\/o-seznam.cz\/napoveda\/sbazar\/wp-content\/uploads\/sites\/19\/2024\/10\/1.jpg 1857w, https:\/\/o-seznam.cz\/napoveda\/sbazar\/wp-content\/uploads\/sites\/19\/2024\/10\/1-992x382.jpg 992w, https:\/\/o-seznam.cz\/napoveda\/sbazar\/wp-content\/uploads\/sites\/19\/2024\/10\/1-320x123.jpg 320w, https:\/\/o-seznam.cz\/napoveda\/sbazar\/wp-content\/uploads\/sites\/19\/2024\/10\/1-768x296.jpg 768w, https:\/\/o-seznam.cz\/napoveda\/sbazar\/wp-content\/uploads\/sites\/19\/2024\/10\/1-1536x592.jpg 1536w\" sizes=\"auto, (max-width: 1857px) 100vw, 1857px\" \/><\/figure>\n\n\n\n<p>Pokud \u00fa\u010det u Seznamu nem\u00e1te, m\u016f\u017eete si ho <a href=\"http:\/\/registrace.seznam.cz\" target=\"_blank\" rel=\"noreferrer noopener\">zalo\u017eit<\/a> nebo <a href=\"http:\/\/registrace.seznam.cz\/own?serviceId=ucet&amp;returnURL=https%3A%2F%2Fucet.seznam.cz\" target=\"_blank\" rel=\"noreferrer noopener\">registrovat<\/a> s vlastn\u00ed e-mailovou adresou.<\/p>\n\n\n\n<h2 class=\"wp-block-heading\"><strong>Jak se odhl\u00e1sit<\/strong><\/h2>\n\n\n\n<p class=\"is-style-link-external\">Klikn\u011bte na tla\u010d\u00edtko va\u0161eho profilu v prav\u00e9m horn\u00edm rohu.<br>Otev\u0159ou se dal\u0161\u00ed z\u00e1lo\u017eky, kde tak\u00e9 najdete tla\u010d\u00edtko &#8222;Odhl\u00e1sit se&#8220;.<\/p>\n\n\n\n<figure class=\"wp-block-image size-full\"><img loading=\"lazy\" decoding=\"async\" width=\"1886\" height=\"756\" src=\"https:\/\/o-seznam.cz\/napoveda\/sbazar\/wp-content\/uploads\/sites\/19\/2024\/10\/2.jpg\" alt=\"\" class=\"wp-image-23\" srcset=\"https:\/\/o-seznam.cz\/napoveda\/sbazar\/wp-content\/uploads\/sites\/19\/2024\/10\/2.jpg 1886w, https:\/\/o-seznam.cz\/napoveda\/sbazar\/wp-content\/uploads\/sites\/19\/2024\/10\/2-992x398.jpg 992w, https:\/\/o-seznam.cz\/napoveda\/sbazar\/wp-content\/uploads\/sites\/19\/2024\/10\/2-320x128.jpg 320w, https:\/\/o-seznam.cz\/napoveda\/sbazar\/wp-content\/uploads\/sites\/19\/2024\/10\/2-768x308.jpg 768w, https:\/\/o-seznam.cz\/napoveda\/sbazar\/wp-content\/uploads\/sites\/19\/2024\/10\/2-1536x616.jpg 1536w\" sizes=\"auto, (max-width: 1886px) 100vw, 1886px\" \/><\/figure>\n\n\n\n<h2 class=\"wp-block-heading\"><strong>Nem\u016f\u017eu se p\u0159ihl\u00e1sit<\/strong><\/h2>\n\n\n\n<p>P\u0159ihla\u0161ovac\u00ed formul\u00e1\u0159 hl\u00e1s\u00ed <strong>Chybn\u011b zadan\u00e9 heslo, nebo u\u017eivatelsk\u00e9 jm\u00e9no!<\/strong><\/p>\n\n\n\n<p class=\"is-style-link-external\">Zkontrolujte, zda jste sv\u016fj e-mail a heslo zadali spr\u00e1vn\u011b.<br>Pokud se p\u0159ihla\u0161ujete e-mailovou adresou od Seznamu, heslo na Sbazar je stejn\u00e9 jako do va\u0161\u00ed e-mailov\u00e9 schr\u00e1nky.<br>Jestli\u017ee jste heslo zapomn\u011bli, vyu\u017eijte <a href=\"https:\/\/napoveda.seznam.cz\/cz\/zapomenute-heslo.html\" target=\"_blank\" rel=\"noreferrer noopener\">formul\u00e1\u0159 z\u00edsk\u00e1n\u00ed zapomenut\u00e9ho hesla<\/a>.<\/p>\n\n\n\n<p>P\u0159ihla\u0161ovac\u00ed formul\u00e1\u0159 hl\u00e1s\u00ed <strong>P\u0159\u00edstup na tuto slu\u017ebu je zablokov\u00e1n.<\/strong><\/p>\n\n\n\n<p>V\u00e1\u0161 \u00fa\u010det na Sbazaru je zablokovan\u00fd. D\u016fvodem m\u016f\u017ee b\u00fdt nap\u0159\u00edklad nedodr\u017eov\u00e1n\u00ed pravidel nebo bezpe\u010dnostn\u00ed opat\u0159en\u00ed.<\/p>\n\n\n\n<p>Upozor\u0148ujeme, \u017ee p\u0159\u00edstup na slu\u017ebu Sbazar.cz ze zem\u00ed mimo Evropskou unii m\u016f\u017ee b\u00fdt z bezpe\u010dnostn\u00edch d\u016fvod\u016f odep\u0159en. V p\u0159\u00edpad\u011b, \u017ee jste zablokovan\u00ed, nezkou\u0161ejte zakl\u00e1dat nov\u00e9 \u00fa\u010dty, ale pro vy\u0159e\u0161en\u00ed n\u00e1s co nejd\u0159\u00edve kontaktujte.<\/p>\n<\/div>\n","protected":false},"excerpt":{"rendered":"<p>Jak se p\u0159ihl\u00e1sit Klikn\u011bte na tla\u010d\u00edtko &#8222;P\u0159ihl\u00e1sit se&#8220; v prav\u00e9m horn\u00edm rohu. Zobraz\u00ed se formul\u00e1\u0159 pro p\u0159ihl\u00e1\u0161en\u00ed.Do formul\u00e1\u0159e vypl\u0148te p\u0159ihla\u0161ovac\u00ed \u00fadaje k va\u0161emu Seznam \u00fa\u010dtu. Pokud \u00fa\u010det u Seznamu nem\u00e1te, m\u016f\u017eete si ho zalo\u017eit nebo registrovat s vlastn\u00ed e-mailovou adresou. Jak se odhl\u00e1sit Klikn\u011bte na tla\u010d\u00edtko va\u0161eho profilu v prav\u00e9m horn\u00edm rohu.Otev\u0159ou se dal\u0161\u00ed z\u00e1lo\u017eky, [&hellip;]<\/p>\n","protected":false},"author":31,"featured_media":0,"parent":341,"menu_order":10,"comment_status":"closed","ping_status":"closed","template":"page-sidemenu","meta":{"_acf_changed":false,"_relevanssi_hide_post":"","_relevanssi_hide_content":"","_relevanssi_pin_for_all":"","_relevanssi_pin_keywords":"","_relevanssi_unpin_keywords":"","_relevanssi_related_keywords":"","_relevanssi_related_include_ids":"","_relevanssi_related_exclude_ids":"","_relevanssi_related_no_append":"","_relevanssi_related_not_related":"","_relevanssi_related_posts":"","_relevanssi_noindex_reason":"","footnotes":""},"page_category":[33],"page_tag":[],"service_status_category":[],"class_list":["post-11","page","type-page","status-publish","hentry"],"acf":[],"_links":{"self":[{"href":"https:\/\/o-seznam.cz\/napoveda\/sbazar\/wp-json\/wp\/v2\/pages\/11","targetHints":{"allow":["GET"]}}],"collection":[{"href":"https:\/\/o-seznam.cz\/napoveda\/sbazar\/wp-json\/wp\/v2\/pages"}],"about":[{"href":"https:\/\/o-seznam.cz\/napoveda\/sbazar\/wp-json\/wp\/v2\/types\/page"}],"author":[{"embeddable":true,"href":"https:\/\/o-seznam.cz\/napoveda\/sbazar\/wp-json\/wp\/v2\/users\/31"}],"replies":[{"embeddable":true,"href":"https:\/\/o-seznam.cz\/napoveda\/sbazar\/wp-json\/wp\/v2\/comments?post=11"}],"version-history":[{"count":9,"href":"https:\/\/o-seznam.cz\/napoveda\/sbazar\/wp-json\/wp\/v2\/pages\/11\/revisions"}],"predecessor-version":[{"id":442,"href":"https:\/\/o-seznam.cz\/napoveda\/sbazar\/wp-json\/wp\/v2\/pages\/11\/revisions\/442"}],"up":[{"embeddable":true,"href":"https:\/\/o-seznam.cz\/napoveda\/sbazar\/wp-json\/wp\/v2\/pages\/341"}],"wp:attachment":[{"href":"https:\/\/o-seznam.cz\/napoveda\/sbazar\/wp-json\/wp\/v2\/media?parent=11"}],"wp:term":[{"taxonomy":"page_category","embeddable":true,"href":"https:\/\/o-seznam.cz\/napoveda\/sbazar\/wp-json\/wp\/v2\/page_category?post=11"},{"taxonomy":"page_tag","embeddable":true,"href":"https:\/\/o-seznam.cz\/napoveda\/sbazar\/wp-json\/wp\/v2\/page_tag?post=11"},{"taxonomy":"service_status_category","embeddable":true,"href":"https:\/\/o-seznam.cz\/napoveda\/sbazar\/wp-json\/wp\/v2\/service_status_category?post=11"}],"curies":[{"name":"wp","href":"https:\/\/api.w.org\/{rel}","templated":true}]}}