{"id":51,"date":"2024-12-01T01:40:12","date_gmt":"2024-12-01T00:40:12","guid":{"rendered":"https:\/\/o-seznam.cz\/napoveda\/sauto\/?page_id=51"},"modified":"2024-12-09T13:12:29","modified_gmt":"2024-12-09T12:12:29","slug":"pravidla-inzerce","status":"publish","type":"page","link":"https:\/\/o-seznam.cz\/napoveda\/sauto\/dulezite-pro-vsechny\/pravidla-inzerce\/","title":{"rendered":"Pravidla inzerce"},"content":{"rendered":"\n<div class=\"wp-block-group is-layout-constrained wp-block-group-is-layout-constrained\">\n<p>Inzertn\u00ed obsah je p\u0159ij\u00edm\u00e1n v \u010desk\u00e9m jazyce, s diakritikou a celkov\u011b v souladu s platn\u00fdmi pravidly \u010desk\u00e9ho pravopisu.<\/p>\n\n\n\n<p>V inzer\u00e1tech na Slu\u017eb\u011b nesm\u011bj\u00ed b\u00fdt zve\u0159ej\u0148ov\u00e1ny odkazy.<\/p>\n\n\n\n<p>P\u0159edm\u011btem vkl\u00e1dan\u00e9ho inzer\u00e1tu mus\u00ed b\u00fdt pouze prodej vozidla za stanovenou pevnou cenu nebo p\u0159\u00edp. nab\u00eddka p\u0159enech\u00e1n\u00ed vozidla na leasing (finan\u010dn\u00ed leasing). Nejsou akceptov\u00e1ny inzer\u00e1ty t\u00fdkaj\u00edc\u00ed se n\u00e1jmu dopravn\u00edho prost\u0159edku (s v\u00fdjimkou p\u0159enech\u00e1n\u00ed leasingu s odkoupen\u00edm vozu do vlastnictv\u00ed), sm\u011bny, zap\u016fj\u010den\u00ed nebo aukce vozidla. Neakceptovan\u00e9 inzer\u00e1ty budou bez n\u00e1hrady a bez p\u0159edchoz\u00edho upozorn\u011bn\u00ed smaz\u00e1ny. Pro registrovan\u00e9 autoprodejce nab\u00edz\u00edme i mo\u017enost inzerovat \u201ePron\u00e1jem\u201c (operativn\u00ed leasing). Tato varianta inzerce nen\u00ed ur\u010dena pro soukrom\u00e9 jednor\u00e1zov\u00e9 inzeruj\u00edc\u00ed.<\/p>\n\n\n\n<p>Objednatel se zavazuje za\u0159azovat inzer\u00e1ty do odpov\u00eddaj\u00edc\u00ed rubriky Slu\u017eby dle typu a druhu vozidla a co nejrychleji aktualizovat inzer\u00e1ty, kdy\u017e dojde ke zm\u011bn\u011b jejich stavu nebo \u00fadaj\u016f v nich uveden\u00fdch.<\/p>\n\n\n\n<p>Objednatel se zavazuje za\u0159azovat spr\u00e1vn\u00e9 \u00fadaje o vozidlech, v\u010detn\u011b v\u0161ech povinn\u00fdch polo\u017eek, a to do spr\u00e1vn\u00fdch kolonek a m\u00edst k tomu ur\u010den\u00fdch a nezve\u0159ej\u0148ovat \u017e\u00e1dn\u00e9 kontaktn\u00ed informace na osoby, spole\u010dnosti nebo webov\u00e9 str\u00e1nky mimo tato ur\u010den\u00e1 m\u00edsta. P\u0159i zad\u00e1n\u00ed popis\u016f k vozidlu je t\u0159eba dodr\u017eovat parametry povolen\u00fdch po\u010dt\u016f znak\u016f.<\/p>\n\n\n\n<p>Objednatel se zavazuje v prezentovan\u00e9 nab\u00eddce \u010di popt\u00e1vce poskytovat informace pravdiv\u00e9 a \u00fapln\u00e9, a to v\u017edy v\u010detn\u011b fin\u00e1ln\u00ed tr\u017en\u00ed ceny vozidla p\u0159i platb\u011b v hotovosti nebo bankovn\u00edm p\u0159evodem a u pl\u00e1tc\u016f DPH v\u010detn\u011b DPH, a v\u010detn\u011b p\u0159\u00edslu\u0161n\u00e9 fotodokumentace. Objednatel nen\u00ed opr\u00e1vn\u011bn vkl\u00e1dat \u010di importovat do datab\u00e1ze na Serveru identick\u00e9 nab\u00eddky vozidel s r\u016fznou nebo nulovou cenou \u010di drobn\u00fdmi odchylkami popisu. Cenu nelze podmi\u0148ovat vyu\u017eit\u00edm nab\u00edzen\u00e9ho financov\u00e1n\u00ed ani do ceny nelze zapo\u010d\u00edt\u00e1vat bonusy, nebo podmi\u0148ovat ji jin\u00fdm zp\u016fsobem (proti\u00fa\u010det, v\u00fdkupn\u00ed bonus). Uveden\u00e1 cena mus\u00ed b\u00fdt kone\u010dn\u00e1, v\u010d. DPH, bez jak\u00e9koli podm\u00ednky (financov\u00e1n\u00ed, zapo\u010d\u00edtan\u00fd bonus, proti\u00fa\u010det apod., odb\u011br na I\u010c nebo na R\u010c). Do pozn\u00e1mky k cen\u011b lze uv\u00e9st slevy v p\u0159\u00edpad\u011b nab\u00edzen\u00e9ho financov\u00e1n\u00ed, p\u0159\u00edpadn\u011b lze vyu\u017e\u00edt mo\u017enosti vlo\u017eit cenu na leasing. Z\u00e1kladn\u00ed cena v\u0161ak mus\u00ed b\u00fdt uvedena bez podm\u00ednky vyu\u017eit\u00ed financov\u00e1n\u00ed \u010di v\u00fdkupu.<\/p>\n\n\n\n<p>P\u0159enech\u00e1n\u00ed u\u017e\u00edv\u00e1n\u00ed vozidla na leasing mus\u00ed b\u00fdt rozeps\u00e1no na odstupn\u00e9, po\u010dty a v\u00fd\u0161i spl\u00e1tek, a leasingov\u00e1 cena mus\u00ed b\u00fdt uvedena v kolonce tomu ur\u010den\u00e9.<\/p>\n<\/div>\n\n\n\n<div class=\"wp-block-group is-layout-constrained wp-block-group-is-layout-constrained\">\n<p>Provozovatel si vyhrazuje pr\u00e1vo kontroly obsahu inzer\u00e1t\u016f. V detailu nebo v textu inzer\u00e1tu je zak\u00e1z\u00e1no:<\/p>\n\n\n\n<ul class=\"wp-block-list\">\n<li>Uv\u00e1d\u011bt verz\u00e1lkami psan\u00e1 slova (pokud se nejedn\u00e1 o zkratky \u010di n\u00e1zvy, kter\u00e9 se ofici\u00e1ln\u011b zapisuj\u00ed pouze verz\u00e1lkami)<\/li>\n\n\n\n<li>Uv\u00e1d\u011bt v\u00edce ne\u017e jeden vyk\u0159i\u010dn\u00edk (p\u0159ed vyk\u0159i\u010dn\u00edkem nesm\u00ed b\u00fdt mezera)<\/li>\n\n\n\n<li>Ps\u00e1t t\u00e1zac\u00ed, zvolac\u00ed a rozkazovac\u00ed v\u011bty<\/li>\n\n\n\n<li>Uv\u00e1d\u011bt n\u011bkolikan\u00e1sobn\u00e9 opakov\u00e1n\u00ed slova\/fr\u00e1ze, nadm\u011brnou interpunkci (t\u0159i te\u010dky), emotikony (tzv. \u201esmajl\u00edky\u201c), HTML zna\u010dky<\/li>\n\n\n\n<li>Pou\u017e\u00edvat superlativy a objektivn\u011b neposouditeln\u00e9 zm\u00ednky o kvalit\u011b inzerovan\u00e9ho produktu, nap\u0159.: \u201enejlep\u0161\u00ed slu\u017eby poskytovan\u00e9\u2026\u201c<\/li>\n\n\n\n<li>Uv\u00e1d\u011bt v\u011bty typu \u201ev\u0161e, co jste kdy cht\u011bli v\u011bd\u011bt o\u2026\u201c, \u201ep\u0159ij\u010fte se pod\u00edvat\u2026\u201c, kter\u00e9 nijak nesouvisej\u00ed s inzerovan\u00fdm produktem<\/li>\n\n\n\n<li>Uv\u00e1d\u011bt obchodn\u00ed sd\u011blen\u00ed, reklamu \u010di zm\u00ednky o konkurenci<\/li>\n\n\n\n<li>Uve\u0159ej\u0148ovat neautorizovan\u00e9 fotografie, nap\u0159. fotografie okop\u00edrovan\u00e9 od jin\u00fdch u\u017eivatel\u016f Slu\u017eby<\/li>\n\n\n\n<li>Uv\u00e1d\u011bt v jednom inzer\u00e1tu v\u00edce produkt\u016f k prodeji<\/li>\n\n\n\n<li>Ve fotografi\u00edch a videoinzer\u00e1tech je zak\u00e1z\u00e1no zobrazovat loga Objednatele \u010di jin\u00e9ho subjektu nebo jin\u00e1 reklamn\u00ed sd\u011blen\u00ed (nap\u0159. zna\u010dku vozidla, mobiln\u00ed bannery \u010di roll-up), odkazy na webov\u00e9 str\u00e1nky, telefonick\u00fd kontakt nebo jin\u00e9 reklamn\u00ed prvky, a to i v p\u0159\u00edpad\u011b, \u017ee jsou um\u00edst\u011bny na pozad\u00ed fotografovan\u00e9ho vozidla<\/li>\n\n\n\n<li>Je zak\u00e1z\u00e1no na m\u00edst\u011b ur\u010den\u00e9m pro fotografii vozidla zobrazovat jak\u00e9koli reklamn\u00ed texty, loga \u010di jak\u00e9koli jin\u00e9 textov\u00e9 soubory. Je zak\u00e1z\u00e1no zobrazovat fotografie, kde vozidlo nezab\u00edr\u00e1 alespo\u0148 3\/5 plochy fotografie<\/li>\n\n\n\n<li>Je zak\u00e1z\u00e1no zobrazovat nam\u00edsto fotografie nab\u00edzen\u00e9ho produktu ilustra\u010dn\u00ed fotografii nebo textov\u00e9 informace (nap\u0159. o tom, \u017ee fotografie bude teprve dod\u00e1na nebo \u017ee je vozidlo ji\u017e prod\u00e1no)<\/li>\n\n\n\n<li>Je zak\u00e1z\u00e1no fotografie jakkoli zv\u00fdraz\u0148ovat nebo opat\u0159ovat ru\u0161iv\u00fdmi prvky nap\u0159. barevn\u00fdmi r\u00e1me\u010dky nebo textov\u00fdmi informacemi<\/li>\n\n\n\n<li>Je zak\u00e1z\u00e1no pou\u017e\u00edvat kol\u00e1\u017ee z v\u00edce fotografi\u00ed<\/li>\n\n\n\n<li>Fotografie mus\u00ed spl\u0148ovat povinn\u00e9 parametry pro velikost, nen\u00ed povoleno dopl\u0148ovat fotografie r\u00e1me\u010dky,\u00a0 je nezbytn\u00e9 zobrazovat fotografie odpov\u00eddaj\u00edc\u00ed skute\u010dn\u00e9mu stavu inzerovan\u00e9ho vozidla<\/li>\n<\/ul>\n<\/div>\n\n\n\n<div class=\"wp-block-group is-layout-constrained wp-block-group-is-layout-constrained\">\n<p>Fotografie vkl\u00e1dan\u00e9 k inzer\u00e1t\u016fm mus\u00ed spl\u0148ovat tyto parametry:<\/p>\n\n\n\n<ul class=\"wp-block-list\">\n<li>V\u0161echny fotografie mus\u00ed b\u00fdt ve form\u00e1tu .jpg, minim\u00e1ln\u00ed rozli\u0161en\u00ed 1 024&#215;768 px (nebo vy\u0161\u0161\u00ed p\u0159i zachov\u00e1n\u00ed pom\u011bru stran 4:3), do velikosti 5 MB<\/li>\n\n\n\n<li>Maxim\u00e1ln\u00ed po\u010det fotografi\u00ed je 50<\/li>\n\n\n\n<li>Pro \u201eNov\u00e9\u201c vozy je minim\u00e1ln\u00ed po\u010det fotografi\u00ed 1<\/li>\n\n\n\n<li>Pro \u201eOjet\u00e9\u201c vozy je minim\u00e1ln\u00ed po\u010det fotografi\u00ed 3<\/li>\n\n\n\n<li>Inzer\u00e1t m\u016f\u017ee obsahovat jedno video o maxim\u00e1ln\u00ed velikosti 1 GB<\/li>\n<\/ul>\n<\/div>\n\n\n\n<div class=\"wp-block-group is-layout-constrained wp-block-group-is-layout-constrained\">\n<p>Objednatel je povinen dodr\u017eovat maxim\u00e1ln\u00ed povolen\u00e9 po\u010dty znak\u016f v inzer\u00e1tech:<\/p>\n\n\n\n<ul class=\"wp-block-list\">\n<li>Pro \u201eTitulek inzer\u00e1tu\u201c (zobrazuje se v n\u00e1zvu inzer\u00e1tu) je maxim\u00e1ln\u00ed povolen\u00fd po\u010det znak\u016f v\u010detn\u011b mezer 30<\/li>\n\n\n\n<li>Pro \u201ePozn\u00e1mku k cen\u011b\u201c je maxim\u00e1ln\u00ed povolen\u00fd po\u010det znak\u016f v\u010detn\u011b mezer 150<\/li>\n\n\n\n<li>Pro \u201ePozn\u00e1mku o stavu vozidla\u201c (na slu\u017eb\u011b Sauto.cz se tato pozn\u00e1mka jmenuje \u201ePopis prodejce&#8220;) je maxim\u00e1ln\u00ed povolen\u00fd po\u010det znak\u016f v\u010detn\u011b mezer 1 000<\/li>\n\n\n\n<li>Pro \u201ePozn\u00e1mku k ceduli za okno\u201c je maxim\u00e1ln\u00ed povolen\u00fd po\u010det znak\u016f v\u010detn\u011b mezer 100<\/li>\n<\/ul>\n<\/div>\n\n\n\n<div class=\"wp-block-group is-layout-constrained wp-block-group-is-layout-constrained\">\n<p>Provozovatel je v souladu a za podm\u00ednek stanoven\u00fdch ve Smluvn\u00edch podm\u00ednk\u00e1ch Slu\u017eby opr\u00e1vn\u011bn smazat zejm\u00e9na inzer\u00e1ty obsahuj\u00edc\u00ed spekulativn\u00ed \u010di nulovou cenu, inzer\u00e1ty s vlo\u017een\u00fdm neplatn\u00fdm, neov\u011b\u0159en\u00fdm \u010di fiktivn\u00edm VIN, neautorizovan\u00e9 fotografie, identick\u00e9 (duplicitn\u00ed) inzer\u00e1ty s rozd\u00edlnou cenou od r\u016fzn\u00fdch objednatel\u016f \u010di od stejn\u00e9ho objednatele, inzer\u00e1ty s nep\u0159im\u011b\u0159en\u00fdmi hodnotami \u010di s \u00fadaji, kter\u00e9 jsou odli\u0161n\u00e9 od \u00fadaj\u016f (v\u010detn\u011b po\u010dtu zve\u0159ejn\u011bn\u00fdch inzer\u00e1t\u016f) prezentovan\u00fdch samotn\u00fdm Objednatelem na vlastn\u00edch www str\u00e1nk\u00e1ch, nebo existuje-li podez\u0159en\u00ed z klam\u00e1n\u00ed spot\u0159ebitele \u010di jin\u00e9ho jedn\u00e1n\u00ed, je\u017e by mohlo b\u00fdt v rozporu s dobr\u00fdmi mravy.<\/p>\n\n\n\n<p>Provozovatel zaru\u010duje, \u017ee \u0159azen\u00ed inzer\u00e1t\u016f je jednotn\u00e9 a pln\u011b zautomatizov\u00e1no pro v\u0161echny u\u017eivatele Slu\u017eby.<\/p>\n\n\n\n<p>Vkl\u00e1d\u00e1n\u00ed inzerce je podporov\u00e1no ze v\u0161ech importn\u00edch softwar\u016f nebo vlastn\u00edch aplikac\u00ed Objednatele. Vyu\u017eit\u00ed t\u00e9to funkcionality v\u0161ak nen\u00ed sou\u010d\u00e1st\u00ed placen\u00fdch slu\u017eeb, a tud\u00ed\u017e Provozovatel nenese odpov\u011bdnost za aktu\u00e1lnost \u010di spr\u00e1vnost takto do datab\u00e1ze vlo\u017een\u00fdch inzer\u00e1t\u016f.<\/p>\n\n\n\n<p>Provozovatel si vyhrazuje pr\u00e1vo na p\u0159id\u00e1n\u00ed vodoznaku Sauto.cz do fotografi\u00ed \u010di videoinzer\u00e1t\u016f p\u0159ikl\u00e1dan\u00fdch k inzer\u00e1tu.<\/p>\n\n\n\n<p>Provozovatel si v souladu a za podm\u00ednek stanoven\u00fdch ve Smluvn\u00edch podm\u00ednk\u00e1ch Slu\u017eby vyhrazuje pr\u00e1vo inzerci pozastavit \u010di ukon\u010dit, vy\u0159adit inzer\u00e1ty nebo Objednatele z Administra\u010dn\u00edho syst\u00e9mu, odep\u0159\u00edt Objednateli p\u0159\u00edstup na Slu\u017ebu z d\u016fvodu z\u00e1va\u017en\u00e9ho poru\u0161en\u00ed n\u011bkter\u00e9ho ustanoven\u00ed t\u011bchto Pravidel anebo z d\u016fvodu opakovan\u00e9ho (dvakr\u00e1t a v\u00edce) m\u00e9n\u011b z\u00e1va\u017en\u00e9ho poru\u0161ov\u00e1n\u00ed Pravidel, a to v\u0161e bez n\u00e1hrady.<\/p>\n\n\n\n<p>Inzer\u00e1ty, kter\u00e9 nebyly editovan\u00e9 d\u00e9le jak 3 m\u011bs\u00edce, mohou b\u00fdt bez n\u00e1hrady a p\u0159edchoz\u00edho upozorn\u011bn\u00ed ze syst\u00e9mu vymaz\u00e1ny.<\/p>\n\n\n\n<p>Inzerenti jsou povinni pro reklamn\u00ed sd\u011blen\u00ed dodr\u017eovat Pravidla reklamy dostupn\u00e1 na: https:\/\/www.seznam.cz\/reklama\/cz\/obsahovy-web\/pravidla-reklamy\/ . Pravidla reklamy se pou\u017eij\u00ed jak na st\u00e1vaj\u00edc\u00ed reklamn\u00ed sd\u011blen\u00ed, tak i na nov\u011b objednan\u00e9 reklamn\u00ed kampan\u011b. Pokud je reklamn\u00ed sd\u011blen\u00ed v rozporu s Pravidly reklamy, jedn\u00e1 se o poru\u0161en\u00ed t\u011bchto Smluvn\u00edch podm\u00ednek.<\/p>\n\n\n\n<p>Provozovatel si vyhrazuje pr\u00e1vo ud\u011blit smluvn\u00ed pokutu ve v\u00fd\u0161i 10.000,- K\u010d Objednateli, kter\u00fd opakovan\u011b (min. 3 kr\u00e1t) poru\u0161il tyto Pravidla inzerce, a to i p\u0159es v\u00fdzvy Provozovatele k n\u00e1prav\u011b.<\/p>\n<\/div>\n","protected":false},"excerpt":{"rendered":"<p>Inzertn\u00ed obsah je p\u0159ij\u00edm\u00e1n v \u010desk\u00e9m jazyce, s diakritikou a celkov\u011b v souladu s platn\u00fdmi pravidly \u010desk\u00e9ho pravopisu. V inzer\u00e1tech na Slu\u017eb\u011b nesm\u011bj\u00ed b\u00fdt zve\u0159ej\u0148ov\u00e1ny odkazy. P\u0159edm\u011btem vkl\u00e1dan\u00e9ho inzer\u00e1tu mus\u00ed b\u00fdt pouze prodej vozidla za stanovenou pevnou cenu nebo p\u0159\u00edp. nab\u00eddka p\u0159enech\u00e1n\u00ed vozidla na leasing (finan\u010dn\u00ed leasing). Nejsou akceptov\u00e1ny inzer\u00e1ty t\u00fdkaj\u00edc\u00ed se n\u00e1jmu dopravn\u00edho prost\u0159edku [&hellip;]<\/p>\n","protected":false},"author":6,"featured_media":0,"parent":122,"menu_order":0,"comment_status":"closed","ping_status":"closed","template":"page-sidemenu","meta":{"_acf_changed":false,"_relevanssi_hide_post":"","_relevanssi_hide_content":"","_relevanssi_pin_for_all":"","_relevanssi_pin_keywords":"","_relevanssi_unpin_keywords":"","_relevanssi_related_keywords":"","_relevanssi_related_include_ids":"","_relevanssi_related_exclude_ids":"","_relevanssi_related_no_append":"","_relevanssi_related_not_related":"","_relevanssi_related_posts":"","_relevanssi_noindex_reason":"","footnotes":""},"page_category":[3],"page_tag":[],"service_status_category":[18],"class_list":["post-51","page","type-page","status-publish","hentry"],"acf":[],"_links":{"self":[{"href":"https:\/\/o-seznam.cz\/napoveda\/sauto\/wp-json\/wp\/v2\/pages\/51","targetHints":{"allow":["GET"]}}],"collection":[{"href":"https:\/\/o-seznam.cz\/napoveda\/sauto\/wp-json\/wp\/v2\/pages"}],"about":[{"href":"https:\/\/o-seznam.cz\/napoveda\/sauto\/wp-json\/wp\/v2\/types\/page"}],"author":[{"embeddable":true,"href":"https:\/\/o-seznam.cz\/napoveda\/sauto\/wp-json\/wp\/v2\/users\/6"}],"replies":[{"embeddable":true,"href":"https:\/\/o-seznam.cz\/napoveda\/sauto\/wp-json\/wp\/v2\/comments?post=51"}],"version-history":[{"count":3,"href":"https:\/\/o-seznam.cz\/napoveda\/sauto\/wp-json\/wp\/v2\/pages\/51\/revisions"}],"predecessor-version":[{"id":78,"href":"https:\/\/o-seznam.cz\/napoveda\/sauto\/wp-json\/wp\/v2\/pages\/51\/revisions\/78"}],"up":[{"embeddable":true,"href":"https:\/\/o-seznam.cz\/napoveda\/sauto\/wp-json\/wp\/v2\/pages\/122"}],"wp:attachment":[{"href":"https:\/\/o-seznam.cz\/napoveda\/sauto\/wp-json\/wp\/v2\/media?parent=51"}],"wp:term":[{"taxonomy":"page_category","embeddable":true,"href":"https:\/\/o-seznam.cz\/napoveda\/sauto\/wp-json\/wp\/v2\/page_category?post=51"},{"taxonomy":"page_tag","embeddable":true,"href":"https:\/\/o-seznam.cz\/napoveda\/sauto\/wp-json\/wp\/v2\/page_tag?post=51"},{"taxonomy":"service_status_category","embeddable":true,"href":"https:\/\/o-seznam.cz\/napoveda\/sauto\/wp-json\/wp\/v2\/service_status_category?post=51"}],"curies":[{"name":"wp","href":"https:\/\/api.w.org\/{rel}","templated":true}]}}