{"id":45,"date":"2024-12-01T01:39:51","date_gmt":"2024-12-01T00:39:51","guid":{"rendered":"https:\/\/o-seznam.cz\/napoveda\/sauto\/?page_id=45"},"modified":"2024-12-13T10:52:46","modified_gmt":"2024-12-13T09:52:46","slug":"poptavka","status":"publish","type":"page","link":"https:\/\/o-seznam.cz\/napoveda\/sauto\/prihlaseni-jednorazova-inzerce\/poptavka\/","title":{"rendered":"Popt\u00e1vka"},"content":{"rendered":"\n<div class=\"wp-block-group is-layout-constrained wp-block-group-is-layout-constrained\">\n<p>Na Sauto.cz m\u00e1te mo\u017enost si zdarma nastavit upozorn\u011bn\u00ed na nov\u011b vlo\u017een\u00e9 inzer\u00e1ty, kter\u00e9 spl\u0148uj\u00ed krit\u00e9ria va\u0161eho hled\u00e1n\u00ed. Tuto mo\u017enost naleznete jako p\u0159ihl\u00e1\u0161en\u00fd u\u017eivatel ve v\u00fdpisu inzer\u00e1t\u016f, pod tla\u010d\u00edtkem \u201eUlo\u017eit\u201c. Z\u00e1rove\u0148 si sami zvol\u00edte frekvenci zas\u00edl\u00e1n\u00ed notifikac\u00ed.<\/p>\n\n\n\n<figure class=\"wp-block-image size-full\"><img loading=\"lazy\" decoding=\"async\" width=\"1086\" height=\"1035\" src=\"https:\/\/o-seznam.cz\/napoveda\/sauto\/wp-content\/uploads\/sites\/22\/2024\/12\/sauto-hlidaci-pes.png\" alt=\"\" class=\"wp-image-89\" srcset=\"https:\/\/o-seznam.cz\/napoveda\/sauto\/wp-content\/uploads\/sites\/22\/2024\/12\/sauto-hlidaci-pes.png 1086w, https:\/\/o-seznam.cz\/napoveda\/sauto\/wp-content\/uploads\/sites\/22\/2024\/12\/sauto-hlidaci-pes-992x945.png 992w, https:\/\/o-seznam.cz\/napoveda\/sauto\/wp-content\/uploads\/sites\/22\/2024\/12\/sauto-hlidaci-pes-320x305.png 320w, https:\/\/o-seznam.cz\/napoveda\/sauto\/wp-content\/uploads\/sites\/22\/2024\/12\/sauto-hlidaci-pes-768x732.png 768w\" sizes=\"auto, (max-width: 1086px) 100vw, 1086px\" \/><\/figure>\n\n\n\n<figure class=\"wp-block-image size-full\"><img loading=\"lazy\" decoding=\"async\" width=\"1400\" height=\"875\" src=\"https:\/\/o-seznam.cz\/napoveda\/sauto\/wp-content\/uploads\/sites\/22\/2024\/12\/sauto-screen-1400x875-3.png\" alt=\"\" class=\"wp-image-223\" srcset=\"https:\/\/o-seznam.cz\/napoveda\/sauto\/wp-content\/uploads\/sites\/22\/2024\/12\/sauto-screen-1400x875-3.png 1400w, https:\/\/o-seznam.cz\/napoveda\/sauto\/wp-content\/uploads\/sites\/22\/2024\/12\/sauto-screen-1400x875-3-992x620.png 992w, https:\/\/o-seznam.cz\/napoveda\/sauto\/wp-content\/uploads\/sites\/22\/2024\/12\/sauto-screen-1400x875-3-320x200.png 320w, https:\/\/o-seznam.cz\/napoveda\/sauto\/wp-content\/uploads\/sites\/22\/2024\/12\/sauto-screen-1400x875-3-768x480.png 768w\" sizes=\"auto, (max-width: 1400px) 100vw, 1400px\" \/><\/figure>\n<\/div>\n\n\n\n<div class=\"wp-block-group is-layout-constrained wp-block-group-is-layout-constrained\">\n<p>Ulo\u017een\u00e1 hled\u00e1n\u00ed m\u016f\u017eete editovat \u010di mazat po rozkliknut\u00ed medailonku v horn\u00ed li\u0161t\u011b Sauta. Tam n\u00e1sledn\u011b kliknete na pole \u201eUlo\u017een\u00e1 hled\u00e1n\u00ed\u201c. Editovat m\u016f\u017eete tak\u00e9 frekvenci zas\u00edl\u00e1n\u00ed notifikac\u00ed.<\/p>\n\n\n\n<figure class=\"wp-block-image size-full\"><img loading=\"lazy\" decoding=\"async\" width=\"1108\" height=\"784\" src=\"https:\/\/o-seznam.cz\/napoveda\/sauto\/wp-content\/uploads\/sites\/22\/2024\/12\/sauto-hlidaci-pes2.png\" alt=\"\" class=\"wp-image-91\" srcset=\"https:\/\/o-seznam.cz\/napoveda\/sauto\/wp-content\/uploads\/sites\/22\/2024\/12\/sauto-hlidaci-pes2.png 1108w, https:\/\/o-seznam.cz\/napoveda\/sauto\/wp-content\/uploads\/sites\/22\/2024\/12\/sauto-hlidaci-pes2-992x702.png 992w, https:\/\/o-seznam.cz\/napoveda\/sauto\/wp-content\/uploads\/sites\/22\/2024\/12\/sauto-hlidaci-pes2-320x226.png 320w, https:\/\/o-seznam.cz\/napoveda\/sauto\/wp-content\/uploads\/sites\/22\/2024\/12\/sauto-hlidaci-pes2-768x543.png 768w\" sizes=\"auto, (max-width: 1108px) 100vw, 1108px\" \/><\/figure>\n<\/div>\n","protected":false},"excerpt":{"rendered":"<p>Na Sauto.cz m\u00e1te mo\u017enost si zdarma nastavit upozorn\u011bn\u00ed na nov\u011b vlo\u017een\u00e9 inzer\u00e1ty, kter\u00e9 spl\u0148uj\u00ed krit\u00e9ria va\u0161eho hled\u00e1n\u00ed. Tuto mo\u017enost naleznete jako p\u0159ihl\u00e1\u0161en\u00fd u\u017eivatel ve v\u00fdpisu inzer\u00e1t\u016f, pod tla\u010d\u00edtkem \u201eUlo\u017eit\u201c. Z\u00e1rove\u0148 si sami zvol\u00edte frekvenci zas\u00edl\u00e1n\u00ed notifikac\u00ed. Ulo\u017een\u00e1 hled\u00e1n\u00ed m\u016f\u017eete editovat \u010di mazat po rozkliknut\u00ed medailonku v horn\u00ed li\u0161t\u011b Sauta. Tam n\u00e1sledn\u011b kliknete na pole \u201eUlo\u017een\u00e1 [&hellip;]<\/p>\n","protected":false},"author":6,"featured_media":0,"parent":47,"menu_order":0,"comment_status":"closed","ping_status":"closed","template":"page-sidemenu","meta":{"_acf_changed":false,"_relevanssi_hide_post":"","_relevanssi_hide_content":"","_relevanssi_pin_for_all":"","_relevanssi_pin_keywords":"","_relevanssi_unpin_keywords":"","_relevanssi_related_keywords":"","_relevanssi_related_include_ids":"","_relevanssi_related_exclude_ids":"","_relevanssi_related_no_append":"","_relevanssi_related_not_related":"","_relevanssi_related_posts":"","_relevanssi_noindex_reason":"","footnotes":""},"page_category":[3],"page_tag":[],"service_status_category":[18],"class_list":["post-45","page","type-page","status-publish","hentry"],"acf":[],"_links":{"self":[{"href":"https:\/\/o-seznam.cz\/napoveda\/sauto\/wp-json\/wp\/v2\/pages\/45","targetHints":{"allow":["GET"]}}],"collection":[{"href":"https:\/\/o-seznam.cz\/napoveda\/sauto\/wp-json\/wp\/v2\/pages"}],"about":[{"href":"https:\/\/o-seznam.cz\/napoveda\/sauto\/wp-json\/wp\/v2\/types\/page"}],"author":[{"embeddable":true,"href":"https:\/\/o-seznam.cz\/napoveda\/sauto\/wp-json\/wp\/v2\/users\/6"}],"replies":[{"embeddable":true,"href":"https:\/\/o-seznam.cz\/napoveda\/sauto\/wp-json\/wp\/v2\/comments?post=45"}],"version-history":[{"count":4,"href":"https:\/\/o-seznam.cz\/napoveda\/sauto\/wp-json\/wp\/v2\/pages\/45\/revisions"}],"predecessor-version":[{"id":225,"href":"https:\/\/o-seznam.cz\/napoveda\/sauto\/wp-json\/wp\/v2\/pages\/45\/revisions\/225"}],"up":[{"embeddable":true,"href":"https:\/\/o-seznam.cz\/napoveda\/sauto\/wp-json\/wp\/v2\/pages\/47"}],"wp:attachment":[{"href":"https:\/\/o-seznam.cz\/napoveda\/sauto\/wp-json\/wp\/v2\/media?parent=45"}],"wp:term":[{"taxonomy":"page_category","embeddable":true,"href":"https:\/\/o-seznam.cz\/napoveda\/sauto\/wp-json\/wp\/v2\/page_category?post=45"},{"taxonomy":"page_tag","embeddable":true,"href":"https:\/\/o-seznam.cz\/napoveda\/sauto\/wp-json\/wp\/v2\/page_tag?post=45"},{"taxonomy":"service_status_category","embeddable":true,"href":"https:\/\/o-seznam.cz\/napoveda\/sauto\/wp-json\/wp\/v2\/service_status_category?post=45"}],"curies":[{"name":"wp","href":"https:\/\/api.w.org\/{rel}","templated":true}]}}