{"id":37,"date":"2024-12-01T01:30:51","date_gmt":"2024-12-01T00:30:51","guid":{"rendered":"https:\/\/o-seznam.cz\/napoveda\/sauto\/?page_id=37"},"modified":"2024-12-12T14:50:28","modified_gmt":"2024-12-12T13:50:28","slug":"platba-inzeratu","status":"publish","type":"page","link":"https:\/\/o-seznam.cz\/napoveda\/sauto\/prihlaseni-jednorazova-inzerce\/platba-inzeratu\/","title":{"rendered":"Platba inzer\u00e1tu"},"content":{"rendered":"\n<div class=\"wp-block-group is-layout-constrained wp-block-group-is-layout-constrained\">\n<p>Inzerce na Sauto.cz je v\u017edy zpoplatn\u011bn\u00e1. Cena se li\u0161\u00ed dle um\u00edst\u011bn\u00ed inzerce, kategori\u00ed a zp\u016fsob\u016f platby. Platba kartou je zpoplatn\u011bna stejn\u011b jako platba Pen\u011b\u017eenkou.<\/p>\n\n\n\n<p class=\"is-style-link-external\">P\u0159ehled cen inzerce m\u016f\u017eete nal\u00e9zt <a href=\"https:\/\/www.seznam.cz\/reklama\/cz\/obsahovy-web\/ceniky\/\" data-type=\"link\" data-id=\"https:\/\/www.seznam.cz\/reklama\/cz\/obsahovy-web\/ceniky\/\" target=\"_blank\" rel=\"noreferrer noopener\">ZDE<\/a>.<\/p>\n<\/div>\n\n\n\n<div class=\"wp-block-group is-layout-constrained wp-block-group-is-layout-constrained\">\n<h2 class=\"wp-block-heading\">Za inzer\u00e1t na Sauto.cz m\u016f\u017eete zaplatit n\u011bkolika zp\u016fsoby:<\/h2>\n\n\n\n<ul class=\"wp-block-list\">\n<li>Platebn\u00ed kartou p\u0159es zabezpe\u010denou platebn\u00ed br\u00e1nu (platba prob\u00edh\u00e1 p\u0159es Seznam Pen\u011b\u017eenku)<\/li>\n\n\n\n<li>SMS zpr\u00e1vou p\u0159\u00edmo z mobilu (platba je zpoplatn\u011bna provozovatelem SMS platebn\u00ed br\u00e1ny)<\/li>\n\n\n\n<li>Bankovn\u00edm p\u0159evodem do Seznam Pen\u011b\u017eenky. Rozhodnete-li se platit pomoc\u00ed p\u0159evodu, dobijte si Pen\u011b\u017eenku p\u0159edem. P\u0159evod m\u016f\u017ee trvat i n\u011bkolik dn\u016f<\/li>\n<\/ul>\n\n\n\n<p class=\"is-style-link-external\">Mo\u017enost zvolit formu \u00fahrady \u201ePen\u011b\u017eenka\u201c se zobrazuje pouze pokud jsou ve va\u0161em <a href=\"https:\/\/klient.seznam.cz\" data-type=\"link\" data-id=\"https:\/\/klient.seznam.cz\" target=\"_blank\" rel=\"noreferrer noopener\">\u00fa\u010dtu Pen\u011b\u017eenky<\/a> alespo\u0148 minim\u00e1ln\u00ed prost\u0159edky pro zaplacen\u00ed inzer\u00e1tu.<\/p>\n<\/div>\n\n\n\n<div class=\"wp-block-group is-layout-constrained wp-block-group-is-layout-constrained\">\n<h2 class=\"wp-block-heading\">Postup pro zaplacen\u00ed inzer\u00e1tu:<\/h2>\n\n\n\n<ul class=\"wp-block-list\">\n<li>P\u0159ihlaste se na Sauto.cz<\/li>\n\n\n\n<li>V prav\u00e9m horn\u00edm rohu klikn\u011bte na medailonek a Moje inzer\u00e1ty<\/li>\n\n\n\n<li>Po vybr\u00e1n\u00ed konkr\u00e9tn\u00edho inzer\u00e1tu klikn\u011bte na pole mo\u017enosti a klikn\u011bte na mo\u017enost \u201ep\u0159ej\u00edt na platbu&#8220;<\/li>\n<\/ul>\n\n\n\n<figure class=\"wp-block-image size-full\"><img loading=\"lazy\" decoding=\"async\" width=\"1078\" height=\"319\" src=\"https:\/\/o-seznam.cz\/napoveda\/sauto\/wp-content\/uploads\/sites\/22\/2024\/12\/nove-sauto.png\" alt=\"\" class=\"wp-image-95\" srcset=\"https:\/\/o-seznam.cz\/napoveda\/sauto\/wp-content\/uploads\/sites\/22\/2024\/12\/nove-sauto.png 1078w, https:\/\/o-seznam.cz\/napoveda\/sauto\/wp-content\/uploads\/sites\/22\/2024\/12\/nove-sauto-992x294.png 992w, https:\/\/o-seznam.cz\/napoveda\/sauto\/wp-content\/uploads\/sites\/22\/2024\/12\/nove-sauto-320x95.png 320w, https:\/\/o-seznam.cz\/napoveda\/sauto\/wp-content\/uploads\/sites\/22\/2024\/12\/nove-sauto-768x227.png 768w\" sizes=\"auto, (max-width: 1078px) 100vw, 1078px\" \/><\/figure>\n\n\n\n<figure class=\"wp-block-image size-full\"><img loading=\"lazy\" decoding=\"async\" width=\"361\" height=\"310\" src=\"https:\/\/o-seznam.cz\/napoveda\/sauto\/wp-content\/uploads\/sites\/22\/2024\/12\/nove-sauto2.png\" alt=\"\" class=\"wp-image-94\" srcset=\"https:\/\/o-seznam.cz\/napoveda\/sauto\/wp-content\/uploads\/sites\/22\/2024\/12\/nove-sauto2.png 361w, https:\/\/o-seznam.cz\/napoveda\/sauto\/wp-content\/uploads\/sites\/22\/2024\/12\/nove-sauto2-320x275.png 320w\" sizes=\"auto, (max-width: 361px) 100vw, 361px\" \/><\/figure>\n\n\n\n<p>Zvolte dobu platnosti, zp\u016fsob platby a dejte Pokra\u010dovat.<\/p>\n<\/div>\n\n\n\n<div class=\"wp-block-group is-layout-constrained wp-block-group-is-layout-constrained\">\n<p>Podle zvolen\u00e9ho zp\u016fsobu:<\/p>\n\n\n\n<ul class=\"wp-block-list\">\n<li>Prob\u011bhne p\u0159esm\u011brov\u00e1n\u00ed na str\u00e1nku pro zad\u00e1n\u00ed platby (Platebn\u00ed kartou)<\/li>\n\n\n\n<li>Zobraz\u00ed se informace pro zasl\u00e1n\u00ed platby (SMS)<\/li>\n\n\n\n<li>Prob\u011bhne platba (Pen\u011b\u017eenkou)<\/li>\n<\/ul>\n\n\n\n<p>Pro spr\u00e1vn\u00e9 zobrazen\u00ed inzer\u00e1tu je nutn\u00e9 odsouhlasit Smluvn\u00ed podm\u00ednky.<\/p>\n<\/div>\n\n\n\n<figure class=\"wp-block-image size-full\"><img loading=\"lazy\" decoding=\"async\" width=\"1111\" height=\"944\" src=\"https:\/\/o-seznam.cz\/napoveda\/sauto\/wp-content\/uploads\/sites\/22\/2024\/12\/nove-sauto3.png\" alt=\"\" class=\"wp-image-96\" srcset=\"https:\/\/o-seznam.cz\/napoveda\/sauto\/wp-content\/uploads\/sites\/22\/2024\/12\/nove-sauto3.png 1111w, https:\/\/o-seznam.cz\/napoveda\/sauto\/wp-content\/uploads\/sites\/22\/2024\/12\/nove-sauto3-992x843.png 992w, https:\/\/o-seznam.cz\/napoveda\/sauto\/wp-content\/uploads\/sites\/22\/2024\/12\/nove-sauto3-320x272.png 320w, https:\/\/o-seznam.cz\/napoveda\/sauto\/wp-content\/uploads\/sites\/22\/2024\/12\/nove-sauto3-768x653.png 768w\" sizes=\"auto, (max-width: 1111px) 100vw, 1111px\" \/><\/figure>\n\n\n\n<figure class=\"wp-block-image size-full\"><img loading=\"lazy\" decoding=\"async\" width=\"1116\" height=\"940\" src=\"https:\/\/o-seznam.cz\/napoveda\/sauto\/wp-content\/uploads\/sites\/22\/2024\/12\/nove-sauto4.png\" alt=\"\" class=\"wp-image-97\" srcset=\"https:\/\/o-seznam.cz\/napoveda\/sauto\/wp-content\/uploads\/sites\/22\/2024\/12\/nove-sauto4.png 1116w, https:\/\/o-seznam.cz\/napoveda\/sauto\/wp-content\/uploads\/sites\/22\/2024\/12\/nove-sauto4-992x836.png 992w, https:\/\/o-seznam.cz\/napoveda\/sauto\/wp-content\/uploads\/sites\/22\/2024\/12\/nove-sauto4-320x270.png 320w, https:\/\/o-seznam.cz\/napoveda\/sauto\/wp-content\/uploads\/sites\/22\/2024\/12\/nove-sauto4-768x647.png 768w\" sizes=\"auto, (max-width: 1116px) 100vw, 1116px\" \/><\/figure>\n\n\n\n<div class=\"wp-block-group is-layout-constrained wp-block-group-is-layout-constrained\">\n<h2 class=\"wp-block-heading\">Informace o platebn\u00edch dokladech<\/h2>\n\n\n\n<h3 class=\"wp-block-heading\">P\u0159i platb\u011b Seznam Pen\u011b\u017eenkou nebo kartou<\/h3>\n\n\n\n<ul class=\"wp-block-list\">\n<li>V\u00fdpisy jednotliv\u00fdch plateb i \u010derp\u00e1n\u00ed m\u016f\u017eete p\u0159ehledn\u011b vid\u011bt na <a class=\"is-style-link-external\" href=\"https:\/\/klient.seznam.cz\" data-type=\"link\" data-id=\"https:\/\/klient.seznam.cz\" target=\"_blank\" rel=\"noreferrer noopener\">t\u00e9to str\u00e1nce<\/a> po rozkliknut\u00ed \u0161ipky u z\u00e1lo\u017eky Pen\u011b\u017eenka v sekci Transakce<\/li>\n\n\n\n<li>Da\u0148ov\u00fd doklad, za provedenou platbu m\u016f\u017eete z\u00edskat tak\u00e9 na <a class=\"is-style-link-external\" href=\"https:\/\/klient.seznam.cz\" data-type=\"link\" data-id=\"https:\/\/klient.seznam.cz\" target=\"_blank\" rel=\"noreferrer noopener\">t\u00e9to str\u00e1nce<\/a> po rozkliknut\u00ed sekce Pen\u011b\u017eenka, Transakce, kdy je pod ka\u017edou p\u0159ijatou platbou k dispozici odkaz St\u00e1hnout fakturu p\u0159\u00edpadn\u011b St\u00e1hnout ZDD<\/li>\n<\/ul>\n\n\n\n<h3 class=\"wp-block-heading\">P\u0159i platb\u011b pomoc\u00ed SMS zpr\u00e1vy<\/h3>\n\n\n\n<p class=\"is-style-link-external\">Da\u0148ov\u00fd doklad m\u016f\u017eete z\u00edskat u technick\u00e9ho provozovatele SMS slu\u017eby na <a href=\"https:\/\/widget.maternacz.com\/seznam\/\" data-type=\"link\" data-id=\"https:\/\/widget.maternacz.com\/seznam\/\" target=\"_blank\" rel=\"noreferrer noopener\">t\u00e9to str\u00e1nce<\/a><\/p>\n<\/div>\n","protected":false},"excerpt":{"rendered":"<p>Inzerce na Sauto.cz je v\u017edy zpoplatn\u011bn\u00e1. Cena se li\u0161\u00ed dle um\u00edst\u011bn\u00ed inzerce, kategori\u00ed a zp\u016fsob\u016f platby. Platba kartou je zpoplatn\u011bna stejn\u011b jako platba Pen\u011b\u017eenkou. P\u0159ehled cen inzerce m\u016f\u017eete nal\u00e9zt ZDE. Za inzer\u00e1t na Sauto.cz m\u016f\u017eete zaplatit n\u011bkolika zp\u016fsoby: Mo\u017enost zvolit formu \u00fahrady \u201ePen\u011b\u017eenka\u201c se zobrazuje pouze pokud jsou ve va\u0161em \u00fa\u010dtu Pen\u011b\u017eenky alespo\u0148 minim\u00e1ln\u00ed prost\u0159edky [&hellip;]<\/p>\n","protected":false},"author":6,"featured_media":0,"parent":47,"menu_order":20,"comment_status":"closed","ping_status":"closed","template":"page-sidemenu","meta":{"_acf_changed":false,"_relevanssi_hide_post":"","_relevanssi_hide_content":"","_relevanssi_pin_for_all":"","_relevanssi_pin_keywords":"","_relevanssi_unpin_keywords":"","_relevanssi_related_keywords":"","_relevanssi_related_include_ids":"","_relevanssi_related_exclude_ids":"","_relevanssi_related_no_append":"","_relevanssi_related_not_related":"","_relevanssi_related_posts":"","_relevanssi_noindex_reason":"","footnotes":""},"page_category":[3],"page_tag":[],"service_status_category":[18],"class_list":["post-37","page","type-page","status-publish","hentry"],"acf":[],"_links":{"self":[{"href":"https:\/\/o-seznam.cz\/napoveda\/sauto\/wp-json\/wp\/v2\/pages\/37","targetHints":{"allow":["GET"]}}],"collection":[{"href":"https:\/\/o-seznam.cz\/napoveda\/sauto\/wp-json\/wp\/v2\/pages"}],"about":[{"href":"https:\/\/o-seznam.cz\/napoveda\/sauto\/wp-json\/wp\/v2\/types\/page"}],"author":[{"embeddable":true,"href":"https:\/\/o-seznam.cz\/napoveda\/sauto\/wp-json\/wp\/v2\/users\/6"}],"replies":[{"embeddable":true,"href":"https:\/\/o-seznam.cz\/napoveda\/sauto\/wp-json\/wp\/v2\/comments?post=37"}],"version-history":[{"count":3,"href":"https:\/\/o-seznam.cz\/napoveda\/sauto\/wp-json\/wp\/v2\/pages\/37\/revisions"}],"predecessor-version":[{"id":219,"href":"https:\/\/o-seznam.cz\/napoveda\/sauto\/wp-json\/wp\/v2\/pages\/37\/revisions\/219"}],"up":[{"embeddable":true,"href":"https:\/\/o-seznam.cz\/napoveda\/sauto\/wp-json\/wp\/v2\/pages\/47"}],"wp:attachment":[{"href":"https:\/\/o-seznam.cz\/napoveda\/sauto\/wp-json\/wp\/v2\/media?parent=37"}],"wp:term":[{"taxonomy":"page_category","embeddable":true,"href":"https:\/\/o-seznam.cz\/napoveda\/sauto\/wp-json\/wp\/v2\/page_category?post=37"},{"taxonomy":"page_tag","embeddable":true,"href":"https:\/\/o-seznam.cz\/napoveda\/sauto\/wp-json\/wp\/v2\/page_tag?post=37"},{"taxonomy":"service_status_category","embeddable":true,"href":"https:\/\/o-seznam.cz\/napoveda\/sauto\/wp-json\/wp\/v2\/service_status_category?post=37"}],"curies":[{"name":"wp","href":"https:\/\/api.w.org\/{rel}","templated":true}]}}