{"id":35,"date":"2024-12-01T01:25:02","date_gmt":"2024-12-01T00:25:02","guid":{"rendered":"https:\/\/o-seznam.cz\/napoveda\/sauto\/?page_id=35"},"modified":"2025-12-08T12:45:06","modified_gmt":"2025-12-08T11:45:06","slug":"cenik-sluzeb","status":"publish","type":"page","link":"https:\/\/o-seznam.cz\/napoveda\/sauto\/prihlaseni-firemni-inzerce\/cenik-sluzeb\/","title":{"rendered":"Cen\u00edk slu\u017eeb"},"content":{"rendered":"\n<div class=\"wp-block-group is-layout-constrained wp-block-group-is-layout-constrained\">\n<h2 class=\"wp-block-heading\">Platn\u00fd od 1. 1. 2026<\/h2>\n\n\n\n<p class=\"is-style-link-external\"><a href=\"https:\/\/szno.cz\/cs\/b2b\/erjvh60t\/\" data-type=\"link\" data-id=\"https:\/\/szno.cz\/cs\/b2b\/cdn4s9v4\/\" target=\"_blank\" rel=\"noreferrer noopener\">Cen\u00edk a uk\u00e1zky reklamn\u00edch form\u00e1t\u016f Sauto.cz<\/a><\/p>\n\n\n\n<h2 class=\"wp-block-heading\">Platn\u00fd od 3. 11. 2025<\/h2>\n\n\n\n<p class=\"is-style-link-external\"><a href=\"https:\/\/szno.cz\/cs\/b2b\/cdn4s9v4\/\" data-type=\"link\" data-id=\"https:\/\/szno.cz\/cs\/b2b\/cdn4s9v4\/\" target=\"_blank\" rel=\"noreferrer noopener\">Cen\u00edk a uk\u00e1zky reklamn\u00edch form\u00e1t\u016f Sauto.cz<\/a><\/p>\n\n\n\n<h2 class=\"wp-block-heading\">Platn\u00fd od 1. 1. 2025<\/h2>\n\n\n\n<p class=\"is-style-link-external\"><a href=\"https:\/\/szno.cz\/cs\/b2b\/58nkpjdm\/\" data-type=\"link\" data-id=\"https:\/\/szno.cz\/cs\/b2b\/zykpjd7e\/\" target=\"_blank\" rel=\"noreferrer noopener\">Cen\u00edk a&nbsp;uk\u00e1zky reklamn\u00edch form\u00e1t\u016f Sauto.cz<\/a><\/p>\n\n\n\n<h2 class=\"wp-block-heading\">Platn\u00fd od 8. 1. 2024<\/h2>\n\n\n\n<p class=\"is-style-link-external\"><a href=\"https:\/\/szno.cz\/cs\/b2b\/zykpjd7e\/\" data-type=\"link\" data-id=\"https:\/\/szno.cz\/cs\/b2b\/zykpjd7e\/\" target=\"_blank\" rel=\"noreferrer noopener\">Cen\u00edk a&nbsp;uk\u00e1zky reklamn\u00edch form\u00e1t\u016f Sauto.cz<\/a><\/p>\n<\/div>\n","protected":false},"excerpt":{"rendered":"<p>Platn\u00fd od 1. 1. 2026 Cen\u00edk a uk\u00e1zky reklamn\u00edch form\u00e1t\u016f Sauto.cz Platn\u00fd od 3. 11. 2025 Cen\u00edk a uk\u00e1zky reklamn\u00edch form\u00e1t\u016f Sauto.cz Platn\u00fd od 1. 1. 2025 Cen\u00edk a&nbsp;uk\u00e1zky reklamn\u00edch form\u00e1t\u016f Sauto.cz Platn\u00fd od 8. 1. 2024 Cen\u00edk a&nbsp;uk\u00e1zky reklamn\u00edch form\u00e1t\u016f Sauto.cz<\/p>\n","protected":false},"author":6,"featured_media":0,"parent":49,"menu_order":3,"comment_status":"closed","ping_status":"closed","template":"page-sidemenu","meta":{"_acf_changed":false,"_relevanssi_hide_post":"","_relevanssi_hide_content":"","_relevanssi_pin_for_all":"","_relevanssi_pin_keywords":"","_relevanssi_unpin_keywords":"","_relevanssi_related_keywords":"","_relevanssi_related_include_ids":"","_relevanssi_related_exclude_ids":"","_relevanssi_related_no_append":"","_relevanssi_related_not_related":"","_relevanssi_related_posts":"","_relevanssi_noindex_reason":"","footnotes":""},"page_category":[3],"page_tag":[],"service_status_category":[18],"class_list":["post-35","page","type-page","status-publish","hentry"],"acf":[],"_links":{"self":[{"href":"https:\/\/o-seznam.cz\/napoveda\/sauto\/wp-json\/wp\/v2\/pages\/35","targetHints":{"allow":["GET"]}}],"collection":[{"href":"https:\/\/o-seznam.cz\/napoveda\/sauto\/wp-json\/wp\/v2\/pages"}],"about":[{"href":"https:\/\/o-seznam.cz\/napoveda\/sauto\/wp-json\/wp\/v2\/types\/page"}],"author":[{"embeddable":true,"href":"https:\/\/o-seznam.cz\/napoveda\/sauto\/wp-json\/wp\/v2\/users\/6"}],"replies":[{"embeddable":true,"href":"https:\/\/o-seznam.cz\/napoveda\/sauto\/wp-json\/wp\/v2\/comments?post=35"}],"version-history":[{"count":6,"href":"https:\/\/o-seznam.cz\/napoveda\/sauto\/wp-json\/wp\/v2\/pages\/35\/revisions"}],"predecessor-version":[{"id":303,"href":"https:\/\/o-seznam.cz\/napoveda\/sauto\/wp-json\/wp\/v2\/pages\/35\/revisions\/303"}],"up":[{"embeddable":true,"href":"https:\/\/o-seznam.cz\/napoveda\/sauto\/wp-json\/wp\/v2\/pages\/49"}],"wp:attachment":[{"href":"https:\/\/o-seznam.cz\/napoveda\/sauto\/wp-json\/wp\/v2\/media?parent=35"}],"wp:term":[{"taxonomy":"page_category","embeddable":true,"href":"https:\/\/o-seznam.cz\/napoveda\/sauto\/wp-json\/wp\/v2\/page_category?post=35"},{"taxonomy":"page_tag","embeddable":true,"href":"https:\/\/o-seznam.cz\/napoveda\/sauto\/wp-json\/wp\/v2\/page_tag?post=35"},{"taxonomy":"service_status_category","embeddable":true,"href":"https:\/\/o-seznam.cz\/napoveda\/sauto\/wp-json\/wp\/v2\/service_status_category?post=35"}],"curies":[{"name":"wp","href":"https:\/\/api.w.org\/{rel}","templated":true}]}}