{"id":58,"date":"2024-10-23T13:19:24","date_gmt":"2024-10-23T11:19:24","guid":{"rendered":"https:\/\/o-seznam.cz\/napoveda\/prohlizece\/?page_id=58"},"modified":"2025-03-20T12:31:23","modified_gmt":"2025-03-20T11:31:23","slug":"smazani-cookies","status":"publish","type":"page","link":"https:\/\/o-seznam.cz\/napoveda\/prohlizece\/google-chrome\/smazani-cookies\/","title":{"rendered":"Smaz\u00e1n\u00ed do\u010dasn\u00fdch soubor\u016f a cookies &#8211; Google Chrome"},"content":{"rendered":"\n<p>Pokud se V\u00e1m nezobrazuj\u00ed internetov\u00e9 str\u00e1nky korektn\u011b, p\u0159\u00edpadn\u011b nefunguj\u00ed n\u011bjak\u00e9 funkce, doporu\u010dujeme smazat do\u010dasn\u00e9 soubory a soubory cookies v prohl\u00ed\u017ee\u010di Google Chrome pomoc\u00ed n\u00e1sleduj\u00edc\u00edho postupu:\u00a0<\/p>\n\n\n\n<div class=\"wp-block-group is-layout-constrained wp-block-group-is-layout-constrained\"><div class=\"mediaText is-position-left is-orientation-portrait\">\n\t\n\t<div class=\"mediaText__media\">\n\t\t<img loading=\"lazy\" decoding=\"async\" width=\"425\" height=\"713\" src=\"https:\/\/o-seznam.cz\/napoveda\/prohlizece\/wp-content\/uploads\/sites\/17\/2024\/10\/ch-vymazat1new.png\" class=\"\" alt=\"\" srcset=\"https:\/\/o-seznam.cz\/napoveda\/prohlizece\/wp-content\/uploads\/sites\/17\/2024\/10\/ch-vymazat1new.png 425w, https:\/\/o-seznam.cz\/napoveda\/prohlizece\/wp-content\/uploads\/sites\/17\/2024\/10\/ch-vymazat1new-191x320.png 191w\" sizes=\"auto, (max-width: 425px) 100vw, 425px\" \/>\t<\/div>\n\n\t<div class=\"mediaText__content is-layout-flow\">\n\n<ol class=\"wp-block-list is-style-circle\">\n<li>V prav\u00e9 horn\u00ed \u010d\u00e1sti prohl\u00ed\u017ee\u010de klikn\u011bte na ikonku <img loading=\"lazy\" decoding=\"async\" width=\"36\" height=\"27\" class=\"inline-image wp-image-194\" src=\"https:\/\/o-seznam.cz\/napoveda\/prohlizece\/wp-content\/uploads\/sites\/17\/2024\/10\/chrome-nastroje-logo.png\" alt=\"\">&nbsp;a vyberte &#8222;<strong>Vymazat \u00fadaje o prohl\u00ed\u017een\u00ed&#8230;<\/strong>&#8222;.<\/li>\n<\/ol>\n\n<\/div>\t\n<\/div>\n\n\n<div class=\"mediaText is-position-right is-orientation-landscape\">\n\t\n\t<div class=\"mediaText__media\">\n\t\t<img loading=\"lazy\" decoding=\"async\" width=\"507\" height=\"469\" src=\"https:\/\/o-seznam.cz\/napoveda\/prohlizece\/wp-content\/uploads\/sites\/17\/2024\/10\/ch-cookies1.png\" class=\"\" alt=\"\" srcset=\"https:\/\/o-seznam.cz\/napoveda\/prohlizece\/wp-content\/uploads\/sites\/17\/2024\/10\/ch-cookies1.png 507w, https:\/\/o-seznam.cz\/napoveda\/prohlizece\/wp-content\/uploads\/sites\/17\/2024\/10\/ch-cookies1-320x296.png 320w\" sizes=\"auto, (max-width: 507px) 100vw, 507px\" \/>\t<\/div>\n\n\t<div class=\"mediaText__content is-layout-flow\">\n\n<ol start=\"2\" class=\"wp-block-list is-style-circle\">\n<li>V \u010d\u00e1sti &#8222;<strong>Z\u00e1kladn\u00ed<\/strong>&#8220; nastavte \u010dasov\u00e9 obdob\u00ed na &#8222;<strong>Od po\u010d\u00e1tku v\u011bk\u016f<\/strong>&#8222;<\/li>\n\n\n\n<li>D\u00e1le zatrhn\u011bte volbu &#8222;<strong>Obr\u00e1zky a soubory v mezipam\u011bti<\/strong>&#8220; a&nbsp;&#8222;<strong>Soubory cookie a jin\u00e1 data web\u016f<\/strong>&#8222;.<\/li>\n\n\n\n<li>Pot\u00e9 klikn\u011bte na tla\u010d\u00edtko &#8222;<strong>Vymazat data<\/strong>&#8222;.<\/li>\n<\/ol>\n\n<\/div>\t\n<\/div>\n<\/div>\n","protected":false},"excerpt":{"rendered":"<p>Pokud se V\u00e1m nezobrazuj\u00ed internetov\u00e9 str\u00e1nky korektn\u011b, p\u0159\u00edpadn\u011b nefunguj\u00ed n\u011bjak\u00e9 funkce, doporu\u010dujeme smazat do\u010dasn\u00e9 soubory a soubory cookies v prohl\u00ed\u017ee\u010di Google Chrome pomoc\u00ed n\u00e1sleduj\u00edc\u00edho postupu:\u00a0<\/p>\n","protected":false},"author":12,"featured_media":0,"parent":16,"menu_order":8,"comment_status":"closed","ping_status":"closed","template":"page-sidemenu","meta":{"_acf_changed":false,"_relevanssi_hide_post":"","_relevanssi_hide_content":"","_relevanssi_pin_for_all":"","_relevanssi_pin_keywords":"","_relevanssi_unpin_keywords":"","_relevanssi_related_keywords":"","_relevanssi_related_include_ids":"","_relevanssi_related_exclude_ids":"","_relevanssi_related_no_append":"","_relevanssi_related_not_related":"","_relevanssi_related_posts":"","_relevanssi_noindex_reason":"","footnotes":""},"page_category":[20],"page_tag":[],"service_status_category":[],"class_list":["post-58","page","type-page","status-publish","hentry"],"acf":[],"_links":{"self":[{"href":"https:\/\/o-seznam.cz\/napoveda\/prohlizece\/wp-json\/wp\/v2\/pages\/58","targetHints":{"allow":["GET"]}}],"collection":[{"href":"https:\/\/o-seznam.cz\/napoveda\/prohlizece\/wp-json\/wp\/v2\/pages"}],"about":[{"href":"https:\/\/o-seznam.cz\/napoveda\/prohlizece\/wp-json\/wp\/v2\/types\/page"}],"author":[{"embeddable":true,"href":"https:\/\/o-seznam.cz\/napoveda\/prohlizece\/wp-json\/wp\/v2\/users\/12"}],"replies":[{"embeddable":true,"href":"https:\/\/o-seznam.cz\/napoveda\/prohlizece\/wp-json\/wp\/v2\/comments?post=58"}],"version-history":[{"count":11,"href":"https:\/\/o-seznam.cz\/napoveda\/prohlizece\/wp-json\/wp\/v2\/pages\/58\/revisions"}],"predecessor-version":[{"id":1182,"href":"https:\/\/o-seznam.cz\/napoveda\/prohlizece\/wp-json\/wp\/v2\/pages\/58\/revisions\/1182"}],"up":[{"embeddable":true,"href":"https:\/\/o-seznam.cz\/napoveda\/prohlizece\/wp-json\/wp\/v2\/pages\/16"}],"wp:attachment":[{"href":"https:\/\/o-seznam.cz\/napoveda\/prohlizece\/wp-json\/wp\/v2\/media?parent=58"}],"wp:term":[{"taxonomy":"page_category","embeddable":true,"href":"https:\/\/o-seznam.cz\/napoveda\/prohlizece\/wp-json\/wp\/v2\/page_category?post=58"},{"taxonomy":"page_tag","embeddable":true,"href":"https:\/\/o-seznam.cz\/napoveda\/prohlizece\/wp-json\/wp\/v2\/page_tag?post=58"},{"taxonomy":"service_status_category","embeddable":true,"href":"https:\/\/o-seznam.cz\/napoveda\/prohlizece\/wp-json\/wp\/v2\/service_status_category?post=58"}],"curies":[{"name":"wp","href":"https:\/\/api.w.org\/{rel}","templated":true}]}}